{"id":1484,"date":"2021-02-23T20:24:09","date_gmt":"2021-02-23T19:24:09","guid":{"rendered":"https:\/\/www.anaromanature.com\/?page_id=1484"},"modified":"2024-06-21T16:38:58","modified_gmt":"2024-06-21T15:38:58","slug":"metodos-de-pago","status":"publish","type":"page","link":"https:\/\/www.anaromanature.com\/index.php\/metodos-de-pago\/","title":{"rendered":"M\u00e9todos de Pago"},"content":{"rendered":"<div class=\"page-title page-title-default title-size-default title-design-default color-scheme-default\">\n<div class=\"container\">\n<header class=\"entry-header\">\n<h1 class=\"entry-title\"><strong style=\"color: #222222; font-size: 15px;\">PAGO CON TARJETA DE CR\u00c9DITO\/D\u00c9BITO<\/strong><span style=\"color: #222222; font-size: 15px; font-weight: 400;\"> (VISA y MastarCard) a trav\u00e9s de la pasarela de pagos de BANKIA.<\/span><\/h1>\n<\/header>\n<\/div>\n<\/div>\n<div class=\"container\">\n<div class=\"row content-layout-wrapper align-items-start\">\n<div class=\"site-content col-lg-9 col-12 col-md-9\" role=\"main\">\n<article id=\"post-18191\" class=\"post-18191 page type-page status-publish hentry\">\n<div class=\"entry-content\">\n<p><strong>PAGO CON BIZUM<\/strong> a trav\u00e9s de la pasarela de pagos de BANKIA.<\/p>\n<p><strong>PAGO CON TRANSFERENCIA BANCARIA<\/strong> a la cuenta de BANKIA\u00a0 que aparecer\u00e1 una vez realizado el pedido. El pedido ser\u00e1 enviado una vez comprobado el pago. Usted debe tener en cuenta que si no es del mismo banco la transferencia puede tardar varios d\u00edas.<\/p>\n<p>*Si desea factura le rogamos que nos lo indique en el apartado de comentarios.<\/p>\n<\/div>\n<\/article>\n<\/div>\n<\/div>\n<\/div>\n","protected":false},"excerpt":{"rendered":"<p>PAGO CON TARJETA DE CR\u00c9DITO\/D\u00c9BITO (VISA y MastarCard) a trav\u00e9s de la pasarela de pagos de BANKIA. PAGO CON BIZUM a trav\u00e9s de la pasarela de pagos de BANKIA. PAGO CON TRANSFERENCIA BANCARIA a la cuenta de BANKIA\u00a0 que aparecer\u00e1 una vez realizado el pedido. El pedido ser\u00e1 enviado una vez comprobado el pago. Usted &hellip; <\/p>\n","protected":false},"author":1,"featured_media":0,"parent":0,"menu_order":0,"comment_status":"closed","ping_status":"closed","template":"","meta":{"_joinchat":[],"footnotes":""},"class_list":["post-1484","page","type-page","status-publish","hentry","latest_post"],"yoast_head":"<!-- This site is optimized with the Yoast SEO plugin v27.4 - https:\/\/yoast.com\/product\/yoast-seo-wordpress\/ -->\n<title>M\u00e9todos de Pago - Anaroma Nature<\/title>\n<meta name=\"robots\" content=\"index, follow, max-snippet:-1, max-image-preview:large, max-video-preview:-1\" \/>\n<link rel=\"canonical\" href=\"https:\/\/www.anaromanature.com\/index.php\/metodos-de-pago\/\" \/>\n<meta property=\"og:locale\" content=\"es_ES\" \/>\n<meta property=\"og:type\" content=\"article\" \/>\n<meta property=\"og:title\" content=\"M\u00e9todos de Pago - Anaroma Nature\" \/>\n<meta property=\"og:description\" content=\"PAGO CON TARJETA DE CR\u00c9DITO\/D\u00c9BITO (VISA y MastarCard) a trav\u00e9s de la pasarela de pagos de BANKIA. PAGO CON BIZUM a trav\u00e9s de la pasarela de pagos de BANKIA. PAGO CON TRANSFERENCIA BANCARIA a la cuenta de BANKIA\u00a0 que aparecer\u00e1 una vez realizado el pedido. El pedido ser\u00e1 enviado una vez comprobado el pago. Usted &hellip;\" \/>\n<meta property=\"og:url\" content=\"https:\/\/www.anaromanature.com\/index.php\/metodos-de-pago\/\" \/>\n<meta property=\"og:site_name\" content=\"Anaroma Nature\" \/>\n<meta property=\"article:publisher\" content=\"http:\/\/facebook.com\/Anaroma-326324794814915\" \/>\n<meta property=\"article:modified_time\" content=\"2024-06-21T15:38:58+00:00\" \/>\n<meta property=\"og:image\" content=\"https:\/\/www.anaromanature.com\/wp-content\/uploads\/2021\/02\/cropped-cropped-Logotipo-1.jpg\" \/>\n\t<meta property=\"og:image:width\" content=\"290\" \/>\n\t<meta property=\"og:image:height\" content=\"290\" \/>\n\t<meta property=\"og:image:type\" content=\"image\/jpeg\" \/>\n<meta name=\"twitter:card\" content=\"summary_large_image\" \/>\n<meta name=\"twitter:label1\" content=\"Tiempo de lectura\" \/>\n\t<meta name=\"twitter:data1\" content=\"1 minuto\" \/>\n<script type=\"application\/ld+json\" class=\"yoast-schema-graph\">{\"@context\":\"https:\\\/\\\/schema.org\",\"@graph\":[{\"@type\":\"WebPage\",\"@id\":\"https:\\\/\\\/www.anaromanature.com\\\/index.php\\\/metodos-de-pago\\\/\",\"url\":\"https:\\\/\\\/www.anaromanature.com\\\/index.php\\\/metodos-de-pago\\\/\",\"name\":\"M\u00e9todos de Pago - Anaroma Nature\",\"isPartOf\":{\"@id\":\"https:\\\/\\\/www.anaromanature.com\\\/#website\"},\"datePublished\":\"2021-02-23T19:24:09+00:00\",\"dateModified\":\"2024-06-21T15:38:58+00:00\",\"breadcrumb\":{\"@id\":\"https:\\\/\\\/www.anaromanature.com\\\/index.php\\\/metodos-de-pago\\\/#breadcrumb\"},\"inLanguage\":\"es\",\"potentialAction\":[{\"@type\":\"ReadAction\",\"target\":[\"https:\\\/\\\/www.anaromanature.com\\\/index.php\\\/metodos-de-pago\\\/\"]}]},{\"@type\":\"BreadcrumbList\",\"@id\":\"https:\\\/\\\/www.anaromanature.com\\\/index.php\\\/metodos-de-pago\\\/#breadcrumb\",\"itemListElement\":[{\"@type\":\"ListItem\",\"position\":1,\"name\":\"Portada\",\"item\":\"https:\\\/\\\/www.anaromanature.com\\\/\"},{\"@type\":\"ListItem\",\"position\":2,\"name\":\"M\u00e9todos de Pago\"}]},{\"@type\":\"WebSite\",\"@id\":\"https:\\\/\\\/www.anaromanature.com\\\/#website\",\"url\":\"https:\\\/\\\/www.anaromanature.com\\\/\",\"name\":\"Anaroma Nature\",\"description\":\"Aromas y color\",\"publisher\":{\"@id\":\"https:\\\/\\\/www.anaromanature.com\\\/#organization\"},\"potentialAction\":[{\"@type\":\"SearchAction\",\"target\":{\"@type\":\"EntryPoint\",\"urlTemplate\":\"https:\\\/\\\/www.anaromanature.com\\\/?s={search_term_string}\"},\"query-input\":{\"@type\":\"PropertyValueSpecification\",\"valueRequired\":true,\"valueName\":\"search_term_string\"}}],\"inLanguage\":\"es\"},{\"@type\":\"Organization\",\"@id\":\"https:\\\/\\\/www.anaromanature.com\\\/#organization\",\"name\":\"Anaroma Nature\",\"url\":\"https:\\\/\\\/www.anaromanature.com\\\/\",\"logo\":{\"@type\":\"ImageObject\",\"inLanguage\":\"es\",\"@id\":\"https:\\\/\\\/www.anaromanature.com\\\/#\\\/schema\\\/logo\\\/image\\\/\",\"url\":\"https:\\\/\\\/i2.wp.com\\\/www.anaromanature.com\\\/wp-content\\\/uploads\\\/2021\\\/02\\\/cropped-Logotipo-Anaroma-2.png?fit=290%2C288&ssl=1\",\"contentUrl\":\"https:\\\/\\\/i2.wp.com\\\/www.anaromanature.com\\\/wp-content\\\/uploads\\\/2021\\\/02\\\/cropped-Logotipo-Anaroma-2.png?fit=290%2C288&ssl=1\",\"width\":290,\"height\":288,\"caption\":\"Anaroma Nature\"},\"image\":{\"@id\":\"https:\\\/\\\/www.anaromanature.com\\\/#\\\/schema\\\/logo\\\/image\\\/\"},\"sameAs\":[\"http:\\\/\\\/facebook.com\\\/Anaroma-326324794814915\",\"http:\\\/\\\/instagram.com\\\/anaromanature\"]}]}<\/script>\n<!-- \/ Yoast SEO plugin. -->","yoast_head_json":{"title":"M\u00e9todos de Pago - Anaroma Nature","robots":{"index":"index","follow":"follow","max-snippet":"max-snippet:-1","max-image-preview":"max-image-preview:large","max-video-preview":"max-video-preview:-1"},"canonical":"https:\/\/www.anaromanature.com\/index.php\/metodos-de-pago\/","og_locale":"es_ES","og_type":"article","og_title":"M\u00e9todos de Pago - Anaroma Nature","og_description":"PAGO CON TARJETA DE CR\u00c9DITO\/D\u00c9BITO (VISA y MastarCard) a trav\u00e9s de la pasarela de pagos de BANKIA. PAGO CON BIZUM a trav\u00e9s de la pasarela de pagos de BANKIA. PAGO CON TRANSFERENCIA BANCARIA a la cuenta de BANKIA\u00a0 que aparecer\u00e1 una vez realizado el pedido. El pedido ser\u00e1 enviado una vez comprobado el pago. Usted &hellip;","og_url":"https:\/\/www.anaromanature.com\/index.php\/metodos-de-pago\/","og_site_name":"Anaroma Nature","article_publisher":"http:\/\/facebook.com\/Anaroma-326324794814915","article_modified_time":"2024-06-21T15:38:58+00:00","og_image":[{"width":290,"height":290,"url":"https:\/\/www.anaromanature.com\/wp-content\/uploads\/2021\/02\/cropped-cropped-Logotipo-1.jpg","type":"image\/jpeg"}],"twitter_card":"summary_large_image","twitter_misc":{"Tiempo de lectura":"1 minuto"},"schema":{"@context":"https:\/\/schema.org","@graph":[{"@type":"WebPage","@id":"https:\/\/www.anaromanature.com\/index.php\/metodos-de-pago\/","url":"https:\/\/www.anaromanature.com\/index.php\/metodos-de-pago\/","name":"M\u00e9todos de Pago - Anaroma Nature","isPartOf":{"@id":"https:\/\/www.anaromanature.com\/#website"},"datePublished":"2021-02-23T19:24:09+00:00","dateModified":"2024-06-21T15:38:58+00:00","breadcrumb":{"@id":"https:\/\/www.anaromanature.com\/index.php\/metodos-de-pago\/#breadcrumb"},"inLanguage":"es","potentialAction":[{"@type":"ReadAction","target":["https:\/\/www.anaromanature.com\/index.php\/metodos-de-pago\/"]}]},{"@type":"BreadcrumbList","@id":"https:\/\/www.anaromanature.com\/index.php\/metodos-de-pago\/#breadcrumb","itemListElement":[{"@type":"ListItem","position":1,"name":"Portada","item":"https:\/\/www.anaromanature.com\/"},{"@type":"ListItem","position":2,"name":"M\u00e9todos de Pago"}]},{"@type":"WebSite","@id":"https:\/\/www.anaromanature.com\/#website","url":"https:\/\/www.anaromanature.com\/","name":"Anaroma Nature","description":"Aromas y color","publisher":{"@id":"https:\/\/www.anaromanature.com\/#organization"},"potentialAction":[{"@type":"SearchAction","target":{"@type":"EntryPoint","urlTemplate":"https:\/\/www.anaromanature.com\/?s={search_term_string}"},"query-input":{"@type":"PropertyValueSpecification","valueRequired":true,"valueName":"search_term_string"}}],"inLanguage":"es"},{"@type":"Organization","@id":"https:\/\/www.anaromanature.com\/#organization","name":"Anaroma Nature","url":"https:\/\/www.anaromanature.com\/","logo":{"@type":"ImageObject","inLanguage":"es","@id":"https:\/\/www.anaromanature.com\/#\/schema\/logo\/image\/","url":"https:\/\/i2.wp.com\/www.anaromanature.com\/wp-content\/uploads\/2021\/02\/cropped-Logotipo-Anaroma-2.png?fit=290%2C288&ssl=1","contentUrl":"https:\/\/i2.wp.com\/www.anaromanature.com\/wp-content\/uploads\/2021\/02\/cropped-Logotipo-Anaroma-2.png?fit=290%2C288&ssl=1","width":290,"height":288,"caption":"Anaroma Nature"},"image":{"@id":"https:\/\/www.anaromanature.com\/#\/schema\/logo\/image\/"},"sameAs":["http:\/\/facebook.com\/Anaroma-326324794814915","http:\/\/instagram.com\/anaromanature"]}]}},"_links":{"self":[{"href":"https:\/\/www.anaromanature.com\/index.php\/wp-json\/wp\/v2\/pages\/1484","targetHints":{"allow":["GET"]}}],"collection":[{"href":"https:\/\/www.anaromanature.com\/index.php\/wp-json\/wp\/v2\/pages"}],"about":[{"href":"https:\/\/www.anaromanature.com\/index.php\/wp-json\/wp\/v2\/types\/page"}],"author":[{"embeddable":true,"href":"https:\/\/www.anaromanature.com\/index.php\/wp-json\/wp\/v2\/users\/1"}],"replies":[{"embeddable":true,"href":"https:\/\/www.anaromanature.com\/index.php\/wp-json\/wp\/v2\/comments?post=1484"}],"version-history":[{"count":7,"href":"https:\/\/www.anaromanature.com\/index.php\/wp-json\/wp\/v2\/pages\/1484\/revisions"}],"predecessor-version":[{"id":6596,"href":"https:\/\/www.anaromanature.com\/index.php\/wp-json\/wp\/v2\/pages\/1484\/revisions\/6596"}],"wp:attachment":[{"href":"https:\/\/www.anaromanature.com\/index.php\/wp-json\/wp\/v2\/media?parent=1484"}],"curies":[{"name":"wp","href":"https:\/\/api.w.org\/{rel}","templated":true}]}}