{"id":2504,"date":"2021-03-09T17:22:00","date_gmt":"2021-03-09T16:22:00","guid":{"rendered":"https:\/\/www.anaromanature.com\/?post_type=product&#038;p=2504"},"modified":"2024-08-09T19:48:14","modified_gmt":"2024-08-09T18:48:14","slug":"contorno-ojos-reafirmante-naturabio-30ml","status":"publish","type":"product","link":"https:\/\/www.anaromanature.com\/index.php\/producto\/contorno-ojos-reafirmante-naturabio-30ml\/","title":{"rendered":"Contorno Ojos Reafirmante NATURABIO 30ml"},"content":{"rendered":"<p>Contorno Ojos Reafirmante NATURABIO<\/p>\n<p>Hidrata y reestructura la piel fina del contorno de los ojos. Rellena las l\u00edneas de expresi\u00f3n.<\/p>\n<p>Aporta luminosidad a la piel del contorno de los ojos gracias a los pigmentos minerales de la f\u00f3rmula.<\/p>\n<p>Apta para veganos.<\/p>\n<p><strong>RECOMENDACIONES DE USO:<\/strong> Aplicar por la ma\u00f1ana y\/o por la noche sobre la piel limpia y seca del contorno de los ojos desde el interior hacia fuera.<\/p>\n<p><strong>Nuestro consejo:<\/strong> Completar el tratamiento facial con la Crema Facial Reafirmante.<\/p>\n<p><strong>PRINCIPIOS ACTIVOS:<\/strong><\/p>\n<ul>\n<li>Combinaci\u00f3n de <strong>\u00c1cido Hialur\u00f3nico Natural<\/strong> de alto y bajo peso molecular.\n<ul>\n<li>El <strong>\u00c1cido Hialur\u00f3nico de alto peso molecular<\/strong>, da un aporte extra de hidrataci\u00f3n y previene la sequedad de la piel.<\/li>\n<li>El <strong>\u00c1cido Hialur\u00f3nico de bajo peso molecular<\/strong> penetra en las capas m\u00e1s profundas de la peil, retiene el agua y estimula la s\u00edntesis de col\u00e1geno. La piel es m\u00e1s firme, m\u00e1s tonificada.<\/li>\n<\/ul>\n<\/li>\n<li><strong>Agua Floral de Aciano, Hamamelis y Azahar Bio:<\/strong> refresca y calma el contorno de los ojos.<\/li>\n<li><strong>Aceite de Arg\u00e1n y Almendra Bio:<\/strong> nutren de manera intensa la zona delicada del contorno de los ojos.<\/li>\n<li><strong>Aloe Vera Bio:<\/strong> Calma e hidrata.<\/li>\n<\/ul>\n<p><strong>Ingredientes:<\/strong> Aqua, Coco-Caprylate\/Caprate, Glycerin, Centaurea Cyanus Flower Water*, Prunus Amygdalus Dulcis Oil*, C14-22 Alcohols, Cetearyl Alcohol, Citrus Aurantium Amara Flower Water*, Hamamelis Virginiana Flower Water*, Silica, Argania Spinosa Kernel Oil*, Aloe Barbadensis Leaf*, Parfum, C12-20 Alkyl Glucoside, Cetearyl Glucoside, Acacia Senegal Gum, Microcrystalline Cellulose, Benzyl Alcohol, Tocopherol, Xanthan Gum, Xylitylglucoside, Sodium Benzoate, Anhydroxylitol, Mica, Xylitol, Hydrolyzed Hyaluronic<br \/>\nAcid, Sodium Hyaluronate, Cellulose Gum, CI 77891, Dehydroacetic Acid, Glucose<br \/>\n*Ingredientes procedentes de la agricultura ecol\u00f3gica<br \/>\n99% del total de origen natural<br \/>\nEl 41% del total de los ingredientes procede de la agricultura ecol\u00f3gica.<\/p>\n<p>Capacidad: 30 ml<\/p>\n<p>Contorno Ojos Reafirmante NATURABIO<\/p>\n<p>Cuida tu piel con\u00a0<a href=\"https:\/\/www.anaromanature.com\/\">Anaroma Nature<\/a><\/p>\n<p><a href=\"mailto:%20info@anaromanature.com\">Cons\u00faltanos\u00a0<\/a>lo que necesites saber o aclarar.<\/p>\n<p>Visita nuestro\u00a0<a href=\"https:\/\/www.instagram.com\/anaromanature\/\">Instagram<\/a>.<\/p>\n","protected":false},"excerpt":{"rendered":"<p><a href=\"https:\/\/www.anaromanature.com\/wp-content\/uploads\/2021\/03\/Logo-NaturaBio.jpg\"><img decoding=\"async\" class=\" wp-image-2488\" title=\"Logo NaturaBio\" src=\"https:\/\/www.anaromanature.com\/wp-content\/uploads\/2021\/03\/Logo-NaturaBio.jpg\" alt=\"Logo NaturaBio\" width=\"100\" height=\"100\" srcset=\"https:\/\/www.anaromanature.com\/wp-content\/uploads\/2021\/03\/Logo-NaturaBio.jpg 356w, https:\/\/www.anaromanature.com\/wp-content\/uploads\/2021\/03\/Logo-NaturaBio-300x300.jpg 300w, https:\/\/www.anaromanature.com\/wp-content\/uploads\/2021\/03\/Logo-NaturaBio-150x150.jpg 150w, https:\/\/www.anaromanature.com\/wp-content\/uploads\/2021\/03\/Logo-NaturaBio-75x75.jpg 75w, https:\/\/www.anaromanature.com\/wp-content\/uploads\/2021\/03\/Logo-NaturaBio-100x100.jpg 100w\" sizes=\"(max-width: 100px) 100vw, 100px\" \/><\/a><\/p>\n<hr \/>\n<ul>\n<li>Hidrata y reestructura la piel fina del contorno de los ojos. Rellena las l\u00edneas de expresi\u00f3n.<\/li>\n<li>Aporta luminosidad a la piel del contorno de los ojos gracias a los pigmentos minerales de la f\u00f3rmula.<\/li>\n<li>Apta para veganos.<\/li>\n<\/ul>\n<p>Capacidad: 30 ml.<\/p>\n<hr \/>\n<p><a href=\"https:\/\/www.anaromanature.com\/wp-content\/uploads\/2021\/03\/sello-vegano.jpg\"><img decoding=\"async\" class=\" wp-image-2137\" title=\"sello vegano\" src=\"https:\/\/www.anaromanature.com\/wp-content\/uploads\/2021\/03\/sello-vegano.jpg\" alt=\"sello vegano\" width=\"80\" height=\"80\" srcset=\"https:\/\/www.anaromanature.com\/wp-content\/uploads\/2021\/03\/sello-vegano.jpg 150w, https:\/\/www.anaromanature.com\/wp-content\/uploads\/2021\/03\/sello-vegano-75x75.jpg 75w, https:\/\/www.anaromanature.com\/wp-content\/uploads\/2021\/03\/sello-vegano-100x100.jpg 100w\" sizes=\"(max-width: 80px) 100vw, 80px\" \/>\u00a0 \u00a0<\/a><a href=\"https:\/\/www.anaromanature.com\/wp-content\/uploads\/2021\/03\/libre-de-parabenos-sin-sls-sin-sles_1.png\">\u00a0<\/a><a href=\"https:\/\/www.anaromanature.com\/wp-content\/uploads\/2021\/03\/contiene-aloe-vera.png\"><img decoding=\"async\" class=\" wp-image-2107\" title=\"contiene aloe vera\" src=\"https:\/\/www.anaromanature.com\/wp-content\/uploads\/2021\/03\/contiene-aloe-vera.png\" alt=\"contiene aloe vera\" width=\"80\" height=\"81\" srcset=\"https:\/\/www.anaromanature.com\/wp-content\/uploads\/2021\/03\/contiene-aloe-vera.png 125w, https:\/\/www.anaromanature.com\/wp-content\/uploads\/2021\/03\/contiene-aloe-vera-75x75.png 75w, https:\/\/www.anaromanature.com\/wp-content\/uploads\/2021\/03\/contiene-aloe-vera-100x100.png 100w\" sizes=\"(max-width: 80px) 100vw, 80px\" \/><\/a><\/p>\n","protected":false},"featured_media":2505,"comment_status":"open","ping_status":"closed","template":"","meta":{"_joinchat":[]},"product_brand":[],"product_cat":[157,153],"product_tag":[311,424,439],"class_list":{"0":"post-2504","1":"product","2":"type-product","3":"status-publish","4":"has-post-thumbnail","6":"product_cat-contorno-de-ojos","7":"product_cat-cosmetica-facial","8":"product_tag-contorno-ojos","9":"product_tag-naturabio","10":"product_tag-reafirmante","11":"latest_post","13":"first","14":"outofstock","15":"taxable","16":"shipping-taxable","17":"purchasable","18":"product-type-simple"},"yoast_head":"<!-- This site is optimized with the Yoast SEO plugin v27.4 - https:\/\/yoast.com\/product\/yoast-seo-wordpress\/ -->\n<title>Contorno Ojos Reafirmante NATURABIO 30ml - Anaroma Nature - Tienda<\/title>\n<meta name=\"description\" content=\"Contorno Ojos Reafirmante NATURABIO. Hidrata y reestructura la piel fina del contorno de los ojos. Rellena las l\u00edneas de expresi\u00f3n. Aporta\" \/>\n<meta name=\"robots\" content=\"index, follow, max-snippet:-1, max-image-preview:large, max-video-preview:-1\" \/>\n<link rel=\"canonical\" href=\"https:\/\/www.anaromanature.com\/index.php\/producto\/contorno-ojos-reafirmante-naturabio-30ml\/\" \/>\n<meta property=\"og:locale\" content=\"es_ES\" \/>\n<meta property=\"og:type\" content=\"article\" \/>\n<meta property=\"og:title\" content=\"Contorno Ojos Reafirmante NATURABIO 30ml - Anaroma Nature - Tienda\" \/>\n<meta property=\"og:description\" content=\"Contorno Ojos Reafirmante NATURABIO. Hidrata y reestructura la piel fina del contorno de los ojos. Rellena las l\u00edneas de expresi\u00f3n. Aporta\" \/>\n<meta property=\"og:url\" content=\"https:\/\/www.anaromanature.com\/index.php\/producto\/contorno-ojos-reafirmante-naturabio-30ml\/\" \/>\n<meta property=\"og:site_name\" content=\"Anaroma Nature\" \/>\n<meta property=\"article:publisher\" content=\"http:\/\/facebook.com\/Anaroma-326324794814915\" \/>\n<meta property=\"article:modified_time\" content=\"2024-08-09T18:48:14+00:00\" \/>\n<meta property=\"og:image\" content=\"https:\/\/www.anaromanature.com\/wp-content\/uploads\/2021\/03\/Contorno-Ojos-Reafirmante.jpg\" \/>\n\t<meta property=\"og:image:width\" content=\"600\" \/>\n\t<meta property=\"og:image:height\" content=\"600\" \/>\n\t<meta property=\"og:image:type\" content=\"image\/jpeg\" \/>\n<meta name=\"twitter:card\" content=\"summary_large_image\" \/>\n<meta name=\"twitter:label1\" content=\"Tiempo de lectura\" \/>\n\t<meta name=\"twitter:data1\" content=\"2 minutos\" \/>\n<script type=\"application\/ld+json\" class=\"yoast-schema-graph\">{\"@context\":\"https:\\\/\\\/schema.org\",\"@graph\":[{\"@type\":\"WebPage\",\"@id\":\"https:\\\/\\\/www.anaromanature.com\\\/index.php\\\/producto\\\/contorno-ojos-reafirmante-naturabio-30ml\\\/\",\"url\":\"https:\\\/\\\/www.anaromanature.com\\\/index.php\\\/producto\\\/contorno-ojos-reafirmante-naturabio-30ml\\\/\",\"name\":\"Contorno Ojos Reafirmante NATURABIO 30ml - Anaroma Nature - Tienda\",\"isPartOf\":{\"@id\":\"https:\\\/\\\/www.anaromanature.com\\\/#website\"},\"primaryImageOfPage\":{\"@id\":\"https:\\\/\\\/www.anaromanature.com\\\/index.php\\\/producto\\\/contorno-ojos-reafirmante-naturabio-30ml\\\/#primaryimage\"},\"image\":{\"@id\":\"https:\\\/\\\/www.anaromanature.com\\\/index.php\\\/producto\\\/contorno-ojos-reafirmante-naturabio-30ml\\\/#primaryimage\"},\"thumbnailUrl\":\"https:\\\/\\\/www.anaromanature.com\\\/wp-content\\\/uploads\\\/2021\\\/03\\\/Contorno-Ojos-Reafirmante.jpg\",\"datePublished\":\"2021-03-09T16:22:00+00:00\",\"dateModified\":\"2024-08-09T18:48:14+00:00\",\"description\":\"Contorno Ojos Reafirmante NATURABIO. Hidrata y reestructura la piel fina del contorno de los ojos. Rellena las l\u00edneas de expresi\u00f3n. Aporta\",\"breadcrumb\":{\"@id\":\"https:\\\/\\\/www.anaromanature.com\\\/index.php\\\/producto\\\/contorno-ojos-reafirmante-naturabio-30ml\\\/#breadcrumb\"},\"inLanguage\":\"es\",\"potentialAction\":[{\"@type\":\"ReadAction\",\"target\":[\"https:\\\/\\\/www.anaromanature.com\\\/index.php\\\/producto\\\/contorno-ojos-reafirmante-naturabio-30ml\\\/\"]}]},{\"@type\":\"ImageObject\",\"inLanguage\":\"es\",\"@id\":\"https:\\\/\\\/www.anaromanature.com\\\/index.php\\\/producto\\\/contorno-ojos-reafirmante-naturabio-30ml\\\/#primaryimage\",\"url\":\"https:\\\/\\\/www.anaromanature.com\\\/wp-content\\\/uploads\\\/2021\\\/03\\\/Contorno-Ojos-Reafirmante.jpg\",\"contentUrl\":\"https:\\\/\\\/www.anaromanature.com\\\/wp-content\\\/uploads\\\/2021\\\/03\\\/Contorno-Ojos-Reafirmante.jpg\",\"width\":600,\"height\":600,\"caption\":\"Contorno Ojos Reafirmante\"},{\"@type\":\"BreadcrumbList\",\"@id\":\"https:\\\/\\\/www.anaromanature.com\\\/index.php\\\/producto\\\/contorno-ojos-reafirmante-naturabio-30ml\\\/#breadcrumb\",\"itemListElement\":[{\"@type\":\"ListItem\",\"position\":1,\"name\":\"Portada\",\"item\":\"https:\\\/\\\/www.anaromanature.com\\\/\"},{\"@type\":\"ListItem\",\"position\":2,\"name\":\"Tienda\",\"item\":\"https:\\\/\\\/www.anaromanature.com\\\/index.php\\\/tienda-premium-online-anarome-nature\\\/\"},{\"@type\":\"ListItem\",\"position\":3,\"name\":\"Contorno Ojos Reafirmante NATURABIO 30ml\"}]},{\"@type\":\"WebSite\",\"@id\":\"https:\\\/\\\/www.anaromanature.com\\\/#website\",\"url\":\"https:\\\/\\\/www.anaromanature.com\\\/\",\"name\":\"Anaroma Nature\",\"description\":\"Aromas y color\",\"publisher\":{\"@id\":\"https:\\\/\\\/www.anaromanature.com\\\/#organization\"},\"potentialAction\":[{\"@type\":\"SearchAction\",\"target\":{\"@type\":\"EntryPoint\",\"urlTemplate\":\"https:\\\/\\\/www.anaromanature.com\\\/?s={search_term_string}\"},\"query-input\":{\"@type\":\"PropertyValueSpecification\",\"valueRequired\":true,\"valueName\":\"search_term_string\"}}],\"inLanguage\":\"es\"},{\"@type\":\"Organization\",\"@id\":\"https:\\\/\\\/www.anaromanature.com\\\/#organization\",\"name\":\"Anaroma Nature\",\"url\":\"https:\\\/\\\/www.anaromanature.com\\\/\",\"logo\":{\"@type\":\"ImageObject\",\"inLanguage\":\"es\",\"@id\":\"https:\\\/\\\/www.anaromanature.com\\\/#\\\/schema\\\/logo\\\/image\\\/\",\"url\":\"https:\\\/\\\/i2.wp.com\\\/www.anaromanature.com\\\/wp-content\\\/uploads\\\/2021\\\/02\\\/cropped-Logotipo-Anaroma-2.png?fit=290%2C288&ssl=1\",\"contentUrl\":\"https:\\\/\\\/i2.wp.com\\\/www.anaromanature.com\\\/wp-content\\\/uploads\\\/2021\\\/02\\\/cropped-Logotipo-Anaroma-2.png?fit=290%2C288&ssl=1\",\"width\":290,\"height\":288,\"caption\":\"Anaroma Nature\"},\"image\":{\"@id\":\"https:\\\/\\\/www.anaromanature.com\\\/#\\\/schema\\\/logo\\\/image\\\/\"},\"sameAs\":[\"http:\\\/\\\/facebook.com\\\/Anaroma-326324794814915\",\"http:\\\/\\\/instagram.com\\\/anaromanature\"]}]}<\/script>\n<!-- \/ Yoast SEO plugin. -->","yoast_head_json":{"title":"Contorno Ojos Reafirmante NATURABIO 30ml - Anaroma Nature - Tienda","description":"Contorno Ojos Reafirmante NATURABIO. Hidrata y reestructura la piel fina del contorno de los ojos. Rellena las l\u00edneas de expresi\u00f3n. Aporta","robots":{"index":"index","follow":"follow","max-snippet":"max-snippet:-1","max-image-preview":"max-image-preview:large","max-video-preview":"max-video-preview:-1"},"canonical":"https:\/\/www.anaromanature.com\/index.php\/producto\/contorno-ojos-reafirmante-naturabio-30ml\/","og_locale":"es_ES","og_type":"article","og_title":"Contorno Ojos Reafirmante NATURABIO 30ml - Anaroma Nature - Tienda","og_description":"Contorno Ojos Reafirmante NATURABIO. Hidrata y reestructura la piel fina del contorno de los ojos. Rellena las l\u00edneas de expresi\u00f3n. Aporta","og_url":"https:\/\/www.anaromanature.com\/index.php\/producto\/contorno-ojos-reafirmante-naturabio-30ml\/","og_site_name":"Anaroma Nature","article_publisher":"http:\/\/facebook.com\/Anaroma-326324794814915","article_modified_time":"2024-08-09T18:48:14+00:00","og_image":[{"width":600,"height":600,"url":"https:\/\/www.anaromanature.com\/wp-content\/uploads\/2021\/03\/Contorno-Ojos-Reafirmante.jpg","type":"image\/jpeg"}],"twitter_card":"summary_large_image","twitter_misc":{"Tiempo de lectura":"2 minutos"},"schema":{"@context":"https:\/\/schema.org","@graph":[{"@type":"WebPage","@id":"https:\/\/www.anaromanature.com\/index.php\/producto\/contorno-ojos-reafirmante-naturabio-30ml\/","url":"https:\/\/www.anaromanature.com\/index.php\/producto\/contorno-ojos-reafirmante-naturabio-30ml\/","name":"Contorno Ojos Reafirmante NATURABIO 30ml - Anaroma Nature - Tienda","isPartOf":{"@id":"https:\/\/www.anaromanature.com\/#website"},"primaryImageOfPage":{"@id":"https:\/\/www.anaromanature.com\/index.php\/producto\/contorno-ojos-reafirmante-naturabio-30ml\/#primaryimage"},"image":{"@id":"https:\/\/www.anaromanature.com\/index.php\/producto\/contorno-ojos-reafirmante-naturabio-30ml\/#primaryimage"},"thumbnailUrl":"https:\/\/www.anaromanature.com\/wp-content\/uploads\/2021\/03\/Contorno-Ojos-Reafirmante.jpg","datePublished":"2021-03-09T16:22:00+00:00","dateModified":"2024-08-09T18:48:14+00:00","description":"Contorno Ojos Reafirmante NATURABIO. Hidrata y reestructura la piel fina del contorno de los ojos. Rellena las l\u00edneas de expresi\u00f3n. Aporta","breadcrumb":{"@id":"https:\/\/www.anaromanature.com\/index.php\/producto\/contorno-ojos-reafirmante-naturabio-30ml\/#breadcrumb"},"inLanguage":"es","potentialAction":[{"@type":"ReadAction","target":["https:\/\/www.anaromanature.com\/index.php\/producto\/contorno-ojos-reafirmante-naturabio-30ml\/"]}]},{"@type":"ImageObject","inLanguage":"es","@id":"https:\/\/www.anaromanature.com\/index.php\/producto\/contorno-ojos-reafirmante-naturabio-30ml\/#primaryimage","url":"https:\/\/www.anaromanature.com\/wp-content\/uploads\/2021\/03\/Contorno-Ojos-Reafirmante.jpg","contentUrl":"https:\/\/www.anaromanature.com\/wp-content\/uploads\/2021\/03\/Contorno-Ojos-Reafirmante.jpg","width":600,"height":600,"caption":"Contorno Ojos Reafirmante"},{"@type":"BreadcrumbList","@id":"https:\/\/www.anaromanature.com\/index.php\/producto\/contorno-ojos-reafirmante-naturabio-30ml\/#breadcrumb","itemListElement":[{"@type":"ListItem","position":1,"name":"Portada","item":"https:\/\/www.anaromanature.com\/"},{"@type":"ListItem","position":2,"name":"Tienda","item":"https:\/\/www.anaromanature.com\/index.php\/tienda-premium-online-anarome-nature\/"},{"@type":"ListItem","position":3,"name":"Contorno Ojos Reafirmante NATURABIO 30ml"}]},{"@type":"WebSite","@id":"https:\/\/www.anaromanature.com\/#website","url":"https:\/\/www.anaromanature.com\/","name":"Anaroma Nature","description":"Aromas y color","publisher":{"@id":"https:\/\/www.anaromanature.com\/#organization"},"potentialAction":[{"@type":"SearchAction","target":{"@type":"EntryPoint","urlTemplate":"https:\/\/www.anaromanature.com\/?s={search_term_string}"},"query-input":{"@type":"PropertyValueSpecification","valueRequired":true,"valueName":"search_term_string"}}],"inLanguage":"es"},{"@type":"Organization","@id":"https:\/\/www.anaromanature.com\/#organization","name":"Anaroma Nature","url":"https:\/\/www.anaromanature.com\/","logo":{"@type":"ImageObject","inLanguage":"es","@id":"https:\/\/www.anaromanature.com\/#\/schema\/logo\/image\/","url":"https:\/\/i2.wp.com\/www.anaromanature.com\/wp-content\/uploads\/2021\/02\/cropped-Logotipo-Anaroma-2.png?fit=290%2C288&ssl=1","contentUrl":"https:\/\/i2.wp.com\/www.anaromanature.com\/wp-content\/uploads\/2021\/02\/cropped-Logotipo-Anaroma-2.png?fit=290%2C288&ssl=1","width":290,"height":288,"caption":"Anaroma Nature"},"image":{"@id":"https:\/\/www.anaromanature.com\/#\/schema\/logo\/image\/"},"sameAs":["http:\/\/facebook.com\/Anaroma-326324794814915","http:\/\/instagram.com\/anaromanature"]}]}},"_links":{"self":[{"href":"https:\/\/www.anaromanature.com\/index.php\/wp-json\/wp\/v2\/product\/2504","targetHints":{"allow":["GET"]}}],"collection":[{"href":"https:\/\/www.anaromanature.com\/index.php\/wp-json\/wp\/v2\/product"}],"about":[{"href":"https:\/\/www.anaromanature.com\/index.php\/wp-json\/wp\/v2\/types\/product"}],"replies":[{"embeddable":true,"href":"https:\/\/www.anaromanature.com\/index.php\/wp-json\/wp\/v2\/comments?post=2504"}],"wp:featuredmedia":[{"embeddable":true,"href":"https:\/\/www.anaromanature.com\/index.php\/wp-json\/wp\/v2\/media\/2505"}],"wp:attachment":[{"href":"https:\/\/www.anaromanature.com\/index.php\/wp-json\/wp\/v2\/media?parent=2504"}],"wp:term":[{"taxonomy":"product_brand","embeddable":true,"href":"https:\/\/www.anaromanature.com\/index.php\/wp-json\/wp\/v2\/product_brand?post=2504"},{"taxonomy":"product_cat","embeddable":true,"href":"https:\/\/www.anaromanature.com\/index.php\/wp-json\/wp\/v2\/product_cat?post=2504"},{"taxonomy":"product_tag","embeddable":true,"href":"https:\/\/www.anaromanature.com\/index.php\/wp-json\/wp\/v2\/product_tag?post=2504"}],"curies":[{"name":"wp","href":"https:\/\/api.w.org\/{rel}","templated":true}]}}