{"id":3075,"date":"2021-03-29T18:53:10","date_gmt":"2021-03-29T17:53:10","guid":{"rendered":"https:\/\/www.anaromanature.com\/?post_type=product&#038;p=3075"},"modified":"2024-02-14T00:26:53","modified_gmt":"2024-02-13T23:26:53","slug":"champu-solido-coco-cabello-seco-65gr","status":"publish","type":"product","link":"https:\/\/www.anaromanature.com\/index.php\/producto\/champu-solido-coco-cabello-seco-65gr\/","title":{"rendered":"Champ\u00fa S\u00f3lido Coco &#8211; Cabello Seco 65gr"},"content":{"rendered":"<p>Champ\u00fa S\u00f3lido Coco &#8211; Cabello Seco 65gr<\/p>\n<p>Para piel sensible y cuero cabelludo delicado.<\/p>\n<p><strong>Envoltorio 100% sin pl\u00e1sticos.<\/strong><\/p>\n<p>Previene las puntas abiertas y cuida el pelo del calor de la plancha.<\/p>\n<p><strong>SIN SLS, NI SCI.<\/strong><\/p>\n<p>Peso:\u00a0 65grs aprox.<\/p>\n<p>Fragancia \u00abCoco\u00bb<\/p>\n<p>Elaborado de forma artesanal.<\/p>\n<p>Diferentes ingredientes para que encuentres el m\u00e1s adecuado.<\/p>\n<p>98% ingredientes naturales seg\u00fan Normativa Cosmos.<\/p>\n<p>Apta para Veganos.<\/p>\n<p><strong>RECOMENDACIONES DE USO: <\/strong>Frotar la pastilla de champ\u00fa s\u00f3lido sobre el cabello h\u00famedo hasta que haga espuma, retire la pastilla y contin\u00fae masajeando el cabello con las manos para que el producto act\u00fae. Aclarar con abundante agua.<\/p>\n<p>Peso: 65gr.<\/p>\n<p>Champ\u00fa S\u00f3lido Coco &#8211; Cabello Seco 65gr<\/p>\n<p>Cuida tu piel con\u00a0<a href=\"https:\/\/www.anaromanature.com\/\">Anaroma Nature<\/a><\/p>\n<p><a href=\"mailto:%20info@anaromanature.com\">Cons\u00faltanos\u00a0<\/a>lo que necesites saber o aclarar.<\/p>\n<p>Visita nuestro\u00a0<a href=\"https:\/\/www.instagram.com\/anaromanature\/\">Instagram<\/a>.<\/p>\n","protected":false},"excerpt":{"rendered":"<p>&nbsp;<\/p>\n<ul>\n<li>Para piel sensible y cuero cabelludo delicado.<\/li>\n<li><strong>Envoltorio 100% sin p\u00e1sticos.<\/strong><\/li>\n<li>Previene las puntas abiertas y cuida el pelo del calor de la plancha.<\/li>\n<li><strong>SIN SLS, NI SLES.<\/strong><\/li>\n<li>Peso:\u00a0 65grs aprox.<\/li>\n<li>Fragancia \u00abCoco\u00bb<\/li>\n<\/ul>\n<hr \/>\n<p><a href=\"https:\/\/www.anaromanature.com\/wp-content\/uploads\/2021\/03\/sello-vegano.jpg\"><img decoding=\"async\" class=\" wp-image-2137\" title=\"sello vegano\" src=\"https:\/\/www.anaromanature.com\/wp-content\/uploads\/2021\/03\/sello-vegano.jpg\" alt=\"sello vegano\" width=\"80\" height=\"80\" srcset=\"https:\/\/www.anaromanature.com\/wp-content\/uploads\/2021\/03\/sello-vegano.jpg 150w, https:\/\/www.anaromanature.com\/wp-content\/uploads\/2021\/03\/sello-vegano-75x75.jpg 75w, https:\/\/www.anaromanature.com\/wp-content\/uploads\/2021\/03\/sello-vegano-100x100.jpg 100w\" sizes=\"(max-width: 80px) 100vw, 80px\" \/>\u00a0 \u00a0<\/a><a href=\"https:\/\/www.anaromanature.com\/wp-content\/uploads\/2021\/03\/libre-de-parabenos-sin-sls-sin-sles_1.png\">\u00a0<\/a><a href=\"https:\/\/www.anaromanature.com\/wp-content\/uploads\/2021\/03\/contiene-aloe-vera.png\"><img decoding=\"async\" class=\" wp-image-2107\" title=\"contiene aloe vera\" src=\"https:\/\/www.anaromanature.com\/wp-content\/uploads\/2021\/03\/contiene-aloe-vera.png\" alt=\"contiene aloe vera\" width=\"80\" height=\"81\" srcset=\"https:\/\/www.anaromanature.com\/wp-content\/uploads\/2021\/03\/contiene-aloe-vera.png 125w, https:\/\/www.anaromanature.com\/wp-content\/uploads\/2021\/03\/contiene-aloe-vera-75x75.png 75w, https:\/\/www.anaromanature.com\/wp-content\/uploads\/2021\/03\/contiene-aloe-vera-100x100.png 100w\" sizes=\"(max-width: 80px) 100vw, 80px\" \/><\/a><\/p>\n","protected":false},"featured_media":3076,"comment_status":"open","ping_status":"closed","template":"","meta":{"_joinchat":[]},"product_brand":[],"product_cat":[206,205],"product_tag":[250,307,553,549],"class_list":{"0":"post-3075","1":"product","2":"type-product","3":"status-publish","4":"has-post-thumbnail","6":"product_cat-champu-solido","7":"product_cat-cosmetica-solida","8":"product_tag-champu","9":"product_tag-coco","10":"product_tag-seco","11":"product_tag-solido","12":"latest_post","14":"first","15":"instock","16":"taxable","17":"shipping-taxable","18":"purchasable","19":"product-type-simple"},"yoast_head":"<!-- This site is optimized with the Yoast SEO plugin v27.4 - https:\/\/yoast.com\/product\/yoast-seo-wordpress\/ -->\n<title>Champ\u00fa S\u00f3lido Coco - Cabello Seco 65gr - Anaroma Nature -<\/title>\n<meta name=\"description\" content=\"Champ\u00fa S\u00f3lido Coco - Cabello Seco 65gr. Para piel sensible y cuero cabelludo delicado. Envoltorio 100% sin pl\u00e1sticos. Previene las puntas\" \/>\n<meta name=\"robots\" content=\"index, follow, max-snippet:-1, max-image-preview:large, max-video-preview:-1\" \/>\n<link rel=\"canonical\" href=\"https:\/\/www.anaromanature.com\/index.php\/producto\/champu-solido-coco-cabello-seco-65gr\/\" \/>\n<meta property=\"og:locale\" content=\"es_ES\" \/>\n<meta property=\"og:type\" content=\"article\" \/>\n<meta property=\"og:title\" content=\"Champ\u00fa S\u00f3lido Coco - Cabello Seco 65gr - Anaroma Nature -\" \/>\n<meta property=\"og:description\" content=\"Champ\u00fa S\u00f3lido Coco - Cabello Seco 65gr. Para piel sensible y cuero cabelludo delicado. Envoltorio 100% sin pl\u00e1sticos. Previene las puntas\" \/>\n<meta property=\"og:url\" content=\"https:\/\/www.anaromanature.com\/index.php\/producto\/champu-solido-coco-cabello-seco-65gr\/\" \/>\n<meta property=\"og:site_name\" content=\"Anaroma Nature\" \/>\n<meta property=\"article:publisher\" content=\"http:\/\/facebook.com\/Anaroma-326324794814915\" \/>\n<meta property=\"article:modified_time\" content=\"2024-02-13T23:26:53+00:00\" \/>\n<meta property=\"og:image\" content=\"https:\/\/www.anaromanature.com\/wp-content\/uploads\/2021\/03\/Champu-solido-Cabello-Seco-1-e1617042163546.jpg\" \/>\n\t<meta property=\"og:image:width\" content=\"471\" \/>\n\t<meta property=\"og:image:height\" content=\"436\" \/>\n\t<meta property=\"og:image:type\" content=\"image\/jpeg\" \/>\n<meta name=\"twitter:card\" content=\"summary_large_image\" \/>\n<meta name=\"twitter:label1\" content=\"Tiempo de lectura\" \/>\n\t<meta name=\"twitter:data1\" content=\"1 minuto\" \/>\n<script type=\"application\/ld+json\" class=\"yoast-schema-graph\">{\"@context\":\"https:\\\/\\\/schema.org\",\"@graph\":[{\"@type\":\"WebPage\",\"@id\":\"https:\\\/\\\/www.anaromanature.com\\\/index.php\\\/producto\\\/champu-solido-coco-cabello-seco-65gr\\\/\",\"url\":\"https:\\\/\\\/www.anaromanature.com\\\/index.php\\\/producto\\\/champu-solido-coco-cabello-seco-65gr\\\/\",\"name\":\"Champ\u00fa S\u00f3lido Coco - Cabello Seco 65gr - Anaroma Nature -\",\"isPartOf\":{\"@id\":\"https:\\\/\\\/www.anaromanature.com\\\/#website\"},\"primaryImageOfPage\":{\"@id\":\"https:\\\/\\\/www.anaromanature.com\\\/index.php\\\/producto\\\/champu-solido-coco-cabello-seco-65gr\\\/#primaryimage\"},\"image\":{\"@id\":\"https:\\\/\\\/www.anaromanature.com\\\/index.php\\\/producto\\\/champu-solido-coco-cabello-seco-65gr\\\/#primaryimage\"},\"thumbnailUrl\":\"https:\\\/\\\/www.anaromanature.com\\\/wp-content\\\/uploads\\\/2021\\\/03\\\/Champu-solido-Cabello-Seco-1-e1617042163546.jpg\",\"datePublished\":\"2021-03-29T17:53:10+00:00\",\"dateModified\":\"2024-02-13T23:26:53+00:00\",\"description\":\"Champ\u00fa S\u00f3lido Coco - Cabello Seco 65gr. Para piel sensible y cuero cabelludo delicado. Envoltorio 100% sin pl\u00e1sticos. Previene las puntas\",\"breadcrumb\":{\"@id\":\"https:\\\/\\\/www.anaromanature.com\\\/index.php\\\/producto\\\/champu-solido-coco-cabello-seco-65gr\\\/#breadcrumb\"},\"inLanguage\":\"es\",\"potentialAction\":[{\"@type\":\"ReadAction\",\"target\":[\"https:\\\/\\\/www.anaromanature.com\\\/index.php\\\/producto\\\/champu-solido-coco-cabello-seco-65gr\\\/\"]}]},{\"@type\":\"ImageObject\",\"inLanguage\":\"es\",\"@id\":\"https:\\\/\\\/www.anaromanature.com\\\/index.php\\\/producto\\\/champu-solido-coco-cabello-seco-65gr\\\/#primaryimage\",\"url\":\"https:\\\/\\\/www.anaromanature.com\\\/wp-content\\\/uploads\\\/2021\\\/03\\\/Champu-solido-Cabello-Seco-1-e1617042163546.jpg\",\"contentUrl\":\"https:\\\/\\\/www.anaromanature.com\\\/wp-content\\\/uploads\\\/2021\\\/03\\\/Champu-solido-Cabello-Seco-1-e1617042163546.jpg\",\"width\":471,\"height\":436,\"caption\":\"Champu solido Cabello Seco 1\"},{\"@type\":\"BreadcrumbList\",\"@id\":\"https:\\\/\\\/www.anaromanature.com\\\/index.php\\\/producto\\\/champu-solido-coco-cabello-seco-65gr\\\/#breadcrumb\",\"itemListElement\":[{\"@type\":\"ListItem\",\"position\":1,\"name\":\"Portada\",\"item\":\"https:\\\/\\\/www.anaromanature.com\\\/\"},{\"@type\":\"ListItem\",\"position\":2,\"name\":\"Tienda\",\"item\":\"https:\\\/\\\/www.anaromanature.com\\\/index.php\\\/tienda-premium-online-anarome-nature\\\/\"},{\"@type\":\"ListItem\",\"position\":3,\"name\":\"Champ\u00fa S\u00f3lido Coco &#8211; Cabello Seco 65gr\"}]},{\"@type\":\"WebSite\",\"@id\":\"https:\\\/\\\/www.anaromanature.com\\\/#website\",\"url\":\"https:\\\/\\\/www.anaromanature.com\\\/\",\"name\":\"Anaroma Nature\",\"description\":\"Aromas y color\",\"publisher\":{\"@id\":\"https:\\\/\\\/www.anaromanature.com\\\/#organization\"},\"potentialAction\":[{\"@type\":\"SearchAction\",\"target\":{\"@type\":\"EntryPoint\",\"urlTemplate\":\"https:\\\/\\\/www.anaromanature.com\\\/?s={search_term_string}\"},\"query-input\":{\"@type\":\"PropertyValueSpecification\",\"valueRequired\":true,\"valueName\":\"search_term_string\"}}],\"inLanguage\":\"es\"},{\"@type\":\"Organization\",\"@id\":\"https:\\\/\\\/www.anaromanature.com\\\/#organization\",\"name\":\"Anaroma Nature\",\"url\":\"https:\\\/\\\/www.anaromanature.com\\\/\",\"logo\":{\"@type\":\"ImageObject\",\"inLanguage\":\"es\",\"@id\":\"https:\\\/\\\/www.anaromanature.com\\\/#\\\/schema\\\/logo\\\/image\\\/\",\"url\":\"https:\\\/\\\/i2.wp.com\\\/www.anaromanature.com\\\/wp-content\\\/uploads\\\/2021\\\/02\\\/cropped-Logotipo-Anaroma-2.png?fit=290%2C288&ssl=1\",\"contentUrl\":\"https:\\\/\\\/i2.wp.com\\\/www.anaromanature.com\\\/wp-content\\\/uploads\\\/2021\\\/02\\\/cropped-Logotipo-Anaroma-2.png?fit=290%2C288&ssl=1\",\"width\":290,\"height\":288,\"caption\":\"Anaroma Nature\"},\"image\":{\"@id\":\"https:\\\/\\\/www.anaromanature.com\\\/#\\\/schema\\\/logo\\\/image\\\/\"},\"sameAs\":[\"http:\\\/\\\/facebook.com\\\/Anaroma-326324794814915\",\"http:\\\/\\\/instagram.com\\\/anaromanature\"]}]}<\/script>\n<!-- \/ Yoast SEO plugin. -->","yoast_head_json":{"title":"Champ\u00fa S\u00f3lido Coco - Cabello Seco 65gr - Anaroma Nature -","description":"Champ\u00fa S\u00f3lido Coco - Cabello Seco 65gr. Para piel sensible y cuero cabelludo delicado. Envoltorio 100% sin pl\u00e1sticos. Previene las puntas","robots":{"index":"index","follow":"follow","max-snippet":"max-snippet:-1","max-image-preview":"max-image-preview:large","max-video-preview":"max-video-preview:-1"},"canonical":"https:\/\/www.anaromanature.com\/index.php\/producto\/champu-solido-coco-cabello-seco-65gr\/","og_locale":"es_ES","og_type":"article","og_title":"Champ\u00fa S\u00f3lido Coco - Cabello Seco 65gr - Anaroma Nature -","og_description":"Champ\u00fa S\u00f3lido Coco - Cabello Seco 65gr. Para piel sensible y cuero cabelludo delicado. Envoltorio 100% sin pl\u00e1sticos. Previene las puntas","og_url":"https:\/\/www.anaromanature.com\/index.php\/producto\/champu-solido-coco-cabello-seco-65gr\/","og_site_name":"Anaroma Nature","article_publisher":"http:\/\/facebook.com\/Anaroma-326324794814915","article_modified_time":"2024-02-13T23:26:53+00:00","og_image":[{"width":471,"height":436,"url":"https:\/\/www.anaromanature.com\/wp-content\/uploads\/2021\/03\/Champu-solido-Cabello-Seco-1-e1617042163546.jpg","type":"image\/jpeg"}],"twitter_card":"summary_large_image","twitter_misc":{"Tiempo de lectura":"1 minuto"},"schema":{"@context":"https:\/\/schema.org","@graph":[{"@type":"WebPage","@id":"https:\/\/www.anaromanature.com\/index.php\/producto\/champu-solido-coco-cabello-seco-65gr\/","url":"https:\/\/www.anaromanature.com\/index.php\/producto\/champu-solido-coco-cabello-seco-65gr\/","name":"Champ\u00fa S\u00f3lido Coco - Cabello Seco 65gr - Anaroma Nature -","isPartOf":{"@id":"https:\/\/www.anaromanature.com\/#website"},"primaryImageOfPage":{"@id":"https:\/\/www.anaromanature.com\/index.php\/producto\/champu-solido-coco-cabello-seco-65gr\/#primaryimage"},"image":{"@id":"https:\/\/www.anaromanature.com\/index.php\/producto\/champu-solido-coco-cabello-seco-65gr\/#primaryimage"},"thumbnailUrl":"https:\/\/www.anaromanature.com\/wp-content\/uploads\/2021\/03\/Champu-solido-Cabello-Seco-1-e1617042163546.jpg","datePublished":"2021-03-29T17:53:10+00:00","dateModified":"2024-02-13T23:26:53+00:00","description":"Champ\u00fa S\u00f3lido Coco - Cabello Seco 65gr. Para piel sensible y cuero cabelludo delicado. Envoltorio 100% sin pl\u00e1sticos. Previene las puntas","breadcrumb":{"@id":"https:\/\/www.anaromanature.com\/index.php\/producto\/champu-solido-coco-cabello-seco-65gr\/#breadcrumb"},"inLanguage":"es","potentialAction":[{"@type":"ReadAction","target":["https:\/\/www.anaromanature.com\/index.php\/producto\/champu-solido-coco-cabello-seco-65gr\/"]}]},{"@type":"ImageObject","inLanguage":"es","@id":"https:\/\/www.anaromanature.com\/index.php\/producto\/champu-solido-coco-cabello-seco-65gr\/#primaryimage","url":"https:\/\/www.anaromanature.com\/wp-content\/uploads\/2021\/03\/Champu-solido-Cabello-Seco-1-e1617042163546.jpg","contentUrl":"https:\/\/www.anaromanature.com\/wp-content\/uploads\/2021\/03\/Champu-solido-Cabello-Seco-1-e1617042163546.jpg","width":471,"height":436,"caption":"Champu solido Cabello Seco 1"},{"@type":"BreadcrumbList","@id":"https:\/\/www.anaromanature.com\/index.php\/producto\/champu-solido-coco-cabello-seco-65gr\/#breadcrumb","itemListElement":[{"@type":"ListItem","position":1,"name":"Portada","item":"https:\/\/www.anaromanature.com\/"},{"@type":"ListItem","position":2,"name":"Tienda","item":"https:\/\/www.anaromanature.com\/index.php\/tienda-premium-online-anarome-nature\/"},{"@type":"ListItem","position":3,"name":"Champ\u00fa S\u00f3lido Coco &#8211; Cabello Seco 65gr"}]},{"@type":"WebSite","@id":"https:\/\/www.anaromanature.com\/#website","url":"https:\/\/www.anaromanature.com\/","name":"Anaroma Nature","description":"Aromas y color","publisher":{"@id":"https:\/\/www.anaromanature.com\/#organization"},"potentialAction":[{"@type":"SearchAction","target":{"@type":"EntryPoint","urlTemplate":"https:\/\/www.anaromanature.com\/?s={search_term_string}"},"query-input":{"@type":"PropertyValueSpecification","valueRequired":true,"valueName":"search_term_string"}}],"inLanguage":"es"},{"@type":"Organization","@id":"https:\/\/www.anaromanature.com\/#organization","name":"Anaroma Nature","url":"https:\/\/www.anaromanature.com\/","logo":{"@type":"ImageObject","inLanguage":"es","@id":"https:\/\/www.anaromanature.com\/#\/schema\/logo\/image\/","url":"https:\/\/i2.wp.com\/www.anaromanature.com\/wp-content\/uploads\/2021\/02\/cropped-Logotipo-Anaroma-2.png?fit=290%2C288&ssl=1","contentUrl":"https:\/\/i2.wp.com\/www.anaromanature.com\/wp-content\/uploads\/2021\/02\/cropped-Logotipo-Anaroma-2.png?fit=290%2C288&ssl=1","width":290,"height":288,"caption":"Anaroma Nature"},"image":{"@id":"https:\/\/www.anaromanature.com\/#\/schema\/logo\/image\/"},"sameAs":["http:\/\/facebook.com\/Anaroma-326324794814915","http:\/\/instagram.com\/anaromanature"]}]}},"_links":{"self":[{"href":"https:\/\/www.anaromanature.com\/index.php\/wp-json\/wp\/v2\/product\/3075","targetHints":{"allow":["GET"]}}],"collection":[{"href":"https:\/\/www.anaromanature.com\/index.php\/wp-json\/wp\/v2\/product"}],"about":[{"href":"https:\/\/www.anaromanature.com\/index.php\/wp-json\/wp\/v2\/types\/product"}],"replies":[{"embeddable":true,"href":"https:\/\/www.anaromanature.com\/index.php\/wp-json\/wp\/v2\/comments?post=3075"}],"wp:featuredmedia":[{"embeddable":true,"href":"https:\/\/www.anaromanature.com\/index.php\/wp-json\/wp\/v2\/media\/3076"}],"wp:attachment":[{"href":"https:\/\/www.anaromanature.com\/index.php\/wp-json\/wp\/v2\/media?parent=3075"}],"wp:term":[{"taxonomy":"product_brand","embeddable":true,"href":"https:\/\/www.anaromanature.com\/index.php\/wp-json\/wp\/v2\/product_brand?post=3075"},{"taxonomy":"product_cat","embeddable":true,"href":"https:\/\/www.anaromanature.com\/index.php\/wp-json\/wp\/v2\/product_cat?post=3075"},{"taxonomy":"product_tag","embeddable":true,"href":"https:\/\/www.anaromanature.com\/index.php\/wp-json\/wp\/v2\/product_tag?post=3075"}],"curies":[{"name":"wp","href":"https:\/\/api.w.org\/{rel}","templated":true}]}}