{"id":5092,"date":"2022-01-11T18:44:48","date_gmt":"2022-01-11T17:44:48","guid":{"rendered":"https:\/\/www.anaromanature.com\/?post_type=product&#038;p=5092"},"modified":"2022-01-26T11:11:49","modified_gmt":"2022-01-26T10:11:49","slug":"coco-toallitas-hidroalcoholicas-the-fruit-company","status":"publish","type":"product","link":"https:\/\/www.anaromanature.com\/index.php\/producto\/coco-toallitas-hidroalcoholicas-the-fruit-company\/","title":{"rendered":"COCO Toallitas Hidroalcoh\u00f3licas The Fruit Company"},"content":{"rendered":"<p>COCO Toallitas Hidroalcoh\u00f3licas The Fruit Company<\/p>\n<div class=\"woocommerce-product-details__short-description\">\n<div class=\"woocommerce-product-details__short-description\">\n<div class=\"woocommerce-product-details__short-description\">\n<div class=\"woocommerce-product-details__short-description\">\n<div class=\"woocommerce-product-details__short-description\">\n<div class=\"woocommerce-product-details__short-description\">\n<div class=\"woocommerce-product-details__short-description\">\n<div class=\"woocommerce-product-details__short-description\">\n<p><strong>Toallitas hidroalcoh\u00f3licas Coco<\/strong>\u00a0The Fruit Company con 70% alcohol y aroma de locura a Coco. Limpian tus manos en profundidad y en cualquier lugar. \u00a1Volver\u00e1n a tu Coco Loco!<\/p>\n<p>Paquete de 15 uds.<\/p>\n<p>Limpieza de manos en profundidad. Retiran toda la suciedad de tus manos y contienen 70% alcohol.<\/p>\n<p>\u00a1No tirar al WC!<\/p>\n<p><strong><span style=\"color: #a0d9bc\">Descripci\u00f3n Olfativa<\/span><\/strong><\/p>\n<\/div>\n<\/div>\n<\/div>\n<\/div>\n<\/div>\n<\/div>\n<\/div>\n<\/div>\n<p><strong><em>Coco:<\/em><\/strong>\u00a0Salida caracter\u00edstica que nos induce a que se activen nuestras papilas gustativas. Esta fragancia descubre un extraordinario coraz\u00f3n, donde las notas de coco se combinan con ex\u00f3ticas vainillas y c\u00edtricos del caribe. Un fondo de dulces vainillas y tostados az\u00facares terminan de caracterizar esta fragancia.<\/p>\n<p>Cuida tu piel con\u00a0<a href=\"https:\/\/www.anaromanature.com\/\">Anaroma Nature<\/a><\/p>\n<p><a href=\"mailto:%20info@anaromanature.com\">Cons\u00faltanos\u00a0<\/a>lo que necesites saber o aclarar.<\/p>\n<p>Visita nuestro\u00a0<a href=\"https:\/\/www.instagram.com\/anaromanature\/\">Instagram<\/a>.<\/p>\n","protected":false},"excerpt":{"rendered":"<div class=\"woocommerce-product-details__short-description\">\n<div class=\"woocommerce-product-details__short-description\">\n<p><strong>Toallitas hidroalcoh\u00f3licas Coco<\/strong>\u00a0The Fruit Company con 70% alcohol y aroma de locura a Coco. Limpian tus manos en profundidad y en cualquier lugar. \u00a1Volver\u00e1n a tu Coco Loco!<\/p>\n<p><strong><span style=\"color: #a0d9bc\">Descripci\u00f3n Olfativa<\/span><\/strong><\/p>\n<\/div>\n<\/div>\n<p><strong><em>Coco:<\/em><\/strong>\u00a0Salida caracter\u00edstica que nos induce a que se activen nuestras papilas gustativas. Esta fragancia descubre un extraordinario coraz\u00f3n, donde las notas de coco se combinan con ex\u00f3ticas vainillas y c\u00edtricos del caribe. Un fondo de dulces vainillas y tostados az\u00facares terminan de caracterizar esta fragancia.<\/p>\n","protected":false},"featured_media":5093,"comment_status":"open","ping_status":"closed","template":"","meta":{"_joinchat":[]},"product_brand":[],"product_cat":[610,599],"product_tag":[307,611,601,425],"class_list":{"0":"post-5092","1":"product","2":"type-product","3":"status-publish","4":"has-post-thumbnail","6":"product_cat-limpiador-de-manos-tfc","7":"product_cat-the-fruit-company","8":"product_tag-coco","9":"product_tag-limpiador-de-manos","10":"product_tag-tfc","11":"product_tag-toallitas","12":"latest_post","14":"first","15":"outofstock","16":"taxable","17":"shipping-taxable","18":"purchasable","19":"product-type-simple"},"yoast_head":"<!-- This site is optimized with the Yoast SEO plugin v27.1.1 - https:\/\/yoast.com\/product\/yoast-seo-wordpress\/ -->\n<title>COCO Toallitas Hidroalcoh\u00f3licas The Fruit Company - Anaroma Nature<\/title>\n<meta name=\"description\" content=\"COCO Toallitas Hidroalcoh\u00f3licas The Fruit Company Toallitas hidroalcoh\u00f3licas Coco\u00a0The Fruit Company con 70% alcohol y aroma de locura a Coco.\" \/>\n<meta name=\"robots\" content=\"index, follow, max-snippet:-1, max-image-preview:large, max-video-preview:-1\" \/>\n<link rel=\"canonical\" href=\"https:\/\/www.anaromanature.com\/index.php\/producto\/coco-toallitas-hidroalcoholicas-the-fruit-company\/\" \/>\n<meta property=\"og:locale\" content=\"es_ES\" \/>\n<meta property=\"og:type\" content=\"article\" \/>\n<meta property=\"og:title\" content=\"COCO Toallitas Hidroalcoh\u00f3licas The Fruit Company - Anaroma Nature\" \/>\n<meta property=\"og:description\" content=\"COCO Toallitas Hidroalcoh\u00f3licas The Fruit Company Toallitas hidroalcoh\u00f3licas Coco\u00a0The Fruit Company con 70% alcohol y aroma de locura a Coco.\" \/>\n<meta property=\"og:url\" content=\"https:\/\/www.anaromanature.com\/index.php\/producto\/coco-toallitas-hidroalcoholicas-the-fruit-company\/\" \/>\n<meta property=\"og:site_name\" content=\"Anaroma Nature\" \/>\n<meta property=\"article:publisher\" content=\"http:\/\/facebook.com\/Anaroma-326324794814915\" \/>\n<meta property=\"article:modified_time\" content=\"2022-01-26T10:11:49+00:00\" \/>\n<meta property=\"og:image\" content=\"https:\/\/www.anaromanature.com\/wp-content\/uploads\/2022\/01\/Toallitas-Desinfectantes-COCO.jpg\" \/>\n\t<meta property=\"og:image:width\" content=\"540\" \/>\n\t<meta property=\"og:image:height\" content=\"540\" \/>\n\t<meta property=\"og:image:type\" content=\"image\/jpeg\" \/>\n<meta name=\"twitter:card\" content=\"summary_large_image\" \/>\n<meta name=\"twitter:label1\" content=\"Tiempo de lectura\" \/>\n\t<meta name=\"twitter:data1\" content=\"1 minuto\" \/>\n<script type=\"application\/ld+json\" class=\"yoast-schema-graph\">{\"@context\":\"https:\/\/schema.org\",\"@graph\":[{\"@type\":\"WebPage\",\"@id\":\"https:\/\/www.anaromanature.com\/index.php\/producto\/coco-toallitas-hidroalcoholicas-the-fruit-company\/\",\"url\":\"https:\/\/www.anaromanature.com\/index.php\/producto\/coco-toallitas-hidroalcoholicas-the-fruit-company\/\",\"name\":\"COCO Toallitas Hidroalcoh\u00f3licas The Fruit Company - Anaroma Nature\",\"isPartOf\":{\"@id\":\"https:\/\/www.anaromanature.com\/#website\"},\"primaryImageOfPage\":{\"@id\":\"https:\/\/www.anaromanature.com\/index.php\/producto\/coco-toallitas-hidroalcoholicas-the-fruit-company\/#primaryimage\"},\"image\":{\"@id\":\"https:\/\/www.anaromanature.com\/index.php\/producto\/coco-toallitas-hidroalcoholicas-the-fruit-company\/#primaryimage\"},\"thumbnailUrl\":\"https:\/\/www.anaromanature.com\/wp-content\/uploads\/2022\/01\/Toallitas-Desinfectantes-COCO.jpg\",\"datePublished\":\"2022-01-11T17:44:48+00:00\",\"dateModified\":\"2022-01-26T10:11:49+00:00\",\"description\":\"COCO Toallitas Hidroalcoh\u00f3licas The Fruit Company Toallitas hidroalcoh\u00f3licas Coco\u00a0The Fruit Company con 70% alcohol y aroma de locura a Coco.\",\"breadcrumb\":{\"@id\":\"https:\/\/www.anaromanature.com\/index.php\/producto\/coco-toallitas-hidroalcoholicas-the-fruit-company\/#breadcrumb\"},\"inLanguage\":\"es\",\"potentialAction\":[{\"@type\":\"ReadAction\",\"target\":[\"https:\/\/www.anaromanature.com\/index.php\/producto\/coco-toallitas-hidroalcoholicas-the-fruit-company\/\"]}]},{\"@type\":\"ImageObject\",\"inLanguage\":\"es\",\"@id\":\"https:\/\/www.anaromanature.com\/index.php\/producto\/coco-toallitas-hidroalcoholicas-the-fruit-company\/#primaryimage\",\"url\":\"https:\/\/www.anaromanature.com\/wp-content\/uploads\/2022\/01\/Toallitas-Desinfectantes-COCO.jpg\",\"contentUrl\":\"https:\/\/www.anaromanature.com\/wp-content\/uploads\/2022\/01\/Toallitas-Desinfectantes-COCO.jpg\",\"width\":540,\"height\":540,\"caption\":\"Toallitas Desinfectantes COCO\"},{\"@type\":\"BreadcrumbList\",\"@id\":\"https:\/\/www.anaromanature.com\/index.php\/producto\/coco-toallitas-hidroalcoholicas-the-fruit-company\/#breadcrumb\",\"itemListElement\":[{\"@type\":\"ListItem\",\"position\":1,\"name\":\"Portada\",\"item\":\"https:\/\/www.anaromanature.com\/\"},{\"@type\":\"ListItem\",\"position\":2,\"name\":\"Tienda\",\"item\":\"https:\/\/www.anaromanature.com\/index.php\/tienda-premium-online-anarome-nature\/\"},{\"@type\":\"ListItem\",\"position\":3,\"name\":\"COCO Toallitas Hidroalcoh\u00f3licas The Fruit Company\"}]},{\"@type\":\"WebSite\",\"@id\":\"https:\/\/www.anaromanature.com\/#website\",\"url\":\"https:\/\/www.anaromanature.com\/\",\"name\":\"Anaroma Nature\",\"description\":\"Aromas y color\",\"publisher\":{\"@id\":\"https:\/\/www.anaromanature.com\/#organization\"},\"potentialAction\":[{\"@type\":\"SearchAction\",\"target\":{\"@type\":\"EntryPoint\",\"urlTemplate\":\"https:\/\/www.anaromanature.com\/?s={search_term_string}\"},\"query-input\":{\"@type\":\"PropertyValueSpecification\",\"valueRequired\":true,\"valueName\":\"search_term_string\"}}],\"inLanguage\":\"es\"},{\"@type\":\"Organization\",\"@id\":\"https:\/\/www.anaromanature.com\/#organization\",\"name\":\"Anaroma Nature\",\"url\":\"https:\/\/www.anaromanature.com\/\",\"logo\":{\"@type\":\"ImageObject\",\"inLanguage\":\"es\",\"@id\":\"https:\/\/www.anaromanature.com\/#\/schema\/logo\/image\/\",\"url\":\"https:\/\/i2.wp.com\/www.anaromanature.com\/wp-content\/uploads\/2021\/02\/cropped-Logotipo-Anaroma-2.png?fit=290%2C288&ssl=1\",\"contentUrl\":\"https:\/\/i2.wp.com\/www.anaromanature.com\/wp-content\/uploads\/2021\/02\/cropped-Logotipo-Anaroma-2.png?fit=290%2C288&ssl=1\",\"width\":290,\"height\":288,\"caption\":\"Anaroma Nature\"},\"image\":{\"@id\":\"https:\/\/www.anaromanature.com\/#\/schema\/logo\/image\/\"},\"sameAs\":[\"http:\/\/facebook.com\/Anaroma-326324794814915\",\"http:\/\/instagram.com\/anaromanature\"]}]}<\/script>\n<!-- \/ Yoast SEO plugin. -->","yoast_head_json":{"title":"COCO Toallitas Hidroalcoh\u00f3licas The Fruit Company - Anaroma Nature","description":"COCO Toallitas Hidroalcoh\u00f3licas The Fruit Company Toallitas hidroalcoh\u00f3licas Coco\u00a0The Fruit Company con 70% alcohol y aroma de locura a Coco.","robots":{"index":"index","follow":"follow","max-snippet":"max-snippet:-1","max-image-preview":"max-image-preview:large","max-video-preview":"max-video-preview:-1"},"canonical":"https:\/\/www.anaromanature.com\/index.php\/producto\/coco-toallitas-hidroalcoholicas-the-fruit-company\/","og_locale":"es_ES","og_type":"article","og_title":"COCO Toallitas Hidroalcoh\u00f3licas The Fruit Company - Anaroma Nature","og_description":"COCO Toallitas Hidroalcoh\u00f3licas The Fruit Company Toallitas hidroalcoh\u00f3licas Coco\u00a0The Fruit Company con 70% alcohol y aroma de locura a Coco.","og_url":"https:\/\/www.anaromanature.com\/index.php\/producto\/coco-toallitas-hidroalcoholicas-the-fruit-company\/","og_site_name":"Anaroma Nature","article_publisher":"http:\/\/facebook.com\/Anaroma-326324794814915","article_modified_time":"2022-01-26T10:11:49+00:00","og_image":[{"width":540,"height":540,"url":"https:\/\/www.anaromanature.com\/wp-content\/uploads\/2022\/01\/Toallitas-Desinfectantes-COCO.jpg","type":"image\/jpeg"}],"twitter_card":"summary_large_image","twitter_misc":{"Tiempo de lectura":"1 minuto"},"schema":{"@context":"https:\/\/schema.org","@graph":[{"@type":"WebPage","@id":"https:\/\/www.anaromanature.com\/index.php\/producto\/coco-toallitas-hidroalcoholicas-the-fruit-company\/","url":"https:\/\/www.anaromanature.com\/index.php\/producto\/coco-toallitas-hidroalcoholicas-the-fruit-company\/","name":"COCO Toallitas Hidroalcoh\u00f3licas The Fruit Company - Anaroma Nature","isPartOf":{"@id":"https:\/\/www.anaromanature.com\/#website"},"primaryImageOfPage":{"@id":"https:\/\/www.anaromanature.com\/index.php\/producto\/coco-toallitas-hidroalcoholicas-the-fruit-company\/#primaryimage"},"image":{"@id":"https:\/\/www.anaromanature.com\/index.php\/producto\/coco-toallitas-hidroalcoholicas-the-fruit-company\/#primaryimage"},"thumbnailUrl":"https:\/\/www.anaromanature.com\/wp-content\/uploads\/2022\/01\/Toallitas-Desinfectantes-COCO.jpg","datePublished":"2022-01-11T17:44:48+00:00","dateModified":"2022-01-26T10:11:49+00:00","description":"COCO Toallitas Hidroalcoh\u00f3licas The Fruit Company Toallitas hidroalcoh\u00f3licas Coco\u00a0The Fruit Company con 70% alcohol y aroma de locura a Coco.","breadcrumb":{"@id":"https:\/\/www.anaromanature.com\/index.php\/producto\/coco-toallitas-hidroalcoholicas-the-fruit-company\/#breadcrumb"},"inLanguage":"es","potentialAction":[{"@type":"ReadAction","target":["https:\/\/www.anaromanature.com\/index.php\/producto\/coco-toallitas-hidroalcoholicas-the-fruit-company\/"]}]},{"@type":"ImageObject","inLanguage":"es","@id":"https:\/\/www.anaromanature.com\/index.php\/producto\/coco-toallitas-hidroalcoholicas-the-fruit-company\/#primaryimage","url":"https:\/\/www.anaromanature.com\/wp-content\/uploads\/2022\/01\/Toallitas-Desinfectantes-COCO.jpg","contentUrl":"https:\/\/www.anaromanature.com\/wp-content\/uploads\/2022\/01\/Toallitas-Desinfectantes-COCO.jpg","width":540,"height":540,"caption":"Toallitas Desinfectantes COCO"},{"@type":"BreadcrumbList","@id":"https:\/\/www.anaromanature.com\/index.php\/producto\/coco-toallitas-hidroalcoholicas-the-fruit-company\/#breadcrumb","itemListElement":[{"@type":"ListItem","position":1,"name":"Portada","item":"https:\/\/www.anaromanature.com\/"},{"@type":"ListItem","position":2,"name":"Tienda","item":"https:\/\/www.anaromanature.com\/index.php\/tienda-premium-online-anarome-nature\/"},{"@type":"ListItem","position":3,"name":"COCO Toallitas Hidroalcoh\u00f3licas The Fruit Company"}]},{"@type":"WebSite","@id":"https:\/\/www.anaromanature.com\/#website","url":"https:\/\/www.anaromanature.com\/","name":"Anaroma Nature","description":"Aromas y color","publisher":{"@id":"https:\/\/www.anaromanature.com\/#organization"},"potentialAction":[{"@type":"SearchAction","target":{"@type":"EntryPoint","urlTemplate":"https:\/\/www.anaromanature.com\/?s={search_term_string}"},"query-input":{"@type":"PropertyValueSpecification","valueRequired":true,"valueName":"search_term_string"}}],"inLanguage":"es"},{"@type":"Organization","@id":"https:\/\/www.anaromanature.com\/#organization","name":"Anaroma Nature","url":"https:\/\/www.anaromanature.com\/","logo":{"@type":"ImageObject","inLanguage":"es","@id":"https:\/\/www.anaromanature.com\/#\/schema\/logo\/image\/","url":"https:\/\/i2.wp.com\/www.anaromanature.com\/wp-content\/uploads\/2021\/02\/cropped-Logotipo-Anaroma-2.png?fit=290%2C288&ssl=1","contentUrl":"https:\/\/i2.wp.com\/www.anaromanature.com\/wp-content\/uploads\/2021\/02\/cropped-Logotipo-Anaroma-2.png?fit=290%2C288&ssl=1","width":290,"height":288,"caption":"Anaroma Nature"},"image":{"@id":"https:\/\/www.anaromanature.com\/#\/schema\/logo\/image\/"},"sameAs":["http:\/\/facebook.com\/Anaroma-326324794814915","http:\/\/instagram.com\/anaromanature"]}]}},"_links":{"self":[{"href":"https:\/\/www.anaromanature.com\/index.php\/wp-json\/wp\/v2\/product\/5092","targetHints":{"allow":["GET"]}}],"collection":[{"href":"https:\/\/www.anaromanature.com\/index.php\/wp-json\/wp\/v2\/product"}],"about":[{"href":"https:\/\/www.anaromanature.com\/index.php\/wp-json\/wp\/v2\/types\/product"}],"replies":[{"embeddable":true,"href":"https:\/\/www.anaromanature.com\/index.php\/wp-json\/wp\/v2\/comments?post=5092"}],"wp:featuredmedia":[{"embeddable":true,"href":"https:\/\/www.anaromanature.com\/index.php\/wp-json\/wp\/v2\/media\/5093"}],"wp:attachment":[{"href":"https:\/\/www.anaromanature.com\/index.php\/wp-json\/wp\/v2\/media?parent=5092"}],"wp:term":[{"taxonomy":"product_brand","embeddable":true,"href":"https:\/\/www.anaromanature.com\/index.php\/wp-json\/wp\/v2\/product_brand?post=5092"},{"taxonomy":"product_cat","embeddable":true,"href":"https:\/\/www.anaromanature.com\/index.php\/wp-json\/wp\/v2\/product_cat?post=5092"},{"taxonomy":"product_tag","embeddable":true,"href":"https:\/\/www.anaromanature.com\/index.php\/wp-json\/wp\/v2\/product_tag?post=5092"}],"curies":[{"name":"wp","href":"https:\/\/api.w.org\/{rel}","templated":true}]}}