{"id":6524,"date":"2024-04-03T14:45:56","date_gmt":"2024-04-03T13:45:56","guid":{"rendered":"https:\/\/www.anaromanature.com\/?post_type=product&#038;p=6524"},"modified":"2026-04-13T09:49:25","modified_gmt":"2026-04-13T08:49:25","slug":"pack-inicio-lampara-catalitica-boles-dolor","status":"publish","type":"product","link":"https:\/\/www.anaromanature.com\/index.php\/producto\/pack-inicio-lampara-catalitica-boles-dolor\/","title":{"rendered":"Pack Inicio L\u00e1mpara Catal\u00edtica &#8211; Boles d&#8217;olor"},"content":{"rendered":"<p>&nbsp;<\/p>\n<p>Pack Inicio L\u00e1mpara Catal\u00edtica &#8211; Boles d&#8217;olor<\/p>\n<p>El pack ideal para aquellos que quieran iniciarse en este mundo, as\u00ed como para hacer un bonito regalo.<\/p>\n<p><strong>Nuestra Genie Lamp refresca y purifica el aire de tu hogar al mismo tiempo que transmite fragancias sutiles. Cubre las tres \u00e1reas clave que aumentan la calidad de vida mejorando la atm\u00f3sfera de tu hogar.<\/strong><\/p>\n<p>Basada en el cl\u00e1sico concepto de combusti\u00f3n catal\u00edtica en Francia en el siglo XIX para esterilizar y desinfectar el aire en los hospitales.<\/p>\n<p>MEJORA LA CALIDAD DEL AIRE<br \/>\nNo solamente eliminando los olores desagradables, sino que destruye activamente los microorganismos suspendidos en el aire que son la causa m\u00e1s com\u00fan de afecciones respiratorias, causando alergias, asma, infecciones por pat\u00f3genos y otras molestas afecciones.<\/p>\n<p>PERFUMA EL AMBIENTE DE FORMA EFICAZ Y DURADERA<br \/>\nEn solo 20 minutos perfumar\u00e1 una habitaci\u00f3n de hasta 40 m2 y la fragancia se mantendr\u00e1 durante horas, creando una atm\u00f3sfera limpia y aportando una sensaci\u00f3n de armon\u00eda y bienestar.<\/p>\n<p>DECORA TU HOGAR<br \/>\nNuestras Genie Lamps son objetos bellos y decorativos. Trabajados con materiales nobles de alta calidad, que llaman la atenci\u00f3n por su dise\u00f1o y elegancia.<\/p>\n<p><strong>Contenido:<\/strong><\/p>\n<ul>\n<li>L\u00e1mpara catal\u00edtica (modelo elipse transparente)<\/li>\n<li>Embudo<\/li>\n<li>Mecha con piedra catal\u00edtica<\/li>\n<li>1 Genie Perfume del Hogar: Neutro<\/li>\n<li>1 Genie Perfume del Hogar: Aroma<\/li>\n<\/ul>\n<p>&nbsp;<\/p>\n","protected":false},"excerpt":{"rendered":"<p>El pack ideal para aquellos que quieran iniciarse en este mundo, as\u00ed como para hacer un bonito regalo.<\/p>\n<p><strong>Nuestra Genie Lamp refresca y purifica el aire de tu hogar al mismo tiempo que transmite fragancias sutiles. Cubre las tres \u00e1reas clave que aumentan la calidad de vida mejorando la atm\u00f3sfera de tu hogar.<\/strong><\/p>\n<p><strong>Contenido:<\/strong><\/p>\n<ul>\n<li>L\u00e1mpara catal\u00edtica (modelo elipse transparente)<\/li>\n<li>Embudo<\/li>\n<li>Mecha con piedra catal\u00edtica<\/li>\n<li>1 Genie Perfume del Hogar: Neutro<\/li>\n<li>1 Genie Perfume del Hogar: Aroma<\/li>\n<\/ul>\n<p>&nbsp;<\/p>\n","protected":false},"featured_media":6525,"comment_status":"open","ping_status":"closed","template":"","meta":{"_joinchat":[]},"product_brand":[],"product_cat":[26,136],"product_tag":[654],"class_list":{"0":"post-6524","1":"product","2":"type-product","3":"status-publish","4":"has-post-thumbnail","6":"product_cat-boles-dolor-un-mundo-de-suenos-fragantes","7":"product_cat-lamparas","8":"product_tag-lamparas-cataliticas","9":"latest_post","11":"first","12":"instock","13":"taxable","14":"shipping-taxable","15":"purchasable","16":"product-type-simple"},"yoast_head":"<!-- This site is optimized with the Yoast SEO plugin v27.4 - https:\/\/yoast.com\/product\/yoast-seo-wordpress\/ -->\n<title>Pack Inicio L\u00e1mpara Catal\u00edtica - Boles d&#039;olor - Anaroma Nature<\/title>\n<meta name=\"description\" content=\"Pack Inicio L\u00e1mpara Catal\u00edtica - Boles d&#039;olor El pack ideal para aquellos que quieran iniciarse en este mundo, as\u00ed como para hacer un bonito regalo.\" \/>\n<meta name=\"robots\" content=\"index, follow, max-snippet:-1, max-image-preview:large, max-video-preview:-1\" \/>\n<link rel=\"canonical\" href=\"https:\/\/www.anaromanature.com\/index.php\/producto\/pack-inicio-lampara-catalitica-boles-dolor\/\" \/>\n<meta property=\"og:locale\" content=\"es_ES\" \/>\n<meta property=\"og:type\" content=\"article\" \/>\n<meta property=\"og:title\" content=\"Pack Inicio L\u00e1mpara Catal\u00edtica - Boles d&#039;olor - Anaroma Nature\" \/>\n<meta property=\"og:description\" content=\"Pack Inicio L\u00e1mpara Catal\u00edtica - Boles d&#039;olor El pack ideal para aquellos que quieran iniciarse en este mundo, as\u00ed como para hacer un bonito regalo.\" \/>\n<meta property=\"og:url\" content=\"https:\/\/www.anaromanature.com\/index.php\/producto\/pack-inicio-lampara-catalitica-boles-dolor\/\" \/>\n<meta property=\"og:site_name\" content=\"Anaroma Nature\" \/>\n<meta property=\"article:publisher\" content=\"http:\/\/facebook.com\/Anaroma-326324794814915\" \/>\n<meta property=\"article:modified_time\" content=\"2026-04-13T08:49:25+00:00\" \/>\n<meta property=\"og:image\" content=\"https:\/\/www.anaromanature.com\/wp-content\/uploads\/2024\/04\/IMG_1942.jpeg\" \/>\n\t<meta property=\"og:image:width\" content=\"2560\" \/>\n\t<meta property=\"og:image:height\" content=\"2560\" \/>\n\t<meta property=\"og:image:type\" content=\"image\/jpeg\" \/>\n<meta name=\"twitter:card\" content=\"summary_large_image\" \/>\n<meta name=\"twitter:label1\" content=\"Tiempo de lectura\" \/>\n\t<meta name=\"twitter:data1\" content=\"1 minuto\" \/>\n<script type=\"application\/ld+json\" class=\"yoast-schema-graph\">{\"@context\":\"https:\\\/\\\/schema.org\",\"@graph\":[{\"@type\":\"WebPage\",\"@id\":\"https:\\\/\\\/www.anaromanature.com\\\/index.php\\\/producto\\\/pack-inicio-lampara-catalitica-boles-dolor\\\/\",\"url\":\"https:\\\/\\\/www.anaromanature.com\\\/index.php\\\/producto\\\/pack-inicio-lampara-catalitica-boles-dolor\\\/\",\"name\":\"Pack Inicio L\u00e1mpara Catal\u00edtica - Boles d'olor - Anaroma Nature\",\"isPartOf\":{\"@id\":\"https:\\\/\\\/www.anaromanature.com\\\/#website\"},\"primaryImageOfPage\":{\"@id\":\"https:\\\/\\\/www.anaromanature.com\\\/index.php\\\/producto\\\/pack-inicio-lampara-catalitica-boles-dolor\\\/#primaryimage\"},\"image\":{\"@id\":\"https:\\\/\\\/www.anaromanature.com\\\/index.php\\\/producto\\\/pack-inicio-lampara-catalitica-boles-dolor\\\/#primaryimage\"},\"thumbnailUrl\":\"https:\\\/\\\/www.anaromanature.com\\\/wp-content\\\/uploads\\\/2024\\\/04\\\/IMG_1942.jpeg\",\"datePublished\":\"2024-04-03T13:45:56+00:00\",\"dateModified\":\"2026-04-13T08:49:25+00:00\",\"description\":\"Pack Inicio L\u00e1mpara Catal\u00edtica - Boles d'olor El pack ideal para aquellos que quieran iniciarse en este mundo, as\u00ed como para hacer un bonito regalo.\",\"breadcrumb\":{\"@id\":\"https:\\\/\\\/www.anaromanature.com\\\/index.php\\\/producto\\\/pack-inicio-lampara-catalitica-boles-dolor\\\/#breadcrumb\"},\"inLanguage\":\"es\",\"potentialAction\":[{\"@type\":\"ReadAction\",\"target\":[\"https:\\\/\\\/www.anaromanature.com\\\/index.php\\\/producto\\\/pack-inicio-lampara-catalitica-boles-dolor\\\/\"]}]},{\"@type\":\"ImageObject\",\"inLanguage\":\"es\",\"@id\":\"https:\\\/\\\/www.anaromanature.com\\\/index.php\\\/producto\\\/pack-inicio-lampara-catalitica-boles-dolor\\\/#primaryimage\",\"url\":\"https:\\\/\\\/www.anaromanature.com\\\/wp-content\\\/uploads\\\/2024\\\/04\\\/IMG_1942.jpeg\",\"contentUrl\":\"https:\\\/\\\/www.anaromanature.com\\\/wp-content\\\/uploads\\\/2024\\\/04\\\/IMG_1942.jpeg\",\"width\":2560,\"height\":2560,\"caption\":\"IMG 1942\"},{\"@type\":\"BreadcrumbList\",\"@id\":\"https:\\\/\\\/www.anaromanature.com\\\/index.php\\\/producto\\\/pack-inicio-lampara-catalitica-boles-dolor\\\/#breadcrumb\",\"itemListElement\":[{\"@type\":\"ListItem\",\"position\":1,\"name\":\"Portada\",\"item\":\"https:\\\/\\\/www.anaromanature.com\\\/\"},{\"@type\":\"ListItem\",\"position\":2,\"name\":\"Tienda\",\"item\":\"https:\\\/\\\/www.anaromanature.com\\\/index.php\\\/tienda-premium-online-anarome-nature\\\/\"},{\"@type\":\"ListItem\",\"position\":3,\"name\":\"Pack Inicio L\u00e1mpara Catal\u00edtica &#8211; Boles d&#8217;olor\"}]},{\"@type\":\"WebSite\",\"@id\":\"https:\\\/\\\/www.anaromanature.com\\\/#website\",\"url\":\"https:\\\/\\\/www.anaromanature.com\\\/\",\"name\":\"Anaroma Nature\",\"description\":\"Aromas y color\",\"publisher\":{\"@id\":\"https:\\\/\\\/www.anaromanature.com\\\/#organization\"},\"potentialAction\":[{\"@type\":\"SearchAction\",\"target\":{\"@type\":\"EntryPoint\",\"urlTemplate\":\"https:\\\/\\\/www.anaromanature.com\\\/?s={search_term_string}\"},\"query-input\":{\"@type\":\"PropertyValueSpecification\",\"valueRequired\":true,\"valueName\":\"search_term_string\"}}],\"inLanguage\":\"es\"},{\"@type\":\"Organization\",\"@id\":\"https:\\\/\\\/www.anaromanature.com\\\/#organization\",\"name\":\"Anaroma Nature\",\"url\":\"https:\\\/\\\/www.anaromanature.com\\\/\",\"logo\":{\"@type\":\"ImageObject\",\"inLanguage\":\"es\",\"@id\":\"https:\\\/\\\/www.anaromanature.com\\\/#\\\/schema\\\/logo\\\/image\\\/\",\"url\":\"https:\\\/\\\/i2.wp.com\\\/www.anaromanature.com\\\/wp-content\\\/uploads\\\/2021\\\/02\\\/cropped-Logotipo-Anaroma-2.png?fit=290%2C288&ssl=1\",\"contentUrl\":\"https:\\\/\\\/i2.wp.com\\\/www.anaromanature.com\\\/wp-content\\\/uploads\\\/2021\\\/02\\\/cropped-Logotipo-Anaroma-2.png?fit=290%2C288&ssl=1\",\"width\":290,\"height\":288,\"caption\":\"Anaroma Nature\"},\"image\":{\"@id\":\"https:\\\/\\\/www.anaromanature.com\\\/#\\\/schema\\\/logo\\\/image\\\/\"},\"sameAs\":[\"http:\\\/\\\/facebook.com\\\/Anaroma-326324794814915\",\"http:\\\/\\\/instagram.com\\\/anaromanature\"]}]}<\/script>\n<!-- \/ Yoast SEO plugin. -->","yoast_head_json":{"title":"Pack Inicio L\u00e1mpara Catal\u00edtica - Boles d'olor - Anaroma Nature","description":"Pack Inicio L\u00e1mpara Catal\u00edtica - Boles d'olor El pack ideal para aquellos que quieran iniciarse en este mundo, as\u00ed como para hacer un bonito regalo.","robots":{"index":"index","follow":"follow","max-snippet":"max-snippet:-1","max-image-preview":"max-image-preview:large","max-video-preview":"max-video-preview:-1"},"canonical":"https:\/\/www.anaromanature.com\/index.php\/producto\/pack-inicio-lampara-catalitica-boles-dolor\/","og_locale":"es_ES","og_type":"article","og_title":"Pack Inicio L\u00e1mpara Catal\u00edtica - Boles d'olor - Anaroma Nature","og_description":"Pack Inicio L\u00e1mpara Catal\u00edtica - Boles d'olor El pack ideal para aquellos que quieran iniciarse en este mundo, as\u00ed como para hacer un bonito regalo.","og_url":"https:\/\/www.anaromanature.com\/index.php\/producto\/pack-inicio-lampara-catalitica-boles-dolor\/","og_site_name":"Anaroma Nature","article_publisher":"http:\/\/facebook.com\/Anaroma-326324794814915","article_modified_time":"2026-04-13T08:49:25+00:00","og_image":[{"width":2560,"height":2560,"url":"https:\/\/www.anaromanature.com\/wp-content\/uploads\/2024\/04\/IMG_1942.jpeg","type":"image\/jpeg"}],"twitter_card":"summary_large_image","twitter_misc":{"Tiempo de lectura":"1 minuto"},"schema":{"@context":"https:\/\/schema.org","@graph":[{"@type":"WebPage","@id":"https:\/\/www.anaromanature.com\/index.php\/producto\/pack-inicio-lampara-catalitica-boles-dolor\/","url":"https:\/\/www.anaromanature.com\/index.php\/producto\/pack-inicio-lampara-catalitica-boles-dolor\/","name":"Pack Inicio L\u00e1mpara Catal\u00edtica - Boles d'olor - Anaroma Nature","isPartOf":{"@id":"https:\/\/www.anaromanature.com\/#website"},"primaryImageOfPage":{"@id":"https:\/\/www.anaromanature.com\/index.php\/producto\/pack-inicio-lampara-catalitica-boles-dolor\/#primaryimage"},"image":{"@id":"https:\/\/www.anaromanature.com\/index.php\/producto\/pack-inicio-lampara-catalitica-boles-dolor\/#primaryimage"},"thumbnailUrl":"https:\/\/www.anaromanature.com\/wp-content\/uploads\/2024\/04\/IMG_1942.jpeg","datePublished":"2024-04-03T13:45:56+00:00","dateModified":"2026-04-13T08:49:25+00:00","description":"Pack Inicio L\u00e1mpara Catal\u00edtica - Boles d'olor El pack ideal para aquellos que quieran iniciarse en este mundo, as\u00ed como para hacer un bonito regalo.","breadcrumb":{"@id":"https:\/\/www.anaromanature.com\/index.php\/producto\/pack-inicio-lampara-catalitica-boles-dolor\/#breadcrumb"},"inLanguage":"es","potentialAction":[{"@type":"ReadAction","target":["https:\/\/www.anaromanature.com\/index.php\/producto\/pack-inicio-lampara-catalitica-boles-dolor\/"]}]},{"@type":"ImageObject","inLanguage":"es","@id":"https:\/\/www.anaromanature.com\/index.php\/producto\/pack-inicio-lampara-catalitica-boles-dolor\/#primaryimage","url":"https:\/\/www.anaromanature.com\/wp-content\/uploads\/2024\/04\/IMG_1942.jpeg","contentUrl":"https:\/\/www.anaromanature.com\/wp-content\/uploads\/2024\/04\/IMG_1942.jpeg","width":2560,"height":2560,"caption":"IMG 1942"},{"@type":"BreadcrumbList","@id":"https:\/\/www.anaromanature.com\/index.php\/producto\/pack-inicio-lampara-catalitica-boles-dolor\/#breadcrumb","itemListElement":[{"@type":"ListItem","position":1,"name":"Portada","item":"https:\/\/www.anaromanature.com\/"},{"@type":"ListItem","position":2,"name":"Tienda","item":"https:\/\/www.anaromanature.com\/index.php\/tienda-premium-online-anarome-nature\/"},{"@type":"ListItem","position":3,"name":"Pack Inicio L\u00e1mpara Catal\u00edtica &#8211; Boles d&#8217;olor"}]},{"@type":"WebSite","@id":"https:\/\/www.anaromanature.com\/#website","url":"https:\/\/www.anaromanature.com\/","name":"Anaroma Nature","description":"Aromas y color","publisher":{"@id":"https:\/\/www.anaromanature.com\/#organization"},"potentialAction":[{"@type":"SearchAction","target":{"@type":"EntryPoint","urlTemplate":"https:\/\/www.anaromanature.com\/?s={search_term_string}"},"query-input":{"@type":"PropertyValueSpecification","valueRequired":true,"valueName":"search_term_string"}}],"inLanguage":"es"},{"@type":"Organization","@id":"https:\/\/www.anaromanature.com\/#organization","name":"Anaroma Nature","url":"https:\/\/www.anaromanature.com\/","logo":{"@type":"ImageObject","inLanguage":"es","@id":"https:\/\/www.anaromanature.com\/#\/schema\/logo\/image\/","url":"https:\/\/i2.wp.com\/www.anaromanature.com\/wp-content\/uploads\/2021\/02\/cropped-Logotipo-Anaroma-2.png?fit=290%2C288&ssl=1","contentUrl":"https:\/\/i2.wp.com\/www.anaromanature.com\/wp-content\/uploads\/2021\/02\/cropped-Logotipo-Anaroma-2.png?fit=290%2C288&ssl=1","width":290,"height":288,"caption":"Anaroma Nature"},"image":{"@id":"https:\/\/www.anaromanature.com\/#\/schema\/logo\/image\/"},"sameAs":["http:\/\/facebook.com\/Anaroma-326324794814915","http:\/\/instagram.com\/anaromanature"]}]}},"_links":{"self":[{"href":"https:\/\/www.anaromanature.com\/index.php\/wp-json\/wp\/v2\/product\/6524","targetHints":{"allow":["GET"]}}],"collection":[{"href":"https:\/\/www.anaromanature.com\/index.php\/wp-json\/wp\/v2\/product"}],"about":[{"href":"https:\/\/www.anaromanature.com\/index.php\/wp-json\/wp\/v2\/types\/product"}],"replies":[{"embeddable":true,"href":"https:\/\/www.anaromanature.com\/index.php\/wp-json\/wp\/v2\/comments?post=6524"}],"wp:featuredmedia":[{"embeddable":true,"href":"https:\/\/www.anaromanature.com\/index.php\/wp-json\/wp\/v2\/media\/6525"}],"wp:attachment":[{"href":"https:\/\/www.anaromanature.com\/index.php\/wp-json\/wp\/v2\/media?parent=6524"}],"wp:term":[{"taxonomy":"product_brand","embeddable":true,"href":"https:\/\/www.anaromanature.com\/index.php\/wp-json\/wp\/v2\/product_brand?post=6524"},{"taxonomy":"product_cat","embeddable":true,"href":"https:\/\/www.anaromanature.com\/index.php\/wp-json\/wp\/v2\/product_cat?post=6524"},{"taxonomy":"product_tag","embeddable":true,"href":"https:\/\/www.anaromanature.com\/index.php\/wp-json\/wp\/v2\/product_tag?post=6524"}],"curies":[{"name":"wp","href":"https:\/\/api.w.org\/{rel}","templated":true}]}}