{"id":6549,"date":"2024-05-16T19:04:59","date_gmt":"2024-05-16T18:04:59","guid":{"rendered":"https:\/\/www.anaromanature.com\/?post_type=product&#038;p=6549"},"modified":"2024-11-19T10:44:11","modified_gmt":"2024-11-19T09:44:11","slug":"popping-lip-gloss-ddonna","status":"publish","type":"product","link":"https:\/\/www.anaromanature.com\/index.php\/producto\/popping-lip-gloss-ddonna\/","title":{"rendered":"Popping Lip Gloss &#8211; D&#8217;Donna"},"content":{"rendered":"<p>Popping Lip Gloss &#8211; D&#8217;Donna<\/p>\n<p>Lip Oil Dulce Estallido. Un brillo labial emoliente con efecto 3D para unos labios radiantes. Su textura suave y sensorial se funde delicadamente sobre los labios, dej\u00e1ndolos suaves y brillantes. Experimenta una sensaci\u00f3n extrema de confort durante y despu\u00e9s de la aplicaci\u00f3n, realzando la experiencia sensorial.<\/p>\n<p>La aplicaci\u00f3n es suave y fluida, con una adherencia inmediata a los labios. El aplicador de esponja suave ha sido dise\u00f1ado para resaltar la textura y delinear los labios con precisi\u00f3n. \u00a1Dulce y altamente hidratante!<\/p>\n<p>Perfuma tu hogar con\u00a0<a href=\"https:\/\/www.anaromanature.com\/\">Anaroma Nature<\/a><\/p>\n<p><a href=\"mailto:%20info@anaromanature.com\">Cons\u00faltanos\u00a0<\/a>lo que necesites saber o aclarar.<\/p>\n<p>S\u00edguenos en\u00a0<a href=\"https:\/\/www.instagram.com\/anaromanature\/\">Instagram<\/a>.<\/p>\n","protected":false},"excerpt":{"rendered":"<p>Aceite Emoliente para Labios Dulces. Un brillo labial que ofrece un efecto tridimensional para unos labios radiantes.<\/p>\n<p><strong>Contenido:<\/strong> 3 gr<\/p>\n","protected":false},"featured_media":6551,"comment_status":"open","ping_status":"closed","template":"","meta":{"_joinchat":[]},"product_brand":[],"product_cat":[406],"product_tag":[660,659],"class_list":{"0":"post-6549","1":"product","2":"type-product","3":"status-publish","4":"has-post-thumbnail","6":"product_cat-balsamo-labial","7":"product_tag-labial","8":"product_tag-lip-gloss","9":"latest_post","11":"first","12":"instock","13":"taxable","14":"shipping-taxable","15":"purchasable","16":"product-type-simple"},"yoast_head":"<!-- This site is optimized with the Yoast SEO plugin v27.4 - https:\/\/yoast.com\/product\/yoast-seo-wordpress\/ -->\n<title>Popping Lip Gloss - D&#039;Donna - Anaroma Nature<\/title>\n<meta name=\"description\" content=\"Popping Lip Gloss - D&#039;Donna Lip Oil Dulce Estallido. Un brillo labial emoliente con efecto 3D para unos labios radiantes. Su textura suave y sensorial\" \/>\n<meta name=\"robots\" content=\"index, follow, max-snippet:-1, max-image-preview:large, max-video-preview:-1\" \/>\n<link rel=\"canonical\" href=\"https:\/\/www.anaromanature.com\/index.php\/producto\/popping-lip-gloss-ddonna\/\" \/>\n<meta property=\"og:locale\" content=\"es_ES\" \/>\n<meta property=\"og:type\" content=\"article\" \/>\n<meta property=\"og:title\" content=\"Popping Lip Gloss - D&#039;Donna - Anaroma Nature\" \/>\n<meta property=\"og:description\" content=\"Popping Lip Gloss - D&#039;Donna Lip Oil Dulce Estallido. Un brillo labial emoliente con efecto 3D para unos labios radiantes. Su textura suave y sensorial\" \/>\n<meta property=\"og:url\" content=\"https:\/\/www.anaromanature.com\/index.php\/producto\/popping-lip-gloss-ddonna\/\" \/>\n<meta property=\"og:site_name\" content=\"Anaroma Nature\" \/>\n<meta property=\"article:publisher\" content=\"http:\/\/facebook.com\/Anaroma-326324794814915\" \/>\n<meta property=\"article:modified_time\" content=\"2024-11-19T09:44:11+00:00\" \/>\n<meta property=\"og:image\" content=\"https:\/\/www.anaromanature.com\/wp-content\/uploads\/2024\/05\/Popping-Gloss-Roll-On-DDONNA.jpg\" \/>\n\t<meta property=\"og:image:width\" content=\"1200\" \/>\n\t<meta property=\"og:image:height\" content=\"1200\" \/>\n\t<meta property=\"og:image:type\" content=\"image\/jpeg\" \/>\n<meta name=\"twitter:card\" content=\"summary_large_image\" \/>\n<meta name=\"twitter:label1\" content=\"Tiempo de lectura\" \/>\n\t<meta name=\"twitter:data1\" content=\"1 minuto\" \/>\n<script type=\"application\/ld+json\" class=\"yoast-schema-graph\">{\"@context\":\"https:\\\/\\\/schema.org\",\"@graph\":[{\"@type\":\"WebPage\",\"@id\":\"https:\\\/\\\/www.anaromanature.com\\\/index.php\\\/producto\\\/popping-lip-gloss-ddonna\\\/\",\"url\":\"https:\\\/\\\/www.anaromanature.com\\\/index.php\\\/producto\\\/popping-lip-gloss-ddonna\\\/\",\"name\":\"Popping Lip Gloss - D'Donna - Anaroma Nature\",\"isPartOf\":{\"@id\":\"https:\\\/\\\/www.anaromanature.com\\\/#website\"},\"primaryImageOfPage\":{\"@id\":\"https:\\\/\\\/www.anaromanature.com\\\/index.php\\\/producto\\\/popping-lip-gloss-ddonna\\\/#primaryimage\"},\"image\":{\"@id\":\"https:\\\/\\\/www.anaromanature.com\\\/index.php\\\/producto\\\/popping-lip-gloss-ddonna\\\/#primaryimage\"},\"thumbnailUrl\":\"https:\\\/\\\/www.anaromanature.com\\\/wp-content\\\/uploads\\\/2024\\\/05\\\/Popping-Gloss-Roll-On-DDONNA.jpg\",\"datePublished\":\"2024-05-16T18:04:59+00:00\",\"dateModified\":\"2024-11-19T09:44:11+00:00\",\"description\":\"Popping Lip Gloss - D'Donna Lip Oil Dulce Estallido. Un brillo labial emoliente con efecto 3D para unos labios radiantes. Su textura suave y sensorial\",\"breadcrumb\":{\"@id\":\"https:\\\/\\\/www.anaromanature.com\\\/index.php\\\/producto\\\/popping-lip-gloss-ddonna\\\/#breadcrumb\"},\"inLanguage\":\"es\",\"potentialAction\":[{\"@type\":\"ReadAction\",\"target\":[\"https:\\\/\\\/www.anaromanature.com\\\/index.php\\\/producto\\\/popping-lip-gloss-ddonna\\\/\"]}]},{\"@type\":\"ImageObject\",\"inLanguage\":\"es\",\"@id\":\"https:\\\/\\\/www.anaromanature.com\\\/index.php\\\/producto\\\/popping-lip-gloss-ddonna\\\/#primaryimage\",\"url\":\"https:\\\/\\\/www.anaromanature.com\\\/wp-content\\\/uploads\\\/2024\\\/05\\\/Popping-Gloss-Roll-On-DDONNA.jpg\",\"contentUrl\":\"https:\\\/\\\/www.anaromanature.com\\\/wp-content\\\/uploads\\\/2024\\\/05\\\/Popping-Gloss-Roll-On-DDONNA.jpg\",\"width\":1200,\"height\":1200,\"caption\":\"Popping Gloss Roll On D'DONNA\"},{\"@type\":\"BreadcrumbList\",\"@id\":\"https:\\\/\\\/www.anaromanature.com\\\/index.php\\\/producto\\\/popping-lip-gloss-ddonna\\\/#breadcrumb\",\"itemListElement\":[{\"@type\":\"ListItem\",\"position\":1,\"name\":\"Portada\",\"item\":\"https:\\\/\\\/www.anaromanature.com\\\/\"},{\"@type\":\"ListItem\",\"position\":2,\"name\":\"Tienda\",\"item\":\"https:\\\/\\\/www.anaromanature.com\\\/index.php\\\/tienda-premium-online-anarome-nature\\\/\"},{\"@type\":\"ListItem\",\"position\":3,\"name\":\"Popping Lip Gloss &#8211; D&#8217;Donna\"}]},{\"@type\":\"WebSite\",\"@id\":\"https:\\\/\\\/www.anaromanature.com\\\/#website\",\"url\":\"https:\\\/\\\/www.anaromanature.com\\\/\",\"name\":\"Anaroma Nature\",\"description\":\"Aromas y color\",\"publisher\":{\"@id\":\"https:\\\/\\\/www.anaromanature.com\\\/#organization\"},\"potentialAction\":[{\"@type\":\"SearchAction\",\"target\":{\"@type\":\"EntryPoint\",\"urlTemplate\":\"https:\\\/\\\/www.anaromanature.com\\\/?s={search_term_string}\"},\"query-input\":{\"@type\":\"PropertyValueSpecification\",\"valueRequired\":true,\"valueName\":\"search_term_string\"}}],\"inLanguage\":\"es\"},{\"@type\":\"Organization\",\"@id\":\"https:\\\/\\\/www.anaromanature.com\\\/#organization\",\"name\":\"Anaroma Nature\",\"url\":\"https:\\\/\\\/www.anaromanature.com\\\/\",\"logo\":{\"@type\":\"ImageObject\",\"inLanguage\":\"es\",\"@id\":\"https:\\\/\\\/www.anaromanature.com\\\/#\\\/schema\\\/logo\\\/image\\\/\",\"url\":\"https:\\\/\\\/i2.wp.com\\\/www.anaromanature.com\\\/wp-content\\\/uploads\\\/2021\\\/02\\\/cropped-Logotipo-Anaroma-2.png?fit=290%2C288&ssl=1\",\"contentUrl\":\"https:\\\/\\\/i2.wp.com\\\/www.anaromanature.com\\\/wp-content\\\/uploads\\\/2021\\\/02\\\/cropped-Logotipo-Anaroma-2.png?fit=290%2C288&ssl=1\",\"width\":290,\"height\":288,\"caption\":\"Anaroma Nature\"},\"image\":{\"@id\":\"https:\\\/\\\/www.anaromanature.com\\\/#\\\/schema\\\/logo\\\/image\\\/\"},\"sameAs\":[\"http:\\\/\\\/facebook.com\\\/Anaroma-326324794814915\",\"http:\\\/\\\/instagram.com\\\/anaromanature\"]}]}<\/script>\n<!-- \/ Yoast SEO plugin. -->","yoast_head_json":{"title":"Popping Lip Gloss - D'Donna - Anaroma Nature","description":"Popping Lip Gloss - D'Donna Lip Oil Dulce Estallido. Un brillo labial emoliente con efecto 3D para unos labios radiantes. Su textura suave y sensorial","robots":{"index":"index","follow":"follow","max-snippet":"max-snippet:-1","max-image-preview":"max-image-preview:large","max-video-preview":"max-video-preview:-1"},"canonical":"https:\/\/www.anaromanature.com\/index.php\/producto\/popping-lip-gloss-ddonna\/","og_locale":"es_ES","og_type":"article","og_title":"Popping Lip Gloss - D'Donna - Anaroma Nature","og_description":"Popping Lip Gloss - D'Donna Lip Oil Dulce Estallido. Un brillo labial emoliente con efecto 3D para unos labios radiantes. Su textura suave y sensorial","og_url":"https:\/\/www.anaromanature.com\/index.php\/producto\/popping-lip-gloss-ddonna\/","og_site_name":"Anaroma Nature","article_publisher":"http:\/\/facebook.com\/Anaroma-326324794814915","article_modified_time":"2024-11-19T09:44:11+00:00","og_image":[{"width":1200,"height":1200,"url":"https:\/\/www.anaromanature.com\/wp-content\/uploads\/2024\/05\/Popping-Gloss-Roll-On-DDONNA.jpg","type":"image\/jpeg"}],"twitter_card":"summary_large_image","twitter_misc":{"Tiempo de lectura":"1 minuto"},"schema":{"@context":"https:\/\/schema.org","@graph":[{"@type":"WebPage","@id":"https:\/\/www.anaromanature.com\/index.php\/producto\/popping-lip-gloss-ddonna\/","url":"https:\/\/www.anaromanature.com\/index.php\/producto\/popping-lip-gloss-ddonna\/","name":"Popping Lip Gloss - D'Donna - Anaroma Nature","isPartOf":{"@id":"https:\/\/www.anaromanature.com\/#website"},"primaryImageOfPage":{"@id":"https:\/\/www.anaromanature.com\/index.php\/producto\/popping-lip-gloss-ddonna\/#primaryimage"},"image":{"@id":"https:\/\/www.anaromanature.com\/index.php\/producto\/popping-lip-gloss-ddonna\/#primaryimage"},"thumbnailUrl":"https:\/\/www.anaromanature.com\/wp-content\/uploads\/2024\/05\/Popping-Gloss-Roll-On-DDONNA.jpg","datePublished":"2024-05-16T18:04:59+00:00","dateModified":"2024-11-19T09:44:11+00:00","description":"Popping Lip Gloss - D'Donna Lip Oil Dulce Estallido. Un brillo labial emoliente con efecto 3D para unos labios radiantes. Su textura suave y sensorial","breadcrumb":{"@id":"https:\/\/www.anaromanature.com\/index.php\/producto\/popping-lip-gloss-ddonna\/#breadcrumb"},"inLanguage":"es","potentialAction":[{"@type":"ReadAction","target":["https:\/\/www.anaromanature.com\/index.php\/producto\/popping-lip-gloss-ddonna\/"]}]},{"@type":"ImageObject","inLanguage":"es","@id":"https:\/\/www.anaromanature.com\/index.php\/producto\/popping-lip-gloss-ddonna\/#primaryimage","url":"https:\/\/www.anaromanature.com\/wp-content\/uploads\/2024\/05\/Popping-Gloss-Roll-On-DDONNA.jpg","contentUrl":"https:\/\/www.anaromanature.com\/wp-content\/uploads\/2024\/05\/Popping-Gloss-Roll-On-DDONNA.jpg","width":1200,"height":1200,"caption":"Popping Gloss Roll On D'DONNA"},{"@type":"BreadcrumbList","@id":"https:\/\/www.anaromanature.com\/index.php\/producto\/popping-lip-gloss-ddonna\/#breadcrumb","itemListElement":[{"@type":"ListItem","position":1,"name":"Portada","item":"https:\/\/www.anaromanature.com\/"},{"@type":"ListItem","position":2,"name":"Tienda","item":"https:\/\/www.anaromanature.com\/index.php\/tienda-premium-online-anarome-nature\/"},{"@type":"ListItem","position":3,"name":"Popping Lip Gloss &#8211; D&#8217;Donna"}]},{"@type":"WebSite","@id":"https:\/\/www.anaromanature.com\/#website","url":"https:\/\/www.anaromanature.com\/","name":"Anaroma Nature","description":"Aromas y color","publisher":{"@id":"https:\/\/www.anaromanature.com\/#organization"},"potentialAction":[{"@type":"SearchAction","target":{"@type":"EntryPoint","urlTemplate":"https:\/\/www.anaromanature.com\/?s={search_term_string}"},"query-input":{"@type":"PropertyValueSpecification","valueRequired":true,"valueName":"search_term_string"}}],"inLanguage":"es"},{"@type":"Organization","@id":"https:\/\/www.anaromanature.com\/#organization","name":"Anaroma Nature","url":"https:\/\/www.anaromanature.com\/","logo":{"@type":"ImageObject","inLanguage":"es","@id":"https:\/\/www.anaromanature.com\/#\/schema\/logo\/image\/","url":"https:\/\/i2.wp.com\/www.anaromanature.com\/wp-content\/uploads\/2021\/02\/cropped-Logotipo-Anaroma-2.png?fit=290%2C288&ssl=1","contentUrl":"https:\/\/i2.wp.com\/www.anaromanature.com\/wp-content\/uploads\/2021\/02\/cropped-Logotipo-Anaroma-2.png?fit=290%2C288&ssl=1","width":290,"height":288,"caption":"Anaroma Nature"},"image":{"@id":"https:\/\/www.anaromanature.com\/#\/schema\/logo\/image\/"},"sameAs":["http:\/\/facebook.com\/Anaroma-326324794814915","http:\/\/instagram.com\/anaromanature"]}]}},"_links":{"self":[{"href":"https:\/\/www.anaromanature.com\/index.php\/wp-json\/wp\/v2\/product\/6549","targetHints":{"allow":["GET"]}}],"collection":[{"href":"https:\/\/www.anaromanature.com\/index.php\/wp-json\/wp\/v2\/product"}],"about":[{"href":"https:\/\/www.anaromanature.com\/index.php\/wp-json\/wp\/v2\/types\/product"}],"replies":[{"embeddable":true,"href":"https:\/\/www.anaromanature.com\/index.php\/wp-json\/wp\/v2\/comments?post=6549"}],"wp:featuredmedia":[{"embeddable":true,"href":"https:\/\/www.anaromanature.com\/index.php\/wp-json\/wp\/v2\/media\/6551"}],"wp:attachment":[{"href":"https:\/\/www.anaromanature.com\/index.php\/wp-json\/wp\/v2\/media?parent=6549"}],"wp:term":[{"taxonomy":"product_brand","embeddable":true,"href":"https:\/\/www.anaromanature.com\/index.php\/wp-json\/wp\/v2\/product_brand?post=6549"},{"taxonomy":"product_cat","embeddable":true,"href":"https:\/\/www.anaromanature.com\/index.php\/wp-json\/wp\/v2\/product_cat?post=6549"},{"taxonomy":"product_tag","embeddable":true,"href":"https:\/\/www.anaromanature.com\/index.php\/wp-json\/wp\/v2\/product_tag?post=6549"}],"curies":[{"name":"wp","href":"https:\/\/api.w.org\/{rel}","templated":true}]}}