{"id":6764,"date":"2024-10-28T07:54:04","date_gmt":"2024-10-28T06:54:04","guid":{"rendered":"https:\/\/www.anaromanature.com\/?post_type=product&#038;p=6764"},"modified":"2024-11-19T10:41:30","modified_gmt":"2024-11-19T09:41:30","slug":"set-rutina-facial-dia-vitamina-c-b3-ziaja","status":"publish","type":"product","link":"https:\/\/www.anaromanature.com\/index.php\/producto\/set-rutina-facial-dia-vitamina-c-b3-ziaja\/","title":{"rendered":"Set Rutina Facial D\u00eda VITAMINA C.B3 &#8211; Ziaja"},"content":{"rendered":"<p>Set Rutina Facial D\u00eda VITAMINA C.B3 &#8211; Ziaja<\/p>\n<div id=\"product-description-short-48401\" class=\"rte-content\">Pack de 4 productos faciales esenciales para la rutina de skincare de d\u00eda con l\u00ednea de Vitamina C.B3 Niacinamida, \u00a1una fusi\u00f3n extraordinaria!<\/div>\n<div>\n<p>Este producto combina la potencia de la Vitamina C y la Niacinamida, cuya sinergia ilumina la piel, reduce la apariencia de manchas oscuras, minimiza los poros y mejora la textura general de la piel.<\/p>\n<div id=\"description\" class=\"tab-pane in active\">\n<div class=\"product-description\">\n<div class=\"rte-content\">\n<p>Este pack incluye cuatro productos de la innovadora l\u00ednea Vitamina C.B3 Niacinamida, ofreciendo un ritual energizante para el cuidado diario de la piel en solo 3 minutos. \u00a1Perfecto para regalar!<\/p>\n<p>Los cosm\u00e9ticos evolucionan constantemente y una de las \u00faltimas tendencias es el \u00abflash effect\u00bb. Los productos de la l\u00ednea Vitamina C.B3 Niacinamida ofrecen resultados instant\u00e1neos con rutinas r\u00e1pidas y sencillas. Este enfoque es ideal para personas con una vida agitada y en constante movimiento, proporcionando una regeneraci\u00f3n intensa y un boost de energ\u00eda inmediato durante el d\u00eda.<\/p>\n<p>\u00bfQu\u00e9 incluye?<\/p>\n<ul>\n<li>Gel Limpiador Facial: Limpia profundamente las impurezas diarias y desobstruye los poros con ingredientes suaves, dejando tu piel fresca y lista para los siguientes pasos de la rutina.<\/li>\n<li>T\u00f3nico Facial en Spray: Aplica el t\u00f3nico utilizando un disco de algod\u00f3n bien empapado, evitando el contorno de ojos. Su pH \u00e1cido restablece el equilibrio de la piel, prepar\u00e1ndola para un cuidado activo.<\/li>\n<li>S\u00e9rum Facial Activo: Aplica el s\u00e9rum con suaves toquecitos usando las yemas de los dedos. Su fino aplicador permite una aplicaci\u00f3n precisa en p\u00f3mulos, arruguitas de la nariz y frente, proporcionando una hidrataci\u00f3n intensiva y mejorando la textura de la piel.<\/li>\n<li>Crema Facial de d\u00eda Revitalizante Wake Me Up: Masajea una peque\u00f1a cantidad en el rostro. Su f\u00f3rmula ligera act\u00faa como primer nutritivo o prebase para el maquillaje, dejando una capa satinada y protectora en la piel.<\/li>\n<\/ul>\n<p>Este pack de Vitamina C.B3 Niacinamida viene presentado en una elegante caja Ziaja, lo que lo convierte en el regalo perfecto para aquellas personas especiales que desean cuidar su piel con productos de alta calidad y eficacia comprobada.<\/p>\n<p>\u00a1Regala el brillo y la juventud a tu piel con este pack y disfruta de una tez radiante y saludable en solo 3 minutos cada ma\u00f1ana!<\/p>\n<\/div>\n<\/div>\n<\/div>\n<\/div>\n<p>Set Rutina Facial D\u00eda VITAMINA C.B3 &#8211; Ziaja<\/p>\n<p><span style=\"color: var(--black-color);font-family: var(--primary-font)\">Cuida tu piel con\u00a0<\/span><a style=\"font-family: var(--primary-font)\" href=\"https:\/\/www.anaromanature.com\/\">Anaroma Nature<\/a><\/p>\n<p><a href=\"mailto:%20info@anaromanature.com\">Cons\u00faltanos\u00a0<\/a>lo que necesites saber o aclarar.<\/p>\n<p>Visita nuestro\u00a0<a href=\"https:\/\/www.instagram.com\/anaromanature\/\">Instagram<\/a>.<\/p>\n","protected":false},"excerpt":{"rendered":"<p>Pack de 4 productos faciales esenciales para la rutina de skincare de d\u00eda con l\u00ednea de Vitamina C.B3 Niacinamida, \u00a1una fusi\u00f3n extraordinaria!<\/p>\n<p>Este producto combina la potencia de la Vitamina C y la Niacinamida, cuya sinergia ilumina la piel, reduce la apariencia de manchas oscuras, minimiza los poros y mejora la textura general de la piel.<\/p>\n<div id=\"description\" class=\"tab-pane in active\">\n<div class=\"product-description\">\n<div class=\"rte-content\">\n<p>Este pack incluye cuatro productos de la innovadora l\u00ednea Vitamina C.B3 Niacinamida, ofreciendo un ritual energizante para el cuidado diario de la piel en solo 3 minutos. \u00a1Perfecto para regalar<\/p>\n<p>\u00bfQu\u00e9 incluye?<\/p>\n<ul>\n<li>Gel Limpiador Facial.<\/li>\n<li>T\u00f3nico Facial en Spray.<\/li>\n<li>S\u00e9rum Facial Activo.<\/li>\n<li>Crema Facial de d\u00eda Revitalizante Wake Me Up.<\/li>\n<\/ul>\n<p>Este pack de Vitamina C.B3 Niacinamida viene presentado en una elegante caja Ziaja, lo que lo convierte en el regalo perfecto para aquellas personas especiales que desean cuidar su piel con productos de alta calidad y eficacia comprobada.<\/p>\n<p>\u00a1Regala el brillo y la juventud a tu piel con este pack y disfruta de una tez radiante y saludable en solo 3 minutos cada ma\u00f1ana!<\/p>\n<\/div>\n<\/div>\n<\/div>\n","protected":false},"featured_media":6769,"comment_status":"open","ping_status":"closed","template":"","meta":{"_joinchat":[]},"product_brand":[],"product_cat":[456,592,668,219],"product_tag":[672,669],"class_list":{"0":"post-6764","1":"product","2":"type-product","3":"status-publish","4":"has-post-thumbnail","6":"product_cat-novedades-cosmetica","7":"product_cat-sets-de-regalo","8":"product_cat-vitamina-c-b3","9":"product_cat-ziaja","10":"product_tag-set-rutina","11":"product_tag-vitamina-c","12":"latest_post","14":"first","15":"instock","16":"taxable","17":"shipping-taxable","18":"purchasable","19":"product-type-simple"},"yoast_head":"<!-- This site is optimized with the Yoast SEO plugin v27.4 - https:\/\/yoast.com\/product\/yoast-seo-wordpress\/ -->\n<title>Set Rutina Facial D\u00eda VITAMINA C.B3 - Ziaja - Anaroma Nature - Tienda Online<\/title>\n<meta name=\"description\" content=\"Set Rutina Facial D\u00eda VITAMINA C.B3 - Ziaja Pack de 4 productos faciales esenciales para la rutina de skincare de d\u00eda con l\u00ednea de Vitamina C.B3 Niacinamida, \u00a1una fusi\u00f3n\" \/>\n<meta name=\"robots\" content=\"index, follow, max-snippet:-1, max-image-preview:large, max-video-preview:-1\" \/>\n<link rel=\"canonical\" href=\"https:\/\/www.anaromanature.com\/index.php\/producto\/set-rutina-facial-dia-vitamina-c-b3-ziaja\/\" \/>\n<meta property=\"og:locale\" content=\"es_ES\" \/>\n<meta property=\"og:type\" content=\"article\" \/>\n<meta property=\"og:title\" content=\"Set Rutina Facial D\u00eda VITAMINA C.B3 - Ziaja - Anaroma Nature - Tienda Online\" \/>\n<meta property=\"og:description\" content=\"Set Rutina Facial D\u00eda VITAMINA C.B3 - Ziaja Pack de 4 productos faciales esenciales para la rutina de skincare de d\u00eda con l\u00ednea de Vitamina C.B3 Niacinamida, \u00a1una fusi\u00f3n\" \/>\n<meta property=\"og:url\" content=\"https:\/\/www.anaromanature.com\/index.php\/producto\/set-rutina-facial-dia-vitamina-c-b3-ziaja\/\" \/>\n<meta property=\"og:site_name\" content=\"Anaroma Nature\" \/>\n<meta property=\"article:publisher\" content=\"http:\/\/facebook.com\/Anaroma-326324794814915\" \/>\n<meta property=\"article:modified_time\" content=\"2024-11-19T09:41:30+00:00\" \/>\n<meta property=\"og:image\" content=\"https:\/\/www.anaromanature.com\/wp-content\/uploads\/2024\/10\/Set-Rutina-Facial-Dia-VITAMINA-C.B3-Ziaja.jpg\" \/>\n\t<meta property=\"og:image:width\" content=\"1100\" \/>\n\t<meta property=\"og:image:height\" content=\"1422\" \/>\n\t<meta property=\"og:image:type\" content=\"image\/jpeg\" \/>\n<meta name=\"twitter:card\" content=\"summary_large_image\" \/>\n<meta name=\"twitter:label1\" content=\"Tiempo de lectura\" \/>\n\t<meta name=\"twitter:data1\" content=\"1 minuto\" \/>\n<script type=\"application\/ld+json\" class=\"yoast-schema-graph\">{\"@context\":\"https:\\\/\\\/schema.org\",\"@graph\":[{\"@type\":\"WebPage\",\"@id\":\"https:\\\/\\\/www.anaromanature.com\\\/index.php\\\/producto\\\/set-rutina-facial-dia-vitamina-c-b3-ziaja\\\/\",\"url\":\"https:\\\/\\\/www.anaromanature.com\\\/index.php\\\/producto\\\/set-rutina-facial-dia-vitamina-c-b3-ziaja\\\/\",\"name\":\"Set Rutina Facial D\u00eda VITAMINA C.B3 - Ziaja - Anaroma Nature - Tienda Online\",\"isPartOf\":{\"@id\":\"https:\\\/\\\/www.anaromanature.com\\\/#website\"},\"primaryImageOfPage\":{\"@id\":\"https:\\\/\\\/www.anaromanature.com\\\/index.php\\\/producto\\\/set-rutina-facial-dia-vitamina-c-b3-ziaja\\\/#primaryimage\"},\"image\":{\"@id\":\"https:\\\/\\\/www.anaromanature.com\\\/index.php\\\/producto\\\/set-rutina-facial-dia-vitamina-c-b3-ziaja\\\/#primaryimage\"},\"thumbnailUrl\":\"https:\\\/\\\/www.anaromanature.com\\\/wp-content\\\/uploads\\\/2024\\\/10\\\/Set-Rutina-Facial-Dia-VITAMINA-C.B3-Ziaja.jpg\",\"datePublished\":\"2024-10-28T06:54:04+00:00\",\"dateModified\":\"2024-11-19T09:41:30+00:00\",\"description\":\"Set Rutina Facial D\u00eda VITAMINA C.B3 - Ziaja Pack de 4 productos faciales esenciales para la rutina de skincare de d\u00eda con l\u00ednea de Vitamina C.B3 Niacinamida, \u00a1una fusi\u00f3n\",\"breadcrumb\":{\"@id\":\"https:\\\/\\\/www.anaromanature.com\\\/index.php\\\/producto\\\/set-rutina-facial-dia-vitamina-c-b3-ziaja\\\/#breadcrumb\"},\"inLanguage\":\"es\",\"potentialAction\":[{\"@type\":\"ReadAction\",\"target\":[\"https:\\\/\\\/www.anaromanature.com\\\/index.php\\\/producto\\\/set-rutina-facial-dia-vitamina-c-b3-ziaja\\\/\"]}]},{\"@type\":\"ImageObject\",\"inLanguage\":\"es\",\"@id\":\"https:\\\/\\\/www.anaromanature.com\\\/index.php\\\/producto\\\/set-rutina-facial-dia-vitamina-c-b3-ziaja\\\/#primaryimage\",\"url\":\"https:\\\/\\\/www.anaromanature.com\\\/wp-content\\\/uploads\\\/2024\\\/10\\\/Set-Rutina-Facial-Dia-VITAMINA-C.B3-Ziaja.jpg\",\"contentUrl\":\"https:\\\/\\\/www.anaromanature.com\\\/wp-content\\\/uploads\\\/2024\\\/10\\\/Set-Rutina-Facial-Dia-VITAMINA-C.B3-Ziaja.jpg\",\"width\":1100,\"height\":1422,\"caption\":\"Set Rutina Facial D\u00eda VITAMINA C.B3 Ziaja\"},{\"@type\":\"BreadcrumbList\",\"@id\":\"https:\\\/\\\/www.anaromanature.com\\\/index.php\\\/producto\\\/set-rutina-facial-dia-vitamina-c-b3-ziaja\\\/#breadcrumb\",\"itemListElement\":[{\"@type\":\"ListItem\",\"position\":1,\"name\":\"Portada\",\"item\":\"https:\\\/\\\/www.anaromanature.com\\\/\"},{\"@type\":\"ListItem\",\"position\":2,\"name\":\"Tienda\",\"item\":\"https:\\\/\\\/www.anaromanature.com\\\/index.php\\\/tienda-premium-online-anarome-nature\\\/\"},{\"@type\":\"ListItem\",\"position\":3,\"name\":\"Set Rutina Facial D\u00eda VITAMINA C.B3 &#8211; Ziaja\"}]},{\"@type\":\"WebSite\",\"@id\":\"https:\\\/\\\/www.anaromanature.com\\\/#website\",\"url\":\"https:\\\/\\\/www.anaromanature.com\\\/\",\"name\":\"Anaroma Nature\",\"description\":\"Aromas y color\",\"publisher\":{\"@id\":\"https:\\\/\\\/www.anaromanature.com\\\/#organization\"},\"potentialAction\":[{\"@type\":\"SearchAction\",\"target\":{\"@type\":\"EntryPoint\",\"urlTemplate\":\"https:\\\/\\\/www.anaromanature.com\\\/?s={search_term_string}\"},\"query-input\":{\"@type\":\"PropertyValueSpecification\",\"valueRequired\":true,\"valueName\":\"search_term_string\"}}],\"inLanguage\":\"es\"},{\"@type\":\"Organization\",\"@id\":\"https:\\\/\\\/www.anaromanature.com\\\/#organization\",\"name\":\"Anaroma Nature\",\"url\":\"https:\\\/\\\/www.anaromanature.com\\\/\",\"logo\":{\"@type\":\"ImageObject\",\"inLanguage\":\"es\",\"@id\":\"https:\\\/\\\/www.anaromanature.com\\\/#\\\/schema\\\/logo\\\/image\\\/\",\"url\":\"https:\\\/\\\/i2.wp.com\\\/www.anaromanature.com\\\/wp-content\\\/uploads\\\/2021\\\/02\\\/cropped-Logotipo-Anaroma-2.png?fit=290%2C288&ssl=1\",\"contentUrl\":\"https:\\\/\\\/i2.wp.com\\\/www.anaromanature.com\\\/wp-content\\\/uploads\\\/2021\\\/02\\\/cropped-Logotipo-Anaroma-2.png?fit=290%2C288&ssl=1\",\"width\":290,\"height\":288,\"caption\":\"Anaroma Nature\"},\"image\":{\"@id\":\"https:\\\/\\\/www.anaromanature.com\\\/#\\\/schema\\\/logo\\\/image\\\/\"},\"sameAs\":[\"http:\\\/\\\/facebook.com\\\/Anaroma-326324794814915\",\"http:\\\/\\\/instagram.com\\\/anaromanature\"]}]}<\/script>\n<!-- \/ Yoast SEO plugin. -->","yoast_head_json":{"title":"Set Rutina Facial D\u00eda VITAMINA C.B3 - Ziaja - Anaroma Nature - Tienda Online","description":"Set Rutina Facial D\u00eda VITAMINA C.B3 - Ziaja Pack de 4 productos faciales esenciales para la rutina de skincare de d\u00eda con l\u00ednea de Vitamina C.B3 Niacinamida, \u00a1una fusi\u00f3n","robots":{"index":"index","follow":"follow","max-snippet":"max-snippet:-1","max-image-preview":"max-image-preview:large","max-video-preview":"max-video-preview:-1"},"canonical":"https:\/\/www.anaromanature.com\/index.php\/producto\/set-rutina-facial-dia-vitamina-c-b3-ziaja\/","og_locale":"es_ES","og_type":"article","og_title":"Set Rutina Facial D\u00eda VITAMINA C.B3 - Ziaja - Anaroma Nature - Tienda Online","og_description":"Set Rutina Facial D\u00eda VITAMINA C.B3 - Ziaja Pack de 4 productos faciales esenciales para la rutina de skincare de d\u00eda con l\u00ednea de Vitamina C.B3 Niacinamida, \u00a1una fusi\u00f3n","og_url":"https:\/\/www.anaromanature.com\/index.php\/producto\/set-rutina-facial-dia-vitamina-c-b3-ziaja\/","og_site_name":"Anaroma Nature","article_publisher":"http:\/\/facebook.com\/Anaroma-326324794814915","article_modified_time":"2024-11-19T09:41:30+00:00","og_image":[{"width":1100,"height":1422,"url":"https:\/\/www.anaromanature.com\/wp-content\/uploads\/2024\/10\/Set-Rutina-Facial-Dia-VITAMINA-C.B3-Ziaja.jpg","type":"image\/jpeg"}],"twitter_card":"summary_large_image","twitter_misc":{"Tiempo de lectura":"1 minuto"},"schema":{"@context":"https:\/\/schema.org","@graph":[{"@type":"WebPage","@id":"https:\/\/www.anaromanature.com\/index.php\/producto\/set-rutina-facial-dia-vitamina-c-b3-ziaja\/","url":"https:\/\/www.anaromanature.com\/index.php\/producto\/set-rutina-facial-dia-vitamina-c-b3-ziaja\/","name":"Set Rutina Facial D\u00eda VITAMINA C.B3 - Ziaja - Anaroma Nature - Tienda Online","isPartOf":{"@id":"https:\/\/www.anaromanature.com\/#website"},"primaryImageOfPage":{"@id":"https:\/\/www.anaromanature.com\/index.php\/producto\/set-rutina-facial-dia-vitamina-c-b3-ziaja\/#primaryimage"},"image":{"@id":"https:\/\/www.anaromanature.com\/index.php\/producto\/set-rutina-facial-dia-vitamina-c-b3-ziaja\/#primaryimage"},"thumbnailUrl":"https:\/\/www.anaromanature.com\/wp-content\/uploads\/2024\/10\/Set-Rutina-Facial-Dia-VITAMINA-C.B3-Ziaja.jpg","datePublished":"2024-10-28T06:54:04+00:00","dateModified":"2024-11-19T09:41:30+00:00","description":"Set Rutina Facial D\u00eda VITAMINA C.B3 - Ziaja Pack de 4 productos faciales esenciales para la rutina de skincare de d\u00eda con l\u00ednea de Vitamina C.B3 Niacinamida, \u00a1una fusi\u00f3n","breadcrumb":{"@id":"https:\/\/www.anaromanature.com\/index.php\/producto\/set-rutina-facial-dia-vitamina-c-b3-ziaja\/#breadcrumb"},"inLanguage":"es","potentialAction":[{"@type":"ReadAction","target":["https:\/\/www.anaromanature.com\/index.php\/producto\/set-rutina-facial-dia-vitamina-c-b3-ziaja\/"]}]},{"@type":"ImageObject","inLanguage":"es","@id":"https:\/\/www.anaromanature.com\/index.php\/producto\/set-rutina-facial-dia-vitamina-c-b3-ziaja\/#primaryimage","url":"https:\/\/www.anaromanature.com\/wp-content\/uploads\/2024\/10\/Set-Rutina-Facial-Dia-VITAMINA-C.B3-Ziaja.jpg","contentUrl":"https:\/\/www.anaromanature.com\/wp-content\/uploads\/2024\/10\/Set-Rutina-Facial-Dia-VITAMINA-C.B3-Ziaja.jpg","width":1100,"height":1422,"caption":"Set Rutina Facial D\u00eda VITAMINA C.B3 Ziaja"},{"@type":"BreadcrumbList","@id":"https:\/\/www.anaromanature.com\/index.php\/producto\/set-rutina-facial-dia-vitamina-c-b3-ziaja\/#breadcrumb","itemListElement":[{"@type":"ListItem","position":1,"name":"Portada","item":"https:\/\/www.anaromanature.com\/"},{"@type":"ListItem","position":2,"name":"Tienda","item":"https:\/\/www.anaromanature.com\/index.php\/tienda-premium-online-anarome-nature\/"},{"@type":"ListItem","position":3,"name":"Set Rutina Facial D\u00eda VITAMINA C.B3 &#8211; Ziaja"}]},{"@type":"WebSite","@id":"https:\/\/www.anaromanature.com\/#website","url":"https:\/\/www.anaromanature.com\/","name":"Anaroma Nature","description":"Aromas y color","publisher":{"@id":"https:\/\/www.anaromanature.com\/#organization"},"potentialAction":[{"@type":"SearchAction","target":{"@type":"EntryPoint","urlTemplate":"https:\/\/www.anaromanature.com\/?s={search_term_string}"},"query-input":{"@type":"PropertyValueSpecification","valueRequired":true,"valueName":"search_term_string"}}],"inLanguage":"es"},{"@type":"Organization","@id":"https:\/\/www.anaromanature.com\/#organization","name":"Anaroma Nature","url":"https:\/\/www.anaromanature.com\/","logo":{"@type":"ImageObject","inLanguage":"es","@id":"https:\/\/www.anaromanature.com\/#\/schema\/logo\/image\/","url":"https:\/\/i2.wp.com\/www.anaromanature.com\/wp-content\/uploads\/2021\/02\/cropped-Logotipo-Anaroma-2.png?fit=290%2C288&ssl=1","contentUrl":"https:\/\/i2.wp.com\/www.anaromanature.com\/wp-content\/uploads\/2021\/02\/cropped-Logotipo-Anaroma-2.png?fit=290%2C288&ssl=1","width":290,"height":288,"caption":"Anaroma Nature"},"image":{"@id":"https:\/\/www.anaromanature.com\/#\/schema\/logo\/image\/"},"sameAs":["http:\/\/facebook.com\/Anaroma-326324794814915","http:\/\/instagram.com\/anaromanature"]}]}},"_links":{"self":[{"href":"https:\/\/www.anaromanature.com\/index.php\/wp-json\/wp\/v2\/product\/6764","targetHints":{"allow":["GET"]}}],"collection":[{"href":"https:\/\/www.anaromanature.com\/index.php\/wp-json\/wp\/v2\/product"}],"about":[{"href":"https:\/\/www.anaromanature.com\/index.php\/wp-json\/wp\/v2\/types\/product"}],"replies":[{"embeddable":true,"href":"https:\/\/www.anaromanature.com\/index.php\/wp-json\/wp\/v2\/comments?post=6764"}],"wp:featuredmedia":[{"embeddable":true,"href":"https:\/\/www.anaromanature.com\/index.php\/wp-json\/wp\/v2\/media\/6769"}],"wp:attachment":[{"href":"https:\/\/www.anaromanature.com\/index.php\/wp-json\/wp\/v2\/media?parent=6764"}],"wp:term":[{"taxonomy":"product_brand","embeddable":true,"href":"https:\/\/www.anaromanature.com\/index.php\/wp-json\/wp\/v2\/product_brand?post=6764"},{"taxonomy":"product_cat","embeddable":true,"href":"https:\/\/www.anaromanature.com\/index.php\/wp-json\/wp\/v2\/product_cat?post=6764"},{"taxonomy":"product_tag","embeddable":true,"href":"https:\/\/www.anaromanature.com\/index.php\/wp-json\/wp\/v2\/product_tag?post=6764"}],"curies":[{"name":"wp","href":"https:\/\/api.w.org\/{rel}","templated":true}]}}