{"id":6906,"date":"2025-04-12T10:52:14","date_gmt":"2025-04-12T09:52:14","guid":{"rendered":"https:\/\/www.anaromanature.com\/?post_type=product&#038;p=6906"},"modified":"2025-04-12T11:25:17","modified_gmt":"2025-04-12T10:25:17","slug":"duha-al-wataniah-perfume-unisex","status":"publish","type":"product","link":"https:\/\/www.anaromanature.com\/index.php\/producto\/duha-al-wataniah-perfume-unisex\/","title":{"rendered":"Duha Al Wataniah Perfume UNISEX"},"content":{"rendered":"<p>Duha Al Wataniah Perfume UNISEX<\/p>\n<p><strong style=\"color: var(--black-color); font-family: var(--primary-font);\">Packaging de lujo<\/strong><\/p>\n<div class=\"image-with-text__text rte body\">\n<p>Descubre una fragancia absolutamente excepcional que resalta con elegancia la personalidad \u00fanica de quien la lleva. El eau de parfum unisex <strong>Al Wataniah Duha<\/strong> es la elecci\u00f3n perfecta para quienes desean destacar con autenticidad y sofisticaci\u00f3n. Su composici\u00f3n arom\u00e1tica envolvente combina lo mejor de las notas frescas, dulces y amaderadas para dejar una impresi\u00f3n duradera.<\/p>\n<p><strong>Caracter\u00edsticas destacadas:<\/strong><\/p>\n<ul>\n<li><strong>Notas de salida vibrantes:<\/strong> mandarina y salvia (clary sage) aportan un inicio fresco, chispeante y lleno de vitalidad.<\/li>\n<li><strong>Notas de coraz\u00f3n c\u00e1lidas y dulces:<\/strong> la haba tonka y el caramelo a\u00f1aden una profundidad gourmand que equilibra perfectamente el conjunto.<\/li>\n<li><strong>Notas de fondo intensas y terrosas:<\/strong> el vetiver le da un cierre elegante, masculino y con car\u00e1cter.<\/li>\n<li><strong>Fragancia vers\u00e1til y unisex:<\/strong> ideal para hombres y mujeres que buscan una esencia con fuerza y personalidad.<\/li>\n<li><strong>Familia olfativa rica y envolvente:<\/strong> combina acordes arom\u00e1ticos, orientales, especiados y amaderados en perfecta armon\u00eda.<\/li>\n<li><strong>Perfecta para uso diario o eventos especiales:<\/strong> deja una estela \u00fanica que no pasa desapercibida.<\/li>\n<\/ul>\n<p><span style=\"color: var(--black-color); font-family: var(--primary-font);\">Perfuma tu hogar con\u00a0<\/span><a style=\"font-family: var(--primary-font);\" href=\"https:\/\/www.anaromanature.com\/\">Anaroma Nature<\/a><\/p>\n<p><a href=\"mailto:%20info@anaromanature.com\">Cons\u00faltanos\u00a0<\/a>lo que necesites saber o aclarar.<\/p>\n<p>S\u00edguenos en\u00a0<a href=\"https:\/\/www.instagram.com\/anaromanature\/\">Instagram<\/a>.<\/p>\n<\/div>\n","protected":false},"excerpt":{"rendered":"<p><strong>Fragancia vers\u00e1til y unisex:<\/strong> ideal para hombres y mujeres que buscan una esencia con fuerza y personalidad.<\/p>\n<p><strong>Capacidad:<\/strong> 100ml<\/p>\n<p>Descubre una fragancia absolutamente excepcional que resalta con elegancia la personalidad \u00fanica de quien la lleva. El eau de parfum unisex <strong>Al Wataniah Duha<\/strong> es la elecci\u00f3n perfecta para quienes desean destacar con autenticidad y sofisticaci\u00f3n.<\/p>\n<p>Su composici\u00f3n arom\u00e1tica envolvente combina lo mejor de las notas frescas, dulces y amaderadas para dejar una impresi\u00f3n duradera.<\/p>\n","protected":false},"featured_media":6909,"comment_status":"open","ping_status":"closed","template":"","meta":{"_joinchat":[]},"product_brand":[],"product_cat":[673],"product_tag":[677,676],"class_list":{"0":"post-6906","1":"product","2":"type-product","3":"status-publish","4":"has-post-thumbnail","6":"product_cat-perfumes-arabes","7":"product_tag-duha","8":"product_tag-perfume-arabe","9":"latest_post","11":"first","12":"instock","13":"taxable","14":"shipping-taxable","15":"purchasable","16":"product-type-simple"},"yoast_head":"<!-- This site is optimized with the Yoast SEO plugin v27.4 - https:\/\/yoast.com\/product\/yoast-seo-wordpress\/ -->\n<title>Duha Al Wataniah Perfume UNISEX - Anaroma Nature<\/title>\n<meta name=\"description\" content=\"Duha Al Wataniah Perfume UNISEX Packaging de lujo Descubre una fragancia absolutamente excepcional que resalta con elegancia la personalidad \u00fanica de\" \/>\n<meta name=\"robots\" content=\"index, follow, max-snippet:-1, max-image-preview:large, max-video-preview:-1\" \/>\n<link rel=\"canonical\" href=\"https:\/\/www.anaromanature.com\/index.php\/producto\/duha-al-wataniah-perfume-unisex\/\" \/>\n<meta property=\"og:locale\" content=\"es_ES\" \/>\n<meta property=\"og:type\" content=\"article\" \/>\n<meta property=\"og:title\" content=\"Duha Al Wataniah Perfume UNISEX - Anaroma Nature\" \/>\n<meta property=\"og:description\" content=\"Duha Al Wataniah Perfume UNISEX Packaging de lujo Descubre una fragancia absolutamente excepcional que resalta con elegancia la personalidad \u00fanica de\" \/>\n<meta property=\"og:url\" content=\"https:\/\/www.anaromanature.com\/index.php\/producto\/duha-al-wataniah-perfume-unisex\/\" \/>\n<meta property=\"og:site_name\" content=\"Anaroma Nature\" \/>\n<meta property=\"article:publisher\" content=\"http:\/\/facebook.com\/Anaroma-326324794814915\" \/>\n<meta property=\"article:modified_time\" content=\"2025-04-12T10:25:17+00:00\" \/>\n<meta property=\"og:image\" content=\"https:\/\/www.anaromanature.com\/wp-content\/uploads\/2025\/04\/Al-Wataniah-Duha-2.jpg\" \/>\n\t<meta property=\"og:image:width\" content=\"890\" \/>\n\t<meta property=\"og:image:height\" content=\"890\" \/>\n\t<meta property=\"og:image:type\" content=\"image\/jpeg\" \/>\n<meta name=\"twitter:card\" content=\"summary_large_image\" \/>\n<meta name=\"twitter:label1\" content=\"Tiempo de lectura\" \/>\n\t<meta name=\"twitter:data1\" content=\"1 minuto\" \/>\n<script type=\"application\/ld+json\" class=\"yoast-schema-graph\">{\"@context\":\"https:\\\/\\\/schema.org\",\"@graph\":[{\"@type\":\"WebPage\",\"@id\":\"https:\\\/\\\/www.anaromanature.com\\\/index.php\\\/producto\\\/duha-al-wataniah-perfume-unisex\\\/\",\"url\":\"https:\\\/\\\/www.anaromanature.com\\\/index.php\\\/producto\\\/duha-al-wataniah-perfume-unisex\\\/\",\"name\":\"Duha Al Wataniah Perfume UNISEX - Anaroma Nature\",\"isPartOf\":{\"@id\":\"https:\\\/\\\/www.anaromanature.com\\\/#website\"},\"primaryImageOfPage\":{\"@id\":\"https:\\\/\\\/www.anaromanature.com\\\/index.php\\\/producto\\\/duha-al-wataniah-perfume-unisex\\\/#primaryimage\"},\"image\":{\"@id\":\"https:\\\/\\\/www.anaromanature.com\\\/index.php\\\/producto\\\/duha-al-wataniah-perfume-unisex\\\/#primaryimage\"},\"thumbnailUrl\":\"https:\\\/\\\/www.anaromanature.com\\\/wp-content\\\/uploads\\\/2025\\\/04\\\/Al-Wataniah-Duha-2.jpg\",\"datePublished\":\"2025-04-12T09:52:14+00:00\",\"dateModified\":\"2025-04-12T10:25:17+00:00\",\"description\":\"Duha Al Wataniah Perfume UNISEX Packaging de lujo Descubre una fragancia absolutamente excepcional que resalta con elegancia la personalidad \u00fanica de\",\"breadcrumb\":{\"@id\":\"https:\\\/\\\/www.anaromanature.com\\\/index.php\\\/producto\\\/duha-al-wataniah-perfume-unisex\\\/#breadcrumb\"},\"inLanguage\":\"es\",\"potentialAction\":[{\"@type\":\"ReadAction\",\"target\":[\"https:\\\/\\\/www.anaromanature.com\\\/index.php\\\/producto\\\/duha-al-wataniah-perfume-unisex\\\/\"]}]},{\"@type\":\"ImageObject\",\"inLanguage\":\"es\",\"@id\":\"https:\\\/\\\/www.anaromanature.com\\\/index.php\\\/producto\\\/duha-al-wataniah-perfume-unisex\\\/#primaryimage\",\"url\":\"https:\\\/\\\/www.anaromanature.com\\\/wp-content\\\/uploads\\\/2025\\\/04\\\/Al-Wataniah-Duha-2.jpg\",\"contentUrl\":\"https:\\\/\\\/www.anaromanature.com\\\/wp-content\\\/uploads\\\/2025\\\/04\\\/Al-Wataniah-Duha-2.jpg\",\"width\":890,\"height\":890,\"caption\":\"Al Wataniah Duha 2\"},{\"@type\":\"BreadcrumbList\",\"@id\":\"https:\\\/\\\/www.anaromanature.com\\\/index.php\\\/producto\\\/duha-al-wataniah-perfume-unisex\\\/#breadcrumb\",\"itemListElement\":[{\"@type\":\"ListItem\",\"position\":1,\"name\":\"Portada\",\"item\":\"https:\\\/\\\/www.anaromanature.com\\\/\"},{\"@type\":\"ListItem\",\"position\":2,\"name\":\"Tienda\",\"item\":\"https:\\\/\\\/www.anaromanature.com\\\/index.php\\\/tienda-premium-online-anarome-nature\\\/\"},{\"@type\":\"ListItem\",\"position\":3,\"name\":\"Duha Al Wataniah Perfume UNISEX\"}]},{\"@type\":\"WebSite\",\"@id\":\"https:\\\/\\\/www.anaromanature.com\\\/#website\",\"url\":\"https:\\\/\\\/www.anaromanature.com\\\/\",\"name\":\"Anaroma Nature\",\"description\":\"Aromas y color\",\"publisher\":{\"@id\":\"https:\\\/\\\/www.anaromanature.com\\\/#organization\"},\"potentialAction\":[{\"@type\":\"SearchAction\",\"target\":{\"@type\":\"EntryPoint\",\"urlTemplate\":\"https:\\\/\\\/www.anaromanature.com\\\/?s={search_term_string}\"},\"query-input\":{\"@type\":\"PropertyValueSpecification\",\"valueRequired\":true,\"valueName\":\"search_term_string\"}}],\"inLanguage\":\"es\"},{\"@type\":\"Organization\",\"@id\":\"https:\\\/\\\/www.anaromanature.com\\\/#organization\",\"name\":\"Anaroma Nature\",\"url\":\"https:\\\/\\\/www.anaromanature.com\\\/\",\"logo\":{\"@type\":\"ImageObject\",\"inLanguage\":\"es\",\"@id\":\"https:\\\/\\\/www.anaromanature.com\\\/#\\\/schema\\\/logo\\\/image\\\/\",\"url\":\"https:\\\/\\\/i2.wp.com\\\/www.anaromanature.com\\\/wp-content\\\/uploads\\\/2021\\\/02\\\/cropped-Logotipo-Anaroma-2.png?fit=290%2C288&ssl=1\",\"contentUrl\":\"https:\\\/\\\/i2.wp.com\\\/www.anaromanature.com\\\/wp-content\\\/uploads\\\/2021\\\/02\\\/cropped-Logotipo-Anaroma-2.png?fit=290%2C288&ssl=1\",\"width\":290,\"height\":288,\"caption\":\"Anaroma Nature\"},\"image\":{\"@id\":\"https:\\\/\\\/www.anaromanature.com\\\/#\\\/schema\\\/logo\\\/image\\\/\"},\"sameAs\":[\"http:\\\/\\\/facebook.com\\\/Anaroma-326324794814915\",\"http:\\\/\\\/instagram.com\\\/anaromanature\"]}]}<\/script>\n<!-- \/ Yoast SEO plugin. -->","yoast_head_json":{"title":"Duha Al Wataniah Perfume UNISEX - Anaroma Nature","description":"Duha Al Wataniah Perfume UNISEX Packaging de lujo Descubre una fragancia absolutamente excepcional que resalta con elegancia la personalidad \u00fanica de","robots":{"index":"index","follow":"follow","max-snippet":"max-snippet:-1","max-image-preview":"max-image-preview:large","max-video-preview":"max-video-preview:-1"},"canonical":"https:\/\/www.anaromanature.com\/index.php\/producto\/duha-al-wataniah-perfume-unisex\/","og_locale":"es_ES","og_type":"article","og_title":"Duha Al Wataniah Perfume UNISEX - Anaroma Nature","og_description":"Duha Al Wataniah Perfume UNISEX Packaging de lujo Descubre una fragancia absolutamente excepcional que resalta con elegancia la personalidad \u00fanica de","og_url":"https:\/\/www.anaromanature.com\/index.php\/producto\/duha-al-wataniah-perfume-unisex\/","og_site_name":"Anaroma Nature","article_publisher":"http:\/\/facebook.com\/Anaroma-326324794814915","article_modified_time":"2025-04-12T10:25:17+00:00","og_image":[{"width":890,"height":890,"url":"https:\/\/www.anaromanature.com\/wp-content\/uploads\/2025\/04\/Al-Wataniah-Duha-2.jpg","type":"image\/jpeg"}],"twitter_card":"summary_large_image","twitter_misc":{"Tiempo de lectura":"1 minuto"},"schema":{"@context":"https:\/\/schema.org","@graph":[{"@type":"WebPage","@id":"https:\/\/www.anaromanature.com\/index.php\/producto\/duha-al-wataniah-perfume-unisex\/","url":"https:\/\/www.anaromanature.com\/index.php\/producto\/duha-al-wataniah-perfume-unisex\/","name":"Duha Al Wataniah Perfume UNISEX - Anaroma Nature","isPartOf":{"@id":"https:\/\/www.anaromanature.com\/#website"},"primaryImageOfPage":{"@id":"https:\/\/www.anaromanature.com\/index.php\/producto\/duha-al-wataniah-perfume-unisex\/#primaryimage"},"image":{"@id":"https:\/\/www.anaromanature.com\/index.php\/producto\/duha-al-wataniah-perfume-unisex\/#primaryimage"},"thumbnailUrl":"https:\/\/www.anaromanature.com\/wp-content\/uploads\/2025\/04\/Al-Wataniah-Duha-2.jpg","datePublished":"2025-04-12T09:52:14+00:00","dateModified":"2025-04-12T10:25:17+00:00","description":"Duha Al Wataniah Perfume UNISEX Packaging de lujo Descubre una fragancia absolutamente excepcional que resalta con elegancia la personalidad \u00fanica de","breadcrumb":{"@id":"https:\/\/www.anaromanature.com\/index.php\/producto\/duha-al-wataniah-perfume-unisex\/#breadcrumb"},"inLanguage":"es","potentialAction":[{"@type":"ReadAction","target":["https:\/\/www.anaromanature.com\/index.php\/producto\/duha-al-wataniah-perfume-unisex\/"]}]},{"@type":"ImageObject","inLanguage":"es","@id":"https:\/\/www.anaromanature.com\/index.php\/producto\/duha-al-wataniah-perfume-unisex\/#primaryimage","url":"https:\/\/www.anaromanature.com\/wp-content\/uploads\/2025\/04\/Al-Wataniah-Duha-2.jpg","contentUrl":"https:\/\/www.anaromanature.com\/wp-content\/uploads\/2025\/04\/Al-Wataniah-Duha-2.jpg","width":890,"height":890,"caption":"Al Wataniah Duha 2"},{"@type":"BreadcrumbList","@id":"https:\/\/www.anaromanature.com\/index.php\/producto\/duha-al-wataniah-perfume-unisex\/#breadcrumb","itemListElement":[{"@type":"ListItem","position":1,"name":"Portada","item":"https:\/\/www.anaromanature.com\/"},{"@type":"ListItem","position":2,"name":"Tienda","item":"https:\/\/www.anaromanature.com\/index.php\/tienda-premium-online-anarome-nature\/"},{"@type":"ListItem","position":3,"name":"Duha Al Wataniah Perfume UNISEX"}]},{"@type":"WebSite","@id":"https:\/\/www.anaromanature.com\/#website","url":"https:\/\/www.anaromanature.com\/","name":"Anaroma Nature","description":"Aromas y color","publisher":{"@id":"https:\/\/www.anaromanature.com\/#organization"},"potentialAction":[{"@type":"SearchAction","target":{"@type":"EntryPoint","urlTemplate":"https:\/\/www.anaromanature.com\/?s={search_term_string}"},"query-input":{"@type":"PropertyValueSpecification","valueRequired":true,"valueName":"search_term_string"}}],"inLanguage":"es"},{"@type":"Organization","@id":"https:\/\/www.anaromanature.com\/#organization","name":"Anaroma Nature","url":"https:\/\/www.anaromanature.com\/","logo":{"@type":"ImageObject","inLanguage":"es","@id":"https:\/\/www.anaromanature.com\/#\/schema\/logo\/image\/","url":"https:\/\/i2.wp.com\/www.anaromanature.com\/wp-content\/uploads\/2021\/02\/cropped-Logotipo-Anaroma-2.png?fit=290%2C288&ssl=1","contentUrl":"https:\/\/i2.wp.com\/www.anaromanature.com\/wp-content\/uploads\/2021\/02\/cropped-Logotipo-Anaroma-2.png?fit=290%2C288&ssl=1","width":290,"height":288,"caption":"Anaroma Nature"},"image":{"@id":"https:\/\/www.anaromanature.com\/#\/schema\/logo\/image\/"},"sameAs":["http:\/\/facebook.com\/Anaroma-326324794814915","http:\/\/instagram.com\/anaromanature"]}]}},"_links":{"self":[{"href":"https:\/\/www.anaromanature.com\/index.php\/wp-json\/wp\/v2\/product\/6906","targetHints":{"allow":["GET"]}}],"collection":[{"href":"https:\/\/www.anaromanature.com\/index.php\/wp-json\/wp\/v2\/product"}],"about":[{"href":"https:\/\/www.anaromanature.com\/index.php\/wp-json\/wp\/v2\/types\/product"}],"replies":[{"embeddable":true,"href":"https:\/\/www.anaromanature.com\/index.php\/wp-json\/wp\/v2\/comments?post=6906"}],"wp:featuredmedia":[{"embeddable":true,"href":"https:\/\/www.anaromanature.com\/index.php\/wp-json\/wp\/v2\/media\/6909"}],"wp:attachment":[{"href":"https:\/\/www.anaromanature.com\/index.php\/wp-json\/wp\/v2\/media?parent=6906"}],"wp:term":[{"taxonomy":"product_brand","embeddable":true,"href":"https:\/\/www.anaromanature.com\/index.php\/wp-json\/wp\/v2\/product_brand?post=6906"},{"taxonomy":"product_cat","embeddable":true,"href":"https:\/\/www.anaromanature.com\/index.php\/wp-json\/wp\/v2\/product_cat?post=6906"},{"taxonomy":"product_tag","embeddable":true,"href":"https:\/\/www.anaromanature.com\/index.php\/wp-json\/wp\/v2\/product_tag?post=6906"}],"curies":[{"name":"wp","href":"https:\/\/api.w.org\/{rel}","templated":true}]}}