{"id":6914,"date":"2025-04-12T11:17:40","date_gmt":"2025-04-12T10:17:40","guid":{"rendered":"https:\/\/www.anaromanature.com\/?post_type=product&#038;p=6914"},"modified":"2025-06-10T21:49:50","modified_gmt":"2025-06-10T20:49:50","slug":"attar-al-wesal-al-wataniah-perfume-de-hombre","status":"publish","type":"product","link":"https:\/\/www.anaromanature.com\/index.php\/producto\/attar-al-wesal-al-wataniah-perfume-de-hombre\/","title":{"rendered":"Attar Al Wesal Al Wataniah Perfume de Hombre"},"content":{"rendered":"<p>Attar Al Wesal Al Wataniah Perfume de Hombre<\/p>\n<p><strong style=\"color: var(--black-color); font-family: var(--primary-font);\">Packaging de lujo<\/strong><\/p>\n<div class=\"image-with-text__text rte body\">\n<p>No dejes que nada te detenga y d\u00e9jate envolver por una explosi\u00f3n de energ\u00eda y car\u00e1cter. El <strong>eau de parfum para hombre Al Wataniah Attar Al Wesal<\/strong> es una fragancia oriental y foug\u00e8re dise\u00f1ada para acompa\u00f1arte en cada desaf\u00edo con estilo y determinaci\u00f3n. Su composici\u00f3n vibrante y sofisticada despierta los sentidos y te impulsa a destacar con confianza.<\/p>\n<p>Caracter\u00edsticas destacadas:<\/p>\n<ul>\n<li><strong>Notas de cabeza intensamente refrescantes:<\/strong> la pera, lavanda, menta, bergamota y lim\u00f3n crean una apertura chispeante y revitalizante, perfecta para comenzar el d\u00eda con energ\u00eda.<\/li>\n<li><strong>Notas de coraz\u00f3n especiadas y masculinas:<\/strong> la canela, el comino y la salvia aportan profundidad y car\u00e1cter, con un toque intrigante y seductor.<\/li>\n<li><strong>Notas de fondo c\u00e1lidas y envolventes:<\/strong> la vainilla negra, el \u00e1mbar, el pachuli y el cedro cierran la fragancia con una estela duradera y poderosa.<\/li>\n<li><strong>Fragancia oriental con alma moderna:<\/strong> combina dulzura, frescura y calidez en perfecta armon\u00eda.<\/li>\n<li><strong>Estilo foug\u00e8re sofisticado:<\/strong> ideal para hombres seguros, decididos y con esp\u00edritu conquistador.<\/li>\n<li><strong>Perfecta para uso diario o para ocasiones especiales:<\/strong> una esencia vers\u00e1til que deja huella.<\/li>\n<\/ul>\n<p><span style=\"color: var(--black-color); font-family: var(--primary-font);\">Perfuma tu hogar con\u00a0<\/span><a style=\"font-family: var(--primary-font);\" href=\"https:\/\/www.anaromanature.com\/\">Anaroma Nature<\/a><\/p>\n<p><a href=\"mailto:%20info@anaromanature.com\">Cons\u00faltanos\u00a0<\/a>lo que necesites saber o aclarar.<\/p>\n<p>S\u00edguenos en\u00a0<a href=\"https:\/\/www.instagram.com\/anaromanature\/\">Instagram<\/a>.<\/p>\n<\/div>\n","protected":false},"excerpt":{"rendered":"<p><strong>Capacidad:<\/strong> 100ml<\/p>\n<p>No dejes que nada te detenga y d\u00e9jate envolver por una explosi\u00f3n de energ\u00eda y car\u00e1cter. El <strong>eau de parfum para hombre Al Wataniah Attar Al Wesal<\/strong> es una fragancia oriental y foug\u00e8re dise\u00f1ada para acompa\u00f1arte en cada desaf\u00edo con estilo y determinaci\u00f3n.<\/p>\n<p>Su composici\u00f3n vibrante y sofisticada despierta los sentidos y te impulsa a destacar con confianza.<\/p>\n","protected":false},"featured_media":6915,"comment_status":"open","ping_status":"closed","template":"","meta":{"_joinchat":[]},"product_brand":[],"product_cat":[673],"product_tag":[679,676],"class_list":{"0":"post-6914","1":"product","2":"type-product","3":"status-publish","4":"has-post-thumbnail","6":"product_cat-perfumes-arabes","7":"product_tag-attar-al-wesal","8":"product_tag-perfume-arabe","9":"latest_post","11":"first","12":"instock","13":"taxable","14":"shipping-taxable","15":"purchasable","16":"product-type-simple"},"yoast_head":"<!-- This site is optimized with the Yoast SEO plugin v27.4 - https:\/\/yoast.com\/product\/yoast-seo-wordpress\/ -->\n<title>Attar Al Wesal Al Wataniah Perfume de Hombre - Anaroma Nature<\/title>\n<meta name=\"description\" content=\"Attar Al Wesal Al Wataniah Perfume de Hombre Packaging de lujoNo dejes que nada te detenga y d\u00e9jate envolver por una explosi\u00f3n de energ\u00eda y car\u00e1cter.\" \/>\n<meta name=\"robots\" content=\"index, follow, max-snippet:-1, max-image-preview:large, max-video-preview:-1\" \/>\n<link rel=\"canonical\" href=\"https:\/\/www.anaromanature.com\/index.php\/producto\/attar-al-wesal-al-wataniah-perfume-de-hombre\/\" \/>\n<meta property=\"og:locale\" content=\"es_ES\" \/>\n<meta property=\"og:type\" content=\"article\" \/>\n<meta property=\"og:title\" content=\"Attar Al Wesal Al Wataniah Perfume de Hombre - Anaroma Nature\" \/>\n<meta property=\"og:description\" content=\"Attar Al Wesal Al Wataniah Perfume de Hombre Packaging de lujoNo dejes que nada te detenga y d\u00e9jate envolver por una explosi\u00f3n de energ\u00eda y car\u00e1cter.\" \/>\n<meta property=\"og:url\" content=\"https:\/\/www.anaromanature.com\/index.php\/producto\/attar-al-wesal-al-wataniah-perfume-de-hombre\/\" \/>\n<meta property=\"og:site_name\" content=\"Anaroma Nature\" \/>\n<meta property=\"article:publisher\" content=\"http:\/\/facebook.com\/Anaroma-326324794814915\" \/>\n<meta property=\"article:modified_time\" content=\"2025-06-10T20:49:50+00:00\" \/>\n<meta property=\"og:image\" content=\"https:\/\/www.anaromanature.com\/wp-content\/uploads\/2025\/04\/Attar-Al-Wesal-Wataniah-2.jpg\" \/>\n\t<meta property=\"og:image:width\" content=\"890\" \/>\n\t<meta property=\"og:image:height\" content=\"890\" \/>\n\t<meta property=\"og:image:type\" content=\"image\/jpeg\" \/>\n<meta name=\"twitter:card\" content=\"summary_large_image\" \/>\n<meta name=\"twitter:label1\" content=\"Tiempo de lectura\" \/>\n\t<meta name=\"twitter:data1\" content=\"1 minuto\" \/>\n<script type=\"application\/ld+json\" class=\"yoast-schema-graph\">{\"@context\":\"https:\\\/\\\/schema.org\",\"@graph\":[{\"@type\":\"WebPage\",\"@id\":\"https:\\\/\\\/www.anaromanature.com\\\/index.php\\\/producto\\\/attar-al-wesal-al-wataniah-perfume-de-hombre\\\/\",\"url\":\"https:\\\/\\\/www.anaromanature.com\\\/index.php\\\/producto\\\/attar-al-wesal-al-wataniah-perfume-de-hombre\\\/\",\"name\":\"Attar Al Wesal Al Wataniah Perfume de Hombre - Anaroma Nature\",\"isPartOf\":{\"@id\":\"https:\\\/\\\/www.anaromanature.com\\\/#website\"},\"primaryImageOfPage\":{\"@id\":\"https:\\\/\\\/www.anaromanature.com\\\/index.php\\\/producto\\\/attar-al-wesal-al-wataniah-perfume-de-hombre\\\/#primaryimage\"},\"image\":{\"@id\":\"https:\\\/\\\/www.anaromanature.com\\\/index.php\\\/producto\\\/attar-al-wesal-al-wataniah-perfume-de-hombre\\\/#primaryimage\"},\"thumbnailUrl\":\"https:\\\/\\\/www.anaromanature.com\\\/wp-content\\\/uploads\\\/2025\\\/04\\\/Attar-Al-Wesal-Wataniah-2.jpg\",\"datePublished\":\"2025-04-12T10:17:40+00:00\",\"dateModified\":\"2025-06-10T20:49:50+00:00\",\"description\":\"Attar Al Wesal Al Wataniah Perfume de Hombre Packaging de lujoNo dejes que nada te detenga y d\u00e9jate envolver por una explosi\u00f3n de energ\u00eda y car\u00e1cter.\",\"breadcrumb\":{\"@id\":\"https:\\\/\\\/www.anaromanature.com\\\/index.php\\\/producto\\\/attar-al-wesal-al-wataniah-perfume-de-hombre\\\/#breadcrumb\"},\"inLanguage\":\"es\",\"potentialAction\":[{\"@type\":\"ReadAction\",\"target\":[\"https:\\\/\\\/www.anaromanature.com\\\/index.php\\\/producto\\\/attar-al-wesal-al-wataniah-perfume-de-hombre\\\/\"]}]},{\"@type\":\"ImageObject\",\"inLanguage\":\"es\",\"@id\":\"https:\\\/\\\/www.anaromanature.com\\\/index.php\\\/producto\\\/attar-al-wesal-al-wataniah-perfume-de-hombre\\\/#primaryimage\",\"url\":\"https:\\\/\\\/www.anaromanature.com\\\/wp-content\\\/uploads\\\/2025\\\/04\\\/Attar-Al-Wesal-Wataniah-2.jpg\",\"contentUrl\":\"https:\\\/\\\/www.anaromanature.com\\\/wp-content\\\/uploads\\\/2025\\\/04\\\/Attar-Al-Wesal-Wataniah-2.jpg\",\"width\":890,\"height\":890,\"caption\":\"Attar Al Wesal Wataniah 2\"},{\"@type\":\"BreadcrumbList\",\"@id\":\"https:\\\/\\\/www.anaromanature.com\\\/index.php\\\/producto\\\/attar-al-wesal-al-wataniah-perfume-de-hombre\\\/#breadcrumb\",\"itemListElement\":[{\"@type\":\"ListItem\",\"position\":1,\"name\":\"Portada\",\"item\":\"https:\\\/\\\/www.anaromanature.com\\\/\"},{\"@type\":\"ListItem\",\"position\":2,\"name\":\"Tienda\",\"item\":\"https:\\\/\\\/www.anaromanature.com\\\/index.php\\\/tienda-premium-online-anarome-nature\\\/\"},{\"@type\":\"ListItem\",\"position\":3,\"name\":\"Attar Al Wesal Al Wataniah Perfume de Hombre\"}]},{\"@type\":\"WebSite\",\"@id\":\"https:\\\/\\\/www.anaromanature.com\\\/#website\",\"url\":\"https:\\\/\\\/www.anaromanature.com\\\/\",\"name\":\"Anaroma Nature\",\"description\":\"Aromas y color\",\"publisher\":{\"@id\":\"https:\\\/\\\/www.anaromanature.com\\\/#organization\"},\"potentialAction\":[{\"@type\":\"SearchAction\",\"target\":{\"@type\":\"EntryPoint\",\"urlTemplate\":\"https:\\\/\\\/www.anaromanature.com\\\/?s={search_term_string}\"},\"query-input\":{\"@type\":\"PropertyValueSpecification\",\"valueRequired\":true,\"valueName\":\"search_term_string\"}}],\"inLanguage\":\"es\"},{\"@type\":\"Organization\",\"@id\":\"https:\\\/\\\/www.anaromanature.com\\\/#organization\",\"name\":\"Anaroma Nature\",\"url\":\"https:\\\/\\\/www.anaromanature.com\\\/\",\"logo\":{\"@type\":\"ImageObject\",\"inLanguage\":\"es\",\"@id\":\"https:\\\/\\\/www.anaromanature.com\\\/#\\\/schema\\\/logo\\\/image\\\/\",\"url\":\"https:\\\/\\\/i2.wp.com\\\/www.anaromanature.com\\\/wp-content\\\/uploads\\\/2021\\\/02\\\/cropped-Logotipo-Anaroma-2.png?fit=290%2C288&ssl=1\",\"contentUrl\":\"https:\\\/\\\/i2.wp.com\\\/www.anaromanature.com\\\/wp-content\\\/uploads\\\/2021\\\/02\\\/cropped-Logotipo-Anaroma-2.png?fit=290%2C288&ssl=1\",\"width\":290,\"height\":288,\"caption\":\"Anaroma Nature\"},\"image\":{\"@id\":\"https:\\\/\\\/www.anaromanature.com\\\/#\\\/schema\\\/logo\\\/image\\\/\"},\"sameAs\":[\"http:\\\/\\\/facebook.com\\\/Anaroma-326324794814915\",\"http:\\\/\\\/instagram.com\\\/anaromanature\"]}]}<\/script>\n<!-- \/ Yoast SEO plugin. -->","yoast_head_json":{"title":"Attar Al Wesal Al Wataniah Perfume de Hombre - Anaroma Nature","description":"Attar Al Wesal Al Wataniah Perfume de Hombre Packaging de lujoNo dejes que nada te detenga y d\u00e9jate envolver por una explosi\u00f3n de energ\u00eda y car\u00e1cter.","robots":{"index":"index","follow":"follow","max-snippet":"max-snippet:-1","max-image-preview":"max-image-preview:large","max-video-preview":"max-video-preview:-1"},"canonical":"https:\/\/www.anaromanature.com\/index.php\/producto\/attar-al-wesal-al-wataniah-perfume-de-hombre\/","og_locale":"es_ES","og_type":"article","og_title":"Attar Al Wesal Al Wataniah Perfume de Hombre - Anaroma Nature","og_description":"Attar Al Wesal Al Wataniah Perfume de Hombre Packaging de lujoNo dejes que nada te detenga y d\u00e9jate envolver por una explosi\u00f3n de energ\u00eda y car\u00e1cter.","og_url":"https:\/\/www.anaromanature.com\/index.php\/producto\/attar-al-wesal-al-wataniah-perfume-de-hombre\/","og_site_name":"Anaroma Nature","article_publisher":"http:\/\/facebook.com\/Anaroma-326324794814915","article_modified_time":"2025-06-10T20:49:50+00:00","og_image":[{"width":890,"height":890,"url":"https:\/\/www.anaromanature.com\/wp-content\/uploads\/2025\/04\/Attar-Al-Wesal-Wataniah-2.jpg","type":"image\/jpeg"}],"twitter_card":"summary_large_image","twitter_misc":{"Tiempo de lectura":"1 minuto"},"schema":{"@context":"https:\/\/schema.org","@graph":[{"@type":"WebPage","@id":"https:\/\/www.anaromanature.com\/index.php\/producto\/attar-al-wesal-al-wataniah-perfume-de-hombre\/","url":"https:\/\/www.anaromanature.com\/index.php\/producto\/attar-al-wesal-al-wataniah-perfume-de-hombre\/","name":"Attar Al Wesal Al Wataniah Perfume de Hombre - Anaroma Nature","isPartOf":{"@id":"https:\/\/www.anaromanature.com\/#website"},"primaryImageOfPage":{"@id":"https:\/\/www.anaromanature.com\/index.php\/producto\/attar-al-wesal-al-wataniah-perfume-de-hombre\/#primaryimage"},"image":{"@id":"https:\/\/www.anaromanature.com\/index.php\/producto\/attar-al-wesal-al-wataniah-perfume-de-hombre\/#primaryimage"},"thumbnailUrl":"https:\/\/www.anaromanature.com\/wp-content\/uploads\/2025\/04\/Attar-Al-Wesal-Wataniah-2.jpg","datePublished":"2025-04-12T10:17:40+00:00","dateModified":"2025-06-10T20:49:50+00:00","description":"Attar Al Wesal Al Wataniah Perfume de Hombre Packaging de lujoNo dejes que nada te detenga y d\u00e9jate envolver por una explosi\u00f3n de energ\u00eda y car\u00e1cter.","breadcrumb":{"@id":"https:\/\/www.anaromanature.com\/index.php\/producto\/attar-al-wesal-al-wataniah-perfume-de-hombre\/#breadcrumb"},"inLanguage":"es","potentialAction":[{"@type":"ReadAction","target":["https:\/\/www.anaromanature.com\/index.php\/producto\/attar-al-wesal-al-wataniah-perfume-de-hombre\/"]}]},{"@type":"ImageObject","inLanguage":"es","@id":"https:\/\/www.anaromanature.com\/index.php\/producto\/attar-al-wesal-al-wataniah-perfume-de-hombre\/#primaryimage","url":"https:\/\/www.anaromanature.com\/wp-content\/uploads\/2025\/04\/Attar-Al-Wesal-Wataniah-2.jpg","contentUrl":"https:\/\/www.anaromanature.com\/wp-content\/uploads\/2025\/04\/Attar-Al-Wesal-Wataniah-2.jpg","width":890,"height":890,"caption":"Attar Al Wesal Wataniah 2"},{"@type":"BreadcrumbList","@id":"https:\/\/www.anaromanature.com\/index.php\/producto\/attar-al-wesal-al-wataniah-perfume-de-hombre\/#breadcrumb","itemListElement":[{"@type":"ListItem","position":1,"name":"Portada","item":"https:\/\/www.anaromanature.com\/"},{"@type":"ListItem","position":2,"name":"Tienda","item":"https:\/\/www.anaromanature.com\/index.php\/tienda-premium-online-anarome-nature\/"},{"@type":"ListItem","position":3,"name":"Attar Al Wesal Al Wataniah Perfume de Hombre"}]},{"@type":"WebSite","@id":"https:\/\/www.anaromanature.com\/#website","url":"https:\/\/www.anaromanature.com\/","name":"Anaroma Nature","description":"Aromas y color","publisher":{"@id":"https:\/\/www.anaromanature.com\/#organization"},"potentialAction":[{"@type":"SearchAction","target":{"@type":"EntryPoint","urlTemplate":"https:\/\/www.anaromanature.com\/?s={search_term_string}"},"query-input":{"@type":"PropertyValueSpecification","valueRequired":true,"valueName":"search_term_string"}}],"inLanguage":"es"},{"@type":"Organization","@id":"https:\/\/www.anaromanature.com\/#organization","name":"Anaroma Nature","url":"https:\/\/www.anaromanature.com\/","logo":{"@type":"ImageObject","inLanguage":"es","@id":"https:\/\/www.anaromanature.com\/#\/schema\/logo\/image\/","url":"https:\/\/i2.wp.com\/www.anaromanature.com\/wp-content\/uploads\/2021\/02\/cropped-Logotipo-Anaroma-2.png?fit=290%2C288&ssl=1","contentUrl":"https:\/\/i2.wp.com\/www.anaromanature.com\/wp-content\/uploads\/2021\/02\/cropped-Logotipo-Anaroma-2.png?fit=290%2C288&ssl=1","width":290,"height":288,"caption":"Anaroma Nature"},"image":{"@id":"https:\/\/www.anaromanature.com\/#\/schema\/logo\/image\/"},"sameAs":["http:\/\/facebook.com\/Anaroma-326324794814915","http:\/\/instagram.com\/anaromanature"]}]}},"_links":{"self":[{"href":"https:\/\/www.anaromanature.com\/index.php\/wp-json\/wp\/v2\/product\/6914","targetHints":{"allow":["GET"]}}],"collection":[{"href":"https:\/\/www.anaromanature.com\/index.php\/wp-json\/wp\/v2\/product"}],"about":[{"href":"https:\/\/www.anaromanature.com\/index.php\/wp-json\/wp\/v2\/types\/product"}],"replies":[{"embeddable":true,"href":"https:\/\/www.anaromanature.com\/index.php\/wp-json\/wp\/v2\/comments?post=6914"}],"wp:featuredmedia":[{"embeddable":true,"href":"https:\/\/www.anaromanature.com\/index.php\/wp-json\/wp\/v2\/media\/6915"}],"wp:attachment":[{"href":"https:\/\/www.anaromanature.com\/index.php\/wp-json\/wp\/v2\/media?parent=6914"}],"wp:term":[{"taxonomy":"product_brand","embeddable":true,"href":"https:\/\/www.anaromanature.com\/index.php\/wp-json\/wp\/v2\/product_brand?post=6914"},{"taxonomy":"product_cat","embeddable":true,"href":"https:\/\/www.anaromanature.com\/index.php\/wp-json\/wp\/v2\/product_cat?post=6914"},{"taxonomy":"product_tag","embeddable":true,"href":"https:\/\/www.anaromanature.com\/index.php\/wp-json\/wp\/v2\/product_tag?post=6914"}],"curies":[{"name":"wp","href":"https:\/\/api.w.org\/{rel}","templated":true}]}}