{"id":6927,"date":"2025-04-15T06:40:12","date_gmt":"2025-04-15T05:40:12","guid":{"rendered":"https:\/\/www.anaromanature.com\/?post_type=product&#038;p=6927"},"modified":"2025-04-15T06:48:57","modified_gmt":"2025-04-15T05:48:57","slug":"crema-mascarilla-de-manos-con-aguacate-organico-ecolatier","status":"publish","type":"product","link":"https:\/\/www.anaromanature.com\/index.php\/producto\/crema-mascarilla-de-manos-con-aguacate-organico-ecolatier\/","title":{"rendered":"Crema-Mascarilla de Manos con Aguacate Org\u00e1nico ECOLATIER\u00ae"},"content":{"rendered":"<p>&nbsp;<\/p>\n<p>Crema-Mascarilla de Manos con Aguacate Org\u00e1nico ECOLATIER\u00ae<\/p>\n<p><strong>Hidrataci\u00f3n y Protecci\u00f3n Natural<\/strong><\/p>\n<p>La crema-mascarilla de manos ECOLATIER\u00ae con aguacate org\u00e1nico nutre y restaura la piel y las cut\u00edculas, protegi\u00e9ndolas de las condiciones clim\u00e1ticas. Su f\u00f3rmula rica e hidratante deja las manos sedosas, suaves y profundamente hidratadas. Apta para todo tipo de piel, con ingredientes naturales, sin complicaciones y completamente vegana.<\/p>\n<p><strong>F\u00f3rmula enriquecida con aceite de aguacate, pantenol, ceramidas y extracto de hibisco<\/strong><\/p>\n<p>El aceite de aguacate org\u00e1nico prensado en fr\u00edo, rico en vitaminas y antioxidantes, nutre profundamente y ayuda a restaurar la barrera cut\u00e1nea. El pantenol calma la piel seca, mientras que las ceramidas e hidratan intensamente y fortalecen la piel. El extracto de hibisco aporta suavidad e hidrataci\u00f3n para una piel visiblemente m\u00e1s saludable.<\/p>\n<p><strong>Modo de uso:<\/strong><\/p>\n<p>Aplicar sobre la piel limpia y masajear hasta que se absorba por completo. No es necesario aclarar. Uso externo \u00fanicamente.<\/p>\n<p>Vive el Perfume con <a href=\"https:\/\/www.anaromanature.com\/\">Anaroma Nature<\/a><\/p>\n<p><a href=\"mailto:%20info@anaromanature.com\">Cons\u00faltanos\u00a0<\/a>lo que necesites saber o aclarar.<\/p>\n<p>S\u00edguenos en\u00a0<a href=\"https:\/\/www.instagram.com\/anaromanature\/\">Instagram<\/a>.<\/p>\n","protected":false},"excerpt":{"rendered":"<p>La crema-mascarilla de manos ECOLATIER\u00ae con aguacate org\u00e1nico nutre y restaura la piel y las cut\u00edculas, protegi\u00e9ndolas de las condiciones clim\u00e1ticas. Su f\u00f3rmula rica e hidratante deja las manos sedosas, suaves y profundamente hidratadas. Apta para todo tipo de piel, con ingredientes naturales, sin complicaciones y completamente vegana.<\/p>\n<p><strong>Volumen:<\/strong> 100ml<\/p>\n","protected":false},"featured_media":6929,"comment_status":"open","ping_status":"closed","template":"","meta":{"_joinchat":[]},"product_brand":[],"product_cat":[462,456],"product_tag":[281,683],"class_list":{"0":"post-6927","1":"product","2":"type-product","3":"status-publish","4":"has-post-thumbnail","6":"product_cat-crema-de-manos","7":"product_cat-novedades-cosmetica","8":"product_tag-aguacate","9":"product_tag-mascarilla-de-manos","10":"latest_post","12":"first","13":"instock","14":"taxable","15":"shipping-taxable","16":"purchasable","17":"product-type-simple"},"yoast_head":"<!-- This site is optimized with the Yoast SEO plugin v27.4 - https:\/\/yoast.com\/product\/yoast-seo-wordpress\/ -->\n<title>Crema-Mascarilla de Manos con Aguacate Org\u00e1nico ECOLATIER\u00ae - Anaroma Nature<\/title>\n<meta name=\"description\" content=\"Crema-Mascarilla de Manos con Aguacate Org\u00e1nico ECOLATIER\u00ae Hidrataci\u00f3n y Protecci\u00f3n Natural La crema-mascarilla de manos ECOLATIER\u00ae con aguacate org\u00e1nico\" \/>\n<meta name=\"robots\" content=\"index, follow, max-snippet:-1, max-image-preview:large, max-video-preview:-1\" \/>\n<link rel=\"canonical\" href=\"https:\/\/www.anaromanature.com\/index.php\/producto\/crema-mascarilla-de-manos-con-aguacate-organico-ecolatier\/\" \/>\n<meta property=\"og:locale\" content=\"es_ES\" \/>\n<meta property=\"og:type\" content=\"article\" \/>\n<meta property=\"og:title\" content=\"Crema-Mascarilla de Manos con Aguacate Org\u00e1nico ECOLATIER\u00ae - Anaroma Nature\" \/>\n<meta property=\"og:description\" content=\"Crema-Mascarilla de Manos con Aguacate Org\u00e1nico ECOLATIER\u00ae Hidrataci\u00f3n y Protecci\u00f3n Natural La crema-mascarilla de manos ECOLATIER\u00ae con aguacate org\u00e1nico\" \/>\n<meta property=\"og:url\" content=\"https:\/\/www.anaromanature.com\/index.php\/producto\/crema-mascarilla-de-manos-con-aguacate-organico-ecolatier\/\" \/>\n<meta property=\"og:site_name\" content=\"Anaroma Nature\" \/>\n<meta property=\"article:publisher\" content=\"http:\/\/facebook.com\/Anaroma-326324794814915\" \/>\n<meta property=\"article:modified_time\" content=\"2025-04-15T05:48:57+00:00\" \/>\n<meta property=\"og:image\" content=\"https:\/\/www.anaromanature.com\/wp-content\/uploads\/2025\/04\/Crema-Mascarilla-de-Manos-con-Aguacate-Organico-ECOLATIER.webp\" \/>\n\t<meta property=\"og:image:width\" content=\"2000\" \/>\n\t<meta property=\"og:image:height\" content=\"2000\" \/>\n\t<meta property=\"og:image:type\" content=\"image\/webp\" \/>\n<meta name=\"twitter:card\" content=\"summary_large_image\" \/>\n<meta name=\"twitter:label1\" content=\"Tiempo de lectura\" \/>\n\t<meta name=\"twitter:data1\" content=\"1 minuto\" \/>\n<script type=\"application\/ld+json\" class=\"yoast-schema-graph\">{\"@context\":\"https:\\\/\\\/schema.org\",\"@graph\":[{\"@type\":\"WebPage\",\"@id\":\"https:\\\/\\\/www.anaromanature.com\\\/index.php\\\/producto\\\/crema-mascarilla-de-manos-con-aguacate-organico-ecolatier\\\/\",\"url\":\"https:\\\/\\\/www.anaromanature.com\\\/index.php\\\/producto\\\/crema-mascarilla-de-manos-con-aguacate-organico-ecolatier\\\/\",\"name\":\"Crema-Mascarilla de Manos con Aguacate Org\u00e1nico ECOLATIER\u00ae - Anaroma Nature\",\"isPartOf\":{\"@id\":\"https:\\\/\\\/www.anaromanature.com\\\/#website\"},\"primaryImageOfPage\":{\"@id\":\"https:\\\/\\\/www.anaromanature.com\\\/index.php\\\/producto\\\/crema-mascarilla-de-manos-con-aguacate-organico-ecolatier\\\/#primaryimage\"},\"image\":{\"@id\":\"https:\\\/\\\/www.anaromanature.com\\\/index.php\\\/producto\\\/crema-mascarilla-de-manos-con-aguacate-organico-ecolatier\\\/#primaryimage\"},\"thumbnailUrl\":\"https:\\\/\\\/www.anaromanature.com\\\/wp-content\\\/uploads\\\/2025\\\/04\\\/Crema-Mascarilla-de-Manos-con-Aguacate-Organico-ECOLATIER.webp\",\"datePublished\":\"2025-04-15T05:40:12+00:00\",\"dateModified\":\"2025-04-15T05:48:57+00:00\",\"description\":\"Crema-Mascarilla de Manos con Aguacate Org\u00e1nico ECOLATIER\u00ae Hidrataci\u00f3n y Protecci\u00f3n Natural La crema-mascarilla de manos ECOLATIER\u00ae con aguacate org\u00e1nico\",\"breadcrumb\":{\"@id\":\"https:\\\/\\\/www.anaromanature.com\\\/index.php\\\/producto\\\/crema-mascarilla-de-manos-con-aguacate-organico-ecolatier\\\/#breadcrumb\"},\"inLanguage\":\"es\",\"potentialAction\":[{\"@type\":\"ReadAction\",\"target\":[\"https:\\\/\\\/www.anaromanature.com\\\/index.php\\\/producto\\\/crema-mascarilla-de-manos-con-aguacate-organico-ecolatier\\\/\"]}]},{\"@type\":\"ImageObject\",\"inLanguage\":\"es\",\"@id\":\"https:\\\/\\\/www.anaromanature.com\\\/index.php\\\/producto\\\/crema-mascarilla-de-manos-con-aguacate-organico-ecolatier\\\/#primaryimage\",\"url\":\"https:\\\/\\\/www.anaromanature.com\\\/wp-content\\\/uploads\\\/2025\\\/04\\\/Crema-Mascarilla-de-Manos-con-Aguacate-Organico-ECOLATIER.webp\",\"contentUrl\":\"https:\\\/\\\/www.anaromanature.com\\\/wp-content\\\/uploads\\\/2025\\\/04\\\/Crema-Mascarilla-de-Manos-con-Aguacate-Organico-ECOLATIER.webp\",\"width\":2000,\"height\":2000,\"caption\":\"Crema Mascarilla de Manos con Aguacate Org\u00e1nico ECOLATIER\"},{\"@type\":\"BreadcrumbList\",\"@id\":\"https:\\\/\\\/www.anaromanature.com\\\/index.php\\\/producto\\\/crema-mascarilla-de-manos-con-aguacate-organico-ecolatier\\\/#breadcrumb\",\"itemListElement\":[{\"@type\":\"ListItem\",\"position\":1,\"name\":\"Portada\",\"item\":\"https:\\\/\\\/www.anaromanature.com\\\/\"},{\"@type\":\"ListItem\",\"position\":2,\"name\":\"Tienda\",\"item\":\"https:\\\/\\\/www.anaromanature.com\\\/index.php\\\/tienda-premium-online-anarome-nature\\\/\"},{\"@type\":\"ListItem\",\"position\":3,\"name\":\"Crema-Mascarilla de Manos con Aguacate Org\u00e1nico ECOLATIER\u00ae\"}]},{\"@type\":\"WebSite\",\"@id\":\"https:\\\/\\\/www.anaromanature.com\\\/#website\",\"url\":\"https:\\\/\\\/www.anaromanature.com\\\/\",\"name\":\"Anaroma Nature\",\"description\":\"Aromas y color\",\"publisher\":{\"@id\":\"https:\\\/\\\/www.anaromanature.com\\\/#organization\"},\"potentialAction\":[{\"@type\":\"SearchAction\",\"target\":{\"@type\":\"EntryPoint\",\"urlTemplate\":\"https:\\\/\\\/www.anaromanature.com\\\/?s={search_term_string}\"},\"query-input\":{\"@type\":\"PropertyValueSpecification\",\"valueRequired\":true,\"valueName\":\"search_term_string\"}}],\"inLanguage\":\"es\"},{\"@type\":\"Organization\",\"@id\":\"https:\\\/\\\/www.anaromanature.com\\\/#organization\",\"name\":\"Anaroma Nature\",\"url\":\"https:\\\/\\\/www.anaromanature.com\\\/\",\"logo\":{\"@type\":\"ImageObject\",\"inLanguage\":\"es\",\"@id\":\"https:\\\/\\\/www.anaromanature.com\\\/#\\\/schema\\\/logo\\\/image\\\/\",\"url\":\"https:\\\/\\\/i2.wp.com\\\/www.anaromanature.com\\\/wp-content\\\/uploads\\\/2021\\\/02\\\/cropped-Logotipo-Anaroma-2.png?fit=290%2C288&ssl=1\",\"contentUrl\":\"https:\\\/\\\/i2.wp.com\\\/www.anaromanature.com\\\/wp-content\\\/uploads\\\/2021\\\/02\\\/cropped-Logotipo-Anaroma-2.png?fit=290%2C288&ssl=1\",\"width\":290,\"height\":288,\"caption\":\"Anaroma Nature\"},\"image\":{\"@id\":\"https:\\\/\\\/www.anaromanature.com\\\/#\\\/schema\\\/logo\\\/image\\\/\"},\"sameAs\":[\"http:\\\/\\\/facebook.com\\\/Anaroma-326324794814915\",\"http:\\\/\\\/instagram.com\\\/anaromanature\"]}]}<\/script>\n<!-- \/ Yoast SEO plugin. -->","yoast_head_json":{"title":"Crema-Mascarilla de Manos con Aguacate Org\u00e1nico ECOLATIER\u00ae - Anaroma Nature","description":"Crema-Mascarilla de Manos con Aguacate Org\u00e1nico ECOLATIER\u00ae Hidrataci\u00f3n y Protecci\u00f3n Natural La crema-mascarilla de manos ECOLATIER\u00ae con aguacate org\u00e1nico","robots":{"index":"index","follow":"follow","max-snippet":"max-snippet:-1","max-image-preview":"max-image-preview:large","max-video-preview":"max-video-preview:-1"},"canonical":"https:\/\/www.anaromanature.com\/index.php\/producto\/crema-mascarilla-de-manos-con-aguacate-organico-ecolatier\/","og_locale":"es_ES","og_type":"article","og_title":"Crema-Mascarilla de Manos con Aguacate Org\u00e1nico ECOLATIER\u00ae - Anaroma Nature","og_description":"Crema-Mascarilla de Manos con Aguacate Org\u00e1nico ECOLATIER\u00ae Hidrataci\u00f3n y Protecci\u00f3n Natural La crema-mascarilla de manos ECOLATIER\u00ae con aguacate org\u00e1nico","og_url":"https:\/\/www.anaromanature.com\/index.php\/producto\/crema-mascarilla-de-manos-con-aguacate-organico-ecolatier\/","og_site_name":"Anaroma Nature","article_publisher":"http:\/\/facebook.com\/Anaroma-326324794814915","article_modified_time":"2025-04-15T05:48:57+00:00","og_image":[{"width":2000,"height":2000,"url":"https:\/\/www.anaromanature.com\/wp-content\/uploads\/2025\/04\/Crema-Mascarilla-de-Manos-con-Aguacate-Organico-ECOLATIER.webp","type":"image\/webp"}],"twitter_card":"summary_large_image","twitter_misc":{"Tiempo de lectura":"1 minuto"},"schema":{"@context":"https:\/\/schema.org","@graph":[{"@type":"WebPage","@id":"https:\/\/www.anaromanature.com\/index.php\/producto\/crema-mascarilla-de-manos-con-aguacate-organico-ecolatier\/","url":"https:\/\/www.anaromanature.com\/index.php\/producto\/crema-mascarilla-de-manos-con-aguacate-organico-ecolatier\/","name":"Crema-Mascarilla de Manos con Aguacate Org\u00e1nico ECOLATIER\u00ae - Anaroma Nature","isPartOf":{"@id":"https:\/\/www.anaromanature.com\/#website"},"primaryImageOfPage":{"@id":"https:\/\/www.anaromanature.com\/index.php\/producto\/crema-mascarilla-de-manos-con-aguacate-organico-ecolatier\/#primaryimage"},"image":{"@id":"https:\/\/www.anaromanature.com\/index.php\/producto\/crema-mascarilla-de-manos-con-aguacate-organico-ecolatier\/#primaryimage"},"thumbnailUrl":"https:\/\/www.anaromanature.com\/wp-content\/uploads\/2025\/04\/Crema-Mascarilla-de-Manos-con-Aguacate-Organico-ECOLATIER.webp","datePublished":"2025-04-15T05:40:12+00:00","dateModified":"2025-04-15T05:48:57+00:00","description":"Crema-Mascarilla de Manos con Aguacate Org\u00e1nico ECOLATIER\u00ae Hidrataci\u00f3n y Protecci\u00f3n Natural La crema-mascarilla de manos ECOLATIER\u00ae con aguacate org\u00e1nico","breadcrumb":{"@id":"https:\/\/www.anaromanature.com\/index.php\/producto\/crema-mascarilla-de-manos-con-aguacate-organico-ecolatier\/#breadcrumb"},"inLanguage":"es","potentialAction":[{"@type":"ReadAction","target":["https:\/\/www.anaromanature.com\/index.php\/producto\/crema-mascarilla-de-manos-con-aguacate-organico-ecolatier\/"]}]},{"@type":"ImageObject","inLanguage":"es","@id":"https:\/\/www.anaromanature.com\/index.php\/producto\/crema-mascarilla-de-manos-con-aguacate-organico-ecolatier\/#primaryimage","url":"https:\/\/www.anaromanature.com\/wp-content\/uploads\/2025\/04\/Crema-Mascarilla-de-Manos-con-Aguacate-Organico-ECOLATIER.webp","contentUrl":"https:\/\/www.anaromanature.com\/wp-content\/uploads\/2025\/04\/Crema-Mascarilla-de-Manos-con-Aguacate-Organico-ECOLATIER.webp","width":2000,"height":2000,"caption":"Crema Mascarilla de Manos con Aguacate Org\u00e1nico ECOLATIER"},{"@type":"BreadcrumbList","@id":"https:\/\/www.anaromanature.com\/index.php\/producto\/crema-mascarilla-de-manos-con-aguacate-organico-ecolatier\/#breadcrumb","itemListElement":[{"@type":"ListItem","position":1,"name":"Portada","item":"https:\/\/www.anaromanature.com\/"},{"@type":"ListItem","position":2,"name":"Tienda","item":"https:\/\/www.anaromanature.com\/index.php\/tienda-premium-online-anarome-nature\/"},{"@type":"ListItem","position":3,"name":"Crema-Mascarilla de Manos con Aguacate Org\u00e1nico ECOLATIER\u00ae"}]},{"@type":"WebSite","@id":"https:\/\/www.anaromanature.com\/#website","url":"https:\/\/www.anaromanature.com\/","name":"Anaroma Nature","description":"Aromas y color","publisher":{"@id":"https:\/\/www.anaromanature.com\/#organization"},"potentialAction":[{"@type":"SearchAction","target":{"@type":"EntryPoint","urlTemplate":"https:\/\/www.anaromanature.com\/?s={search_term_string}"},"query-input":{"@type":"PropertyValueSpecification","valueRequired":true,"valueName":"search_term_string"}}],"inLanguage":"es"},{"@type":"Organization","@id":"https:\/\/www.anaromanature.com\/#organization","name":"Anaroma Nature","url":"https:\/\/www.anaromanature.com\/","logo":{"@type":"ImageObject","inLanguage":"es","@id":"https:\/\/www.anaromanature.com\/#\/schema\/logo\/image\/","url":"https:\/\/i2.wp.com\/www.anaromanature.com\/wp-content\/uploads\/2021\/02\/cropped-Logotipo-Anaroma-2.png?fit=290%2C288&ssl=1","contentUrl":"https:\/\/i2.wp.com\/www.anaromanature.com\/wp-content\/uploads\/2021\/02\/cropped-Logotipo-Anaroma-2.png?fit=290%2C288&ssl=1","width":290,"height":288,"caption":"Anaroma Nature"},"image":{"@id":"https:\/\/www.anaromanature.com\/#\/schema\/logo\/image\/"},"sameAs":["http:\/\/facebook.com\/Anaroma-326324794814915","http:\/\/instagram.com\/anaromanature"]}]}},"_links":{"self":[{"href":"https:\/\/www.anaromanature.com\/index.php\/wp-json\/wp\/v2\/product\/6927","targetHints":{"allow":["GET"]}}],"collection":[{"href":"https:\/\/www.anaromanature.com\/index.php\/wp-json\/wp\/v2\/product"}],"about":[{"href":"https:\/\/www.anaromanature.com\/index.php\/wp-json\/wp\/v2\/types\/product"}],"replies":[{"embeddable":true,"href":"https:\/\/www.anaromanature.com\/index.php\/wp-json\/wp\/v2\/comments?post=6927"}],"wp:featuredmedia":[{"embeddable":true,"href":"https:\/\/www.anaromanature.com\/index.php\/wp-json\/wp\/v2\/media\/6929"}],"wp:attachment":[{"href":"https:\/\/www.anaromanature.com\/index.php\/wp-json\/wp\/v2\/media?parent=6927"}],"wp:term":[{"taxonomy":"product_brand","embeddable":true,"href":"https:\/\/www.anaromanature.com\/index.php\/wp-json\/wp\/v2\/product_brand?post=6927"},{"taxonomy":"product_cat","embeddable":true,"href":"https:\/\/www.anaromanature.com\/index.php\/wp-json\/wp\/v2\/product_cat?post=6927"},{"taxonomy":"product_tag","embeddable":true,"href":"https:\/\/www.anaromanature.com\/index.php\/wp-json\/wp\/v2\/product_tag?post=6927"}],"curies":[{"name":"wp","href":"https:\/\/api.w.org\/{rel}","templated":true}]}}