{"id":6932,"date":"2025-04-15T07:33:58","date_gmt":"2025-04-15T06:33:58","guid":{"rendered":"https:\/\/www.anaromanature.com\/?post_type=product&#038;p=6932"},"modified":"2025-04-15T07:50:22","modified_gmt":"2025-04-15T06:50:22","slug":"tonico-facial-reafirmante-con-cannabis-organico-ecolatier","status":"publish","type":"product","link":"https:\/\/www.anaromanature.com\/index.php\/producto\/tonico-facial-reafirmante-con-cannabis-organico-ecolatier\/","title":{"rendered":"T\u00f3nico Facial Reafirmante con Cannabis Org\u00e1nico ECOLATIER\u00ae"},"content":{"rendered":"<p>T\u00f3nico Facial Reafirmante con Cannabis Org\u00e1nico ECOLATIER\u00ae<\/p>\n<p>&nbsp;<\/p>\n<p><strong>Cuidado Natural y Compromiso Sostenible<\/strong><\/p>\n<p>Ser <em>ECOLATIER\u00ae<\/em> es apostar por la sostenibilidad y el respeto al planeta. Cada uno de nuestros productos est\u00e1 formulado con ingredientes naturales y seguros, pensados para cuidar tanto de tu piel como del entorno.<br \/>\nEl T\u00f3nico Facial Reafirmante con Cannabis Org\u00e1nico ayuda a restaurar la firmeza y el tono de la piel, dej\u00e1ndola suave, el\u00e1stica y revitalizada. Ideal para quienes buscan una rutina de cuidado consciente y efectiva.<\/p>\n<p>&nbsp;<\/p>\n<p><strong>Ingredientes que restauran, hidratan y fortalecen la piel<\/strong><\/p>\n<p>El aceite de cannabis org\u00e1nico equilibra la hidrataci\u00f3n celular, protege frente a los radicales libres y ayuda a retrasar los signos del envejecimiento, fortaleciendo la firmeza y turgencia de la piel.<br \/>\nLa niacinamida (vitamina B3) mejora la textura y el tono de la piel, estimula la microcirculaci\u00f3n y refuerza la barrera cut\u00e1nea, manteni\u00e9ndola hidratada, el\u00e1stica y saludable.<\/p>\n<p><strong>Modo de uso:<\/strong><\/p>\n<p class=\"\" data-start=\"75\" data-end=\"234\">Aplicar el t\u00f3nico con un disco de algod\u00f3n sobre la piel limpia, realizando movimientos suaves. No necesita enjuague. Uso externo \u00fanicamente.<\/p>\n<p>Vive el Perfume con <a href=\"https:\/\/www.anaromanature.com\/\">Anaroma Nature<\/a><\/p>\n<p><a href=\"mailto:%20info@anaromanature.com\">Cons\u00faltanos\u00a0<\/a>lo que necesites saber o aclarar.<\/p>\n<p>S\u00edguenos en\u00a0<a href=\"https:\/\/www.instagram.com\/anaromanature\/\">Instagram<\/a>.<\/p>\n","protected":false},"excerpt":{"rendered":"<p>Ser <em>ECOLATIER\u00ae<\/em> es apostar por la sostenibilidad y el respeto al planeta. Cada uno de nuestros productos est\u00e1 formulado con ingredientes naturales y seguros, pensados para cuidar tanto de tu piel como del entorno.<br \/>\nEl T\u00f3nico Facial Reafirmante con Cannabis Org\u00e1nico ayuda a restaurar la firmeza y el tono de la piel, dej\u00e1ndola suave, el\u00e1stica y revitalizada. Ideal para quienes buscan una rutina de cuidado consciente y efectiva.<\/p>\n<p><strong>Volumen:<\/strong> 250ml<\/p>\n","protected":false},"featured_media":6933,"comment_status":"open","ping_status":"closed","template":"","meta":{"_joinchat":[]},"product_brand":[],"product_cat":[456,161,685],"product_tag":[686,429],"class_list":{"0":"post-6932","1":"product","2":"type-product","3":"status-publish","4":"has-post-thumbnail","6":"product_cat-novedades-cosmetica","7":"product_cat-tonico","8":"product_cat-tonico-facial","9":"product_tag-cannabis","10":"product_tag-tonico","11":"latest_post","13":"first","14":"instock","15":"taxable","16":"shipping-taxable","17":"purchasable","18":"product-type-simple"},"yoast_head":"<!-- This site is optimized with the Yoast SEO plugin v27.4 - https:\/\/yoast.com\/product\/yoast-seo-wordpress\/ -->\n<title>T\u00f3nico Facial Reafirmante con Cannabis Org\u00e1nico ECOLATIER\u00ae - Anaroma Nature<\/title>\n<meta name=\"description\" content=\"T\u00f3nico Facial Reafirmante con Cannabis Org\u00e1nico ECOLATIER\u00ae Cuidado Natural y Compromiso Sostenible Ser ECOLATIER\u00ae es apostar por la sostenibilidad y el\" \/>\n<meta name=\"robots\" content=\"index, follow, max-snippet:-1, max-image-preview:large, max-video-preview:-1\" \/>\n<link rel=\"canonical\" href=\"https:\/\/www.anaromanature.com\/index.php\/producto\/tonico-facial-reafirmante-con-cannabis-organico-ecolatier\/\" \/>\n<meta property=\"og:locale\" content=\"es_ES\" \/>\n<meta property=\"og:type\" content=\"article\" \/>\n<meta property=\"og:title\" content=\"T\u00f3nico Facial Reafirmante con Cannabis Org\u00e1nico ECOLATIER\u00ae - Anaroma Nature\" \/>\n<meta property=\"og:description\" content=\"T\u00f3nico Facial Reafirmante con Cannabis Org\u00e1nico ECOLATIER\u00ae Cuidado Natural y Compromiso Sostenible Ser ECOLATIER\u00ae es apostar por la sostenibilidad y el\" \/>\n<meta property=\"og:url\" content=\"https:\/\/www.anaromanature.com\/index.php\/producto\/tonico-facial-reafirmante-con-cannabis-organico-ecolatier\/\" \/>\n<meta property=\"og:site_name\" content=\"Anaroma Nature\" \/>\n<meta property=\"article:publisher\" content=\"http:\/\/facebook.com\/Anaroma-326324794814915\" \/>\n<meta property=\"article:modified_time\" content=\"2025-04-15T06:50:22+00:00\" \/>\n<meta property=\"og:image\" content=\"https:\/\/www.anaromanature.com\/wp-content\/uploads\/2025\/04\/Tonico-Facial-Reafirmante-con-Cannabis-Organico-ECOLATIER.webp\" \/>\n\t<meta property=\"og:image:width\" content=\"2000\" \/>\n\t<meta property=\"og:image:height\" content=\"2000\" \/>\n\t<meta property=\"og:image:type\" content=\"image\/webp\" \/>\n<meta name=\"twitter:card\" content=\"summary_large_image\" \/>\n<meta name=\"twitter:label1\" content=\"Tiempo de lectura\" \/>\n\t<meta name=\"twitter:data1\" content=\"1 minuto\" \/>\n<script type=\"application\/ld+json\" class=\"yoast-schema-graph\">{\"@context\":\"https:\\\/\\\/schema.org\",\"@graph\":[{\"@type\":\"WebPage\",\"@id\":\"https:\\\/\\\/www.anaromanature.com\\\/index.php\\\/producto\\\/tonico-facial-reafirmante-con-cannabis-organico-ecolatier\\\/\",\"url\":\"https:\\\/\\\/www.anaromanature.com\\\/index.php\\\/producto\\\/tonico-facial-reafirmante-con-cannabis-organico-ecolatier\\\/\",\"name\":\"T\u00f3nico Facial Reafirmante con Cannabis Org\u00e1nico ECOLATIER\u00ae - Anaroma Nature\",\"isPartOf\":{\"@id\":\"https:\\\/\\\/www.anaromanature.com\\\/#website\"},\"primaryImageOfPage\":{\"@id\":\"https:\\\/\\\/www.anaromanature.com\\\/index.php\\\/producto\\\/tonico-facial-reafirmante-con-cannabis-organico-ecolatier\\\/#primaryimage\"},\"image\":{\"@id\":\"https:\\\/\\\/www.anaromanature.com\\\/index.php\\\/producto\\\/tonico-facial-reafirmante-con-cannabis-organico-ecolatier\\\/#primaryimage\"},\"thumbnailUrl\":\"https:\\\/\\\/www.anaromanature.com\\\/wp-content\\\/uploads\\\/2025\\\/04\\\/Tonico-Facial-Reafirmante-con-Cannabis-Organico-ECOLATIER.webp\",\"datePublished\":\"2025-04-15T06:33:58+00:00\",\"dateModified\":\"2025-04-15T06:50:22+00:00\",\"description\":\"T\u00f3nico Facial Reafirmante con Cannabis Org\u00e1nico ECOLATIER\u00ae Cuidado Natural y Compromiso Sostenible Ser ECOLATIER\u00ae es apostar por la sostenibilidad y el\",\"breadcrumb\":{\"@id\":\"https:\\\/\\\/www.anaromanature.com\\\/index.php\\\/producto\\\/tonico-facial-reafirmante-con-cannabis-organico-ecolatier\\\/#breadcrumb\"},\"inLanguage\":\"es\",\"potentialAction\":[{\"@type\":\"ReadAction\",\"target\":[\"https:\\\/\\\/www.anaromanature.com\\\/index.php\\\/producto\\\/tonico-facial-reafirmante-con-cannabis-organico-ecolatier\\\/\"]}]},{\"@type\":\"ImageObject\",\"inLanguage\":\"es\",\"@id\":\"https:\\\/\\\/www.anaromanature.com\\\/index.php\\\/producto\\\/tonico-facial-reafirmante-con-cannabis-organico-ecolatier\\\/#primaryimage\",\"url\":\"https:\\\/\\\/www.anaromanature.com\\\/wp-content\\\/uploads\\\/2025\\\/04\\\/Tonico-Facial-Reafirmante-con-Cannabis-Organico-ECOLATIER.webp\",\"contentUrl\":\"https:\\\/\\\/www.anaromanature.com\\\/wp-content\\\/uploads\\\/2025\\\/04\\\/Tonico-Facial-Reafirmante-con-Cannabis-Organico-ECOLATIER.webp\",\"width\":2000,\"height\":2000,\"caption\":\"T\u00f3nico Facial Reafirmante con Cannabis Org\u00e1nico ECOLATIER\"},{\"@type\":\"BreadcrumbList\",\"@id\":\"https:\\\/\\\/www.anaromanature.com\\\/index.php\\\/producto\\\/tonico-facial-reafirmante-con-cannabis-organico-ecolatier\\\/#breadcrumb\",\"itemListElement\":[{\"@type\":\"ListItem\",\"position\":1,\"name\":\"Portada\",\"item\":\"https:\\\/\\\/www.anaromanature.com\\\/\"},{\"@type\":\"ListItem\",\"position\":2,\"name\":\"Tienda\",\"item\":\"https:\\\/\\\/www.anaromanature.com\\\/index.php\\\/tienda-premium-online-anarome-nature\\\/\"},{\"@type\":\"ListItem\",\"position\":3,\"name\":\"T\u00f3nico Facial Reafirmante con Cannabis Org\u00e1nico ECOLATIER\u00ae\"}]},{\"@type\":\"WebSite\",\"@id\":\"https:\\\/\\\/www.anaromanature.com\\\/#website\",\"url\":\"https:\\\/\\\/www.anaromanature.com\\\/\",\"name\":\"Anaroma Nature\",\"description\":\"Aromas y color\",\"publisher\":{\"@id\":\"https:\\\/\\\/www.anaromanature.com\\\/#organization\"},\"potentialAction\":[{\"@type\":\"SearchAction\",\"target\":{\"@type\":\"EntryPoint\",\"urlTemplate\":\"https:\\\/\\\/www.anaromanature.com\\\/?s={search_term_string}\"},\"query-input\":{\"@type\":\"PropertyValueSpecification\",\"valueRequired\":true,\"valueName\":\"search_term_string\"}}],\"inLanguage\":\"es\"},{\"@type\":\"Organization\",\"@id\":\"https:\\\/\\\/www.anaromanature.com\\\/#organization\",\"name\":\"Anaroma Nature\",\"url\":\"https:\\\/\\\/www.anaromanature.com\\\/\",\"logo\":{\"@type\":\"ImageObject\",\"inLanguage\":\"es\",\"@id\":\"https:\\\/\\\/www.anaromanature.com\\\/#\\\/schema\\\/logo\\\/image\\\/\",\"url\":\"https:\\\/\\\/i2.wp.com\\\/www.anaromanature.com\\\/wp-content\\\/uploads\\\/2021\\\/02\\\/cropped-Logotipo-Anaroma-2.png?fit=290%2C288&ssl=1\",\"contentUrl\":\"https:\\\/\\\/i2.wp.com\\\/www.anaromanature.com\\\/wp-content\\\/uploads\\\/2021\\\/02\\\/cropped-Logotipo-Anaroma-2.png?fit=290%2C288&ssl=1\",\"width\":290,\"height\":288,\"caption\":\"Anaroma Nature\"},\"image\":{\"@id\":\"https:\\\/\\\/www.anaromanature.com\\\/#\\\/schema\\\/logo\\\/image\\\/\"},\"sameAs\":[\"http:\\\/\\\/facebook.com\\\/Anaroma-326324794814915\",\"http:\\\/\\\/instagram.com\\\/anaromanature\"]}]}<\/script>\n<!-- \/ Yoast SEO plugin. -->","yoast_head_json":{"title":"T\u00f3nico Facial Reafirmante con Cannabis Org\u00e1nico ECOLATIER\u00ae - Anaroma Nature","description":"T\u00f3nico Facial Reafirmante con Cannabis Org\u00e1nico ECOLATIER\u00ae Cuidado Natural y Compromiso Sostenible Ser ECOLATIER\u00ae es apostar por la sostenibilidad y el","robots":{"index":"index","follow":"follow","max-snippet":"max-snippet:-1","max-image-preview":"max-image-preview:large","max-video-preview":"max-video-preview:-1"},"canonical":"https:\/\/www.anaromanature.com\/index.php\/producto\/tonico-facial-reafirmante-con-cannabis-organico-ecolatier\/","og_locale":"es_ES","og_type":"article","og_title":"T\u00f3nico Facial Reafirmante con Cannabis Org\u00e1nico ECOLATIER\u00ae - Anaroma Nature","og_description":"T\u00f3nico Facial Reafirmante con Cannabis Org\u00e1nico ECOLATIER\u00ae Cuidado Natural y Compromiso Sostenible Ser ECOLATIER\u00ae es apostar por la sostenibilidad y el","og_url":"https:\/\/www.anaromanature.com\/index.php\/producto\/tonico-facial-reafirmante-con-cannabis-organico-ecolatier\/","og_site_name":"Anaroma Nature","article_publisher":"http:\/\/facebook.com\/Anaroma-326324794814915","article_modified_time":"2025-04-15T06:50:22+00:00","og_image":[{"width":2000,"height":2000,"url":"https:\/\/www.anaromanature.com\/wp-content\/uploads\/2025\/04\/Tonico-Facial-Reafirmante-con-Cannabis-Organico-ECOLATIER.webp","type":"image\/webp"}],"twitter_card":"summary_large_image","twitter_misc":{"Tiempo de lectura":"1 minuto"},"schema":{"@context":"https:\/\/schema.org","@graph":[{"@type":"WebPage","@id":"https:\/\/www.anaromanature.com\/index.php\/producto\/tonico-facial-reafirmante-con-cannabis-organico-ecolatier\/","url":"https:\/\/www.anaromanature.com\/index.php\/producto\/tonico-facial-reafirmante-con-cannabis-organico-ecolatier\/","name":"T\u00f3nico Facial Reafirmante con Cannabis Org\u00e1nico ECOLATIER\u00ae - Anaroma Nature","isPartOf":{"@id":"https:\/\/www.anaromanature.com\/#website"},"primaryImageOfPage":{"@id":"https:\/\/www.anaromanature.com\/index.php\/producto\/tonico-facial-reafirmante-con-cannabis-organico-ecolatier\/#primaryimage"},"image":{"@id":"https:\/\/www.anaromanature.com\/index.php\/producto\/tonico-facial-reafirmante-con-cannabis-organico-ecolatier\/#primaryimage"},"thumbnailUrl":"https:\/\/www.anaromanature.com\/wp-content\/uploads\/2025\/04\/Tonico-Facial-Reafirmante-con-Cannabis-Organico-ECOLATIER.webp","datePublished":"2025-04-15T06:33:58+00:00","dateModified":"2025-04-15T06:50:22+00:00","description":"T\u00f3nico Facial Reafirmante con Cannabis Org\u00e1nico ECOLATIER\u00ae Cuidado Natural y Compromiso Sostenible Ser ECOLATIER\u00ae es apostar por la sostenibilidad y el","breadcrumb":{"@id":"https:\/\/www.anaromanature.com\/index.php\/producto\/tonico-facial-reafirmante-con-cannabis-organico-ecolatier\/#breadcrumb"},"inLanguage":"es","potentialAction":[{"@type":"ReadAction","target":["https:\/\/www.anaromanature.com\/index.php\/producto\/tonico-facial-reafirmante-con-cannabis-organico-ecolatier\/"]}]},{"@type":"ImageObject","inLanguage":"es","@id":"https:\/\/www.anaromanature.com\/index.php\/producto\/tonico-facial-reafirmante-con-cannabis-organico-ecolatier\/#primaryimage","url":"https:\/\/www.anaromanature.com\/wp-content\/uploads\/2025\/04\/Tonico-Facial-Reafirmante-con-Cannabis-Organico-ECOLATIER.webp","contentUrl":"https:\/\/www.anaromanature.com\/wp-content\/uploads\/2025\/04\/Tonico-Facial-Reafirmante-con-Cannabis-Organico-ECOLATIER.webp","width":2000,"height":2000,"caption":"T\u00f3nico Facial Reafirmante con Cannabis Org\u00e1nico ECOLATIER"},{"@type":"BreadcrumbList","@id":"https:\/\/www.anaromanature.com\/index.php\/producto\/tonico-facial-reafirmante-con-cannabis-organico-ecolatier\/#breadcrumb","itemListElement":[{"@type":"ListItem","position":1,"name":"Portada","item":"https:\/\/www.anaromanature.com\/"},{"@type":"ListItem","position":2,"name":"Tienda","item":"https:\/\/www.anaromanature.com\/index.php\/tienda-premium-online-anarome-nature\/"},{"@type":"ListItem","position":3,"name":"T\u00f3nico Facial Reafirmante con Cannabis Org\u00e1nico ECOLATIER\u00ae"}]},{"@type":"WebSite","@id":"https:\/\/www.anaromanature.com\/#website","url":"https:\/\/www.anaromanature.com\/","name":"Anaroma Nature","description":"Aromas y color","publisher":{"@id":"https:\/\/www.anaromanature.com\/#organization"},"potentialAction":[{"@type":"SearchAction","target":{"@type":"EntryPoint","urlTemplate":"https:\/\/www.anaromanature.com\/?s={search_term_string}"},"query-input":{"@type":"PropertyValueSpecification","valueRequired":true,"valueName":"search_term_string"}}],"inLanguage":"es"},{"@type":"Organization","@id":"https:\/\/www.anaromanature.com\/#organization","name":"Anaroma Nature","url":"https:\/\/www.anaromanature.com\/","logo":{"@type":"ImageObject","inLanguage":"es","@id":"https:\/\/www.anaromanature.com\/#\/schema\/logo\/image\/","url":"https:\/\/i2.wp.com\/www.anaromanature.com\/wp-content\/uploads\/2021\/02\/cropped-Logotipo-Anaroma-2.png?fit=290%2C288&ssl=1","contentUrl":"https:\/\/i2.wp.com\/www.anaromanature.com\/wp-content\/uploads\/2021\/02\/cropped-Logotipo-Anaroma-2.png?fit=290%2C288&ssl=1","width":290,"height":288,"caption":"Anaroma Nature"},"image":{"@id":"https:\/\/www.anaromanature.com\/#\/schema\/logo\/image\/"},"sameAs":["http:\/\/facebook.com\/Anaroma-326324794814915","http:\/\/instagram.com\/anaromanature"]}]}},"_links":{"self":[{"href":"https:\/\/www.anaromanature.com\/index.php\/wp-json\/wp\/v2\/product\/6932","targetHints":{"allow":["GET"]}}],"collection":[{"href":"https:\/\/www.anaromanature.com\/index.php\/wp-json\/wp\/v2\/product"}],"about":[{"href":"https:\/\/www.anaromanature.com\/index.php\/wp-json\/wp\/v2\/types\/product"}],"replies":[{"embeddable":true,"href":"https:\/\/www.anaromanature.com\/index.php\/wp-json\/wp\/v2\/comments?post=6932"}],"wp:featuredmedia":[{"embeddable":true,"href":"https:\/\/www.anaromanature.com\/index.php\/wp-json\/wp\/v2\/media\/6933"}],"wp:attachment":[{"href":"https:\/\/www.anaromanature.com\/index.php\/wp-json\/wp\/v2\/media?parent=6932"}],"wp:term":[{"taxonomy":"product_brand","embeddable":true,"href":"https:\/\/www.anaromanature.com\/index.php\/wp-json\/wp\/v2\/product_brand?post=6932"},{"taxonomy":"product_cat","embeddable":true,"href":"https:\/\/www.anaromanature.com\/index.php\/wp-json\/wp\/v2\/product_cat?post=6932"},{"taxonomy":"product_tag","embeddable":true,"href":"https:\/\/www.anaromanature.com\/index.php\/wp-json\/wp\/v2\/product_tag?post=6932"}],"curies":[{"name":"wp","href":"https:\/\/api.w.org\/{rel}","templated":true}]}}